



{"id":452,"date":"2017-02-09T13:17:54","date_gmt":"2017-02-09T12:17:54","guid":{"rendered":"http:\/\/www.4h.se\/vaxjo\/?page_id=452"},"modified":"2024-08-28T11:26:06","modified_gmt":"2024-08-28T09:26:06","slug":"4h","status":"publish","type":"page","link":"https:\/\/www.4h.se\/vaxjo\/4h\/","title":{"rendered":"4H"},"content":{"rendered":"<div class=\"wpb-content-wrapper\"><p>[vc_row][vc_column][vc_column_text css=&#8221;&#8221;]<\/p>\n<h1 style=\"text-align: center; font-size: clamp(4rem, 4vw, 20rem); overflow-wrap: break-word;\"><span style=\"color: #f1a41e;\">4H<\/span><\/h1>\n<p>[\/vc_column_text][\/vc_column][\/vc_row][vc_row][vc_column][vc_column_text css=&#8221;&#8221;]<\/p>\n<h4 style=\"font-size: clamp(2rem, 2.5vw, 10rem); overflow-wrap: break-word; text-align: left;\"><span style=\"color: #82c381;\">Om 4H<\/span><\/h4>\n<h3><strong><span style=\"color: #000000;\">4H- D\u00e4r unga v\u00e4xer<\/span><\/strong><\/h3>\n<p><span class=\"ui-provider ed bhi bdo ccf ccg cch cci ccj cck ccl ccm ccn cco ccp ccq ccr ccs cct ccu ccv ccw ccx ccy ccz cda cdb cdc cdd cde cdf cdg cdh cdi cdj cdk\" dir=\"ltr\">Vi \u00e4r en plattform d\u00e4r barn och unga v\u00e4xer genom att bygga sin egen fritid!<\/span><\/p>\n<p>4H finns p\u00e5 ett hundratal platser i Sverige och samlar \u00f6ver 10 000 aktiva medlemmar ut\u00f6ver v\u00e5r \u00f6ppna verksamhet med 2,5 miljoner bes\u00f6k varje \u00e5r. 4H \u00e4r en internationell barn- och ungdomsorganisation som finns i \u00f6ver 70 l\u00e4nder. Vi \u00e4r partipolitiskt och religi\u00f6st obundna med \u00f6ver sju miljoner medlemmar v\u00e4rlden \u00f6ver.<\/p>\n<p><span class=\"ui-provider ed bhi bdo ccf ccg cch cci ccj cck ccl ccm ccn cco ccp ccq ccr ccs cct ccu ccv ccw ccx ccy ccz cda cdb cdc cdd cde cdf cdg cdh cdi cdj cdk\" dir=\"ltr\">Genom 4H:s motto \u201dL\u00e4ra genom att g\u00f6ra\u201d f\u00e5r unga bygga sin egen fritidsverksamhet p\u00e5 ett lekfullt och utvecklande s\u00e4tt.<\/span><\/p>\n<p>&nbsp;<\/p>\n<h3><strong><span style=\"color: #000000;\">4H:s vision<\/span><\/strong><\/h3>\n<p><strong><em>4H:s vision \u00e4r att alla barn och ungdomar ska utvecklas till engagerade, v\u00e4lm\u00e5ende och ansvarstagande m\u00e4nniskor med respekt f\u00f6r omv\u00e4rlden.<\/em><\/strong><\/p>\n<h4><\/h4>\n<p><span class=\"TextRun SCXW263261027 BCX0\" lang=\"SV-SE\" xml:lang=\"SV-SE\" data-contrast=\"auto\"><span class=\"NormalTextRun SCXW263261027 BCX0\">Vi \u00e4r en organisation av unga f\u00f6r unga. Genom att barn och unga p\u00e5verkar\u00a0<\/span><span class=\"NormalTextRun ContextualSpellingAndGrammarErrorV2Themed SCXW263261027 BCX0\">sin egen fritid<\/span><span class=\"NormalTextRun SCXW263261027 BCX0\">\u00a0utvecklas de till sin fulla potential utefter sina egna f\u00f6ruts\u00e4ttningar.<\/span><\/span><\/p>\n<p><span class=\"TextRun SCXW263261027 BCX0\" lang=\"SV-SE\" xml:lang=\"SV-SE\" data-contrast=\"auto\"><span class=\"NormalTextRun SCXW263261027 BCX0\">4H erbjuder en trygg milj\u00f6 d\u00e4r barn och unga utvecklas genom att ta ansvar. I 4H ska barn och unga kunna delta i och l\u00e4ra sig om demokratiska processer.<\/span><\/span><\/p>\n<p><span class=\"TextRun SCXW263261027 BCX0\" lang=\"SV-SE\" xml:lang=\"SV-SE\" data-contrast=\"auto\"><span class=\"NormalTextRun SCXW263261027 BCX0\">V\u00e5ra ledare ska vara goda f\u00f6rebilder och organisationen ska genomsyras av en inkluderande och stark gemenskap och tillit. Genom v\u00e5r verksamhet och v\u00e5ra medlemmars engagemang bidrar 4H till en b\u00e4ttre v\u00e4rld.<\/span><\/span><span class=\"EOP SCXW263261027 BCX0\" data-ccp-props=\"{&quot;201341983&quot;:0,&quot;335551550&quot;:0,&quot;335551620&quot;:0,&quot;335559739&quot;:160,&quot;335559740&quot;:279}\">\u00a0<\/span><\/p>\n<p>&nbsp;<\/p>\n<h3><strong><span style=\"color: #000000;\">Vad stor 4H f\u00f6r?<\/span><\/strong><\/h3>\n<p><em><strong><span class=\"ui-provider ed bhi bdo ccf ccg cch cci ccj cck ccl ccm ccn cco ccp ccq ccr ccs cct ccu ccv ccw ccx ccy ccz cda cdb cdc cdd cde cdf cdg cdh cdi cdj cdk\" dir=\"ltr\">V\u00e5ra v\u00e4rderingar symboliseras av de 4 H:na, Huvud, Hj\u00e4rta, Hand och H\u00e4lsa.<\/span><\/strong><\/em><\/p>\n<p><span class=\"TextRun SCXW52079334 BCX0\" lang=\"SV-SE\" xml:lang=\"SV-SE\" data-contrast=\"auto\"><span class=\"NormalTextRun SCXW52079334 BCX0\"><strong>Huvudets H<\/strong>\u00a0f\u00f6r l\u00e4rande och kunskap om v\u00e5r omv\u00e4rld, naturen samt dess resurser.\u00a0<\/span><\/span><span class=\"LineBreakBlob BlobObject DragDrop SCXW52079334 BCX0\"><span class=\"SCXW52079334 BCX0\">\u00a0<\/span><br class=\"SCXW52079334 BCX0\" \/><\/span><span class=\"TextRun SCXW52079334 BCX0\" lang=\"SV-SE\" xml:lang=\"SV-SE\" data-contrast=\"auto\"><span class=\"NormalTextRun SCXW52079334 BCX0\"><strong>Hj\u00e4rtats H<\/strong>\u00a0f\u00f6r medk\u00e4nsla och respekt f\u00f6r s\u00e5v\u00e4l andra m\u00e4nniskor som djur och natur.\u00a0<\/span><\/span><span class=\"LineBreakBlob BlobObject DragDrop SCXW52079334 BCX0\"><span class=\"SCXW52079334 BCX0\">\u00a0<\/span><br class=\"SCXW52079334 BCX0\" \/><\/span><span class=\"TextRun SCXW52079334 BCX0\" lang=\"SV-SE\" xml:lang=\"SV-SE\" data-contrast=\"auto\"><span class=\"NormalTextRun SCXW52079334 BCX0\"><strong>Handens H<\/strong>\u00a0f\u00f6r utveckling av f\u00e4rdigheter genom praktiska \u00f6vningar och upplevelser.<br \/>\n<strong>H\u00e4lsans H<\/strong>\u00a0f\u00f6r ett sunt levnadss\u00e4tt genom god kost och aktiv fritid i ett tryggt umg\u00e4nge.<\/span><\/span><span class=\"EOP SCXW52079334 BCX0\" data-ccp-props=\"{&quot;201341983&quot;:0,&quot;335551550&quot;:0,&quot;335551620&quot;:0,&quot;335559739&quot;:160,&quot;335559740&quot;:279}\">\u00a0<\/span><\/p>\n<p>&nbsp;<\/p>\n<h3><strong><span style=\"color: #000000;\">4H:s v\u00e4rdegrund: 4H-andan<\/span><\/strong><\/h3>\n<p><em><strong>4H-andan beskriver hur vi \u00e4r mot varandra och oss sj\u00e4lva i 4H. Alla 4H:are g\u00f6r alltid sitt b\u00e4sta f\u00f6r att f\u00f6lja 4H-andan. Vi hj\u00e4lper ocks\u00e5 varandra att f\u00f6lja 4H-andan.\u00a0<\/strong><\/em><\/p>\n<p><span data-contrast=\"auto\"><strong>Huvudets H:<\/strong>\u00a0En 4H:are s\u00f6ker kunskap om sin omv\u00e4rld. En 4H:are har och ger andra 4H:are inflytande \u00f6ver 4H-verksamheten.\u00a0<\/span><span data-ccp-props=\"{&quot;201341983&quot;:0,&quot;335551550&quot;:0,&quot;335551620&quot;:0,&quot;335559739&quot;:160,&quot;335559740&quot;:279}\">\u00a0<\/span><\/p>\n<p><span data-contrast=\"auto\"><strong>Hja\u0308rtats H:<\/strong>\u00a0En 4H:are visar medka\u0308nsla och respekt fo\u0308r sa\u030ava\u0308l andra ma\u0308nniskor som djur och natur. En 4H:are bidrar till att alla k\u00e4nner sig v\u00e4lkomna i 4H.\u00a0<\/span><span data-ccp-props=\"{&quot;201341983&quot;:0,&quot;335551550&quot;:0,&quot;335551620&quot;:0,&quot;335559739&quot;:160,&quot;335559740&quot;:279}\">\u00a0<\/span><\/p>\n<p><span data-contrast=\"auto\"><strong>Handens H:<\/strong>\u00a0En 4H:are utvecklar fa\u0308rdigheter genom praktiska o\u0308vningar och upplevelser. En 4H:are va\u030agar prova nya saker genom mottot \u201cla\u0308ra genom att go\u0308ra\u201d.<\/span><span data-ccp-props=\"{&quot;201341983&quot;:0,&quot;335551550&quot;:0,&quot;335551620&quot;:0,&quot;335559739&quot;:160,&quot;335559740&quot;:279}\">\u00a0<\/span><\/p>\n<p><span data-contrast=\"auto\"><strong>Ha\u0308lsans H:<\/strong>\u00a0En 4H:are har ett sunt levnadssa\u0308tt genom god kost och aktiv fritid i ett tryggt umga\u0308nge. En 4H:are v\u00e4rnar om sitt eget och andras psykiska v\u00e4lm\u00e5ende.<\/span><span data-ccp-props=\"{&quot;201341983&quot;:0,&quot;335551550&quot;:0,&quot;335551620&quot;:0,&quot;335559739&quot;:160,&quot;335559740&quot;:279}\">\u00a0<\/span>[\/vc_column_text][\/vc_column][\/vc_row]<\/p>\n<\/div>","protected":false},"excerpt":{"rendered":"<p>[vc_row][vc_column][vc_column_text css=&#8221;&#8221;] 4H [\/vc_column_text][\/vc_column][\/vc_row][vc_row][vc_column][vc_column_text css=&#8221;&#8221;] Om 4H 4H- D\u00e4r unga v\u00e4xer Vi \u00e4r en plattform d\u00e4r barn och unga v\u00e4xer genom att bygga sin egen fritid! 4H finns p\u00e5 ett hundratal platser i Sverige och samlar \u00f6ver 10 000 aktiva medlemmar ut\u00f6ver v\u00e5r \u00f6ppna verksamhet med 2,5 miljoner bes\u00f6k varje \u00e5r. 4H \u00e4r en internationell&nbsp; <a href=\"https:\/\/www.4h.se\/vaxjo\/4h\/\">&hellip; Read more <i class=\"glyphicon glyphicon-arrow-right\"><\/i><\/a><\/p>\n","protected":false},"author":85,"featured_media":0,"parent":0,"menu_order":2,"comment_status":"closed","ping_status":"closed","template":"","meta":{"footnotes":""},"class_list":["post-452","page","type-page","status-publish","hentry"],"yoast_head":"<!-- This site is optimized with the Yoast SEO plugin v27.4 - https:\/\/yoast.com\/product\/yoast-seo-wordpress\/ -->\n<title>4H - V\u00e4xj\u00f6 4H-g\u00e5rd<\/title>\n<meta name=\"robots\" content=\"index, follow, max-snippet:-1, max-image-preview:large, max-video-preview:-1\" \/>\n<link rel=\"canonical\" href=\"https:\/\/www.4h.se\/vaxjo\/4h\/\" \/>\n<meta property=\"og:locale\" content=\"sv_SE\" \/>\n<meta property=\"og:type\" content=\"article\" \/>\n<meta property=\"og:title\" content=\"4H - V\u00e4xj\u00f6 4H-g\u00e5rd\" \/>\n<meta property=\"og:description\" content=\"[vc_row][vc_column][vc_column_text css=&#8221;&#8221;] 4H [\/vc_column_text][\/vc_column][\/vc_row][vc_row][vc_column][vc_column_text css=&#8221;&#8221;] Om 4H 4H- D\u00e4r unga v\u00e4xer Vi \u00e4r en plattform d\u00e4r barn och unga v\u00e4xer genom att bygga sin egen fritid! 4H finns p\u00e5 ett hundratal platser i Sverige och samlar \u00f6ver 10 000 aktiva medlemmar ut\u00f6ver v\u00e5r \u00f6ppna verksamhet med 2,5 miljoner bes\u00f6k varje \u00e5r. 4H \u00e4r en internationell&nbsp; &hellip; Read more\" \/>\n<meta property=\"og:url\" content=\"https:\/\/www.4h.se\/vaxjo\/4h\/\" \/>\n<meta property=\"og:site_name\" content=\"V\u00e4xj\u00f6 4H-g\u00e5rd\" \/>\n<meta property=\"article:modified_time\" content=\"2024-08-28T09:26:06+00:00\" \/>\n<meta name=\"twitter:card\" content=\"summary_large_image\" \/>\n<meta name=\"twitter:label1\" content=\"Ber\u00e4knad l\u00e4stid\" \/>\n\t<meta name=\"twitter:data1\" content=\"3 minuter\" \/>\n<script type=\"application\/ld+json\" class=\"yoast-schema-graph\">{\"@context\":\"https:\\\/\\\/schema.org\",\"@graph\":[{\"@type\":\"WebPage\",\"@id\":\"https:\\\/\\\/www.4h.se\\\/vaxjo\\\/4h\\\/\",\"url\":\"https:\\\/\\\/www.4h.se\\\/vaxjo\\\/4h\\\/\",\"name\":\"4H - V\u00e4xj\u00f6 4H-g\u00e5rd\",\"isPartOf\":{\"@id\":\"https:\\\/\\\/www.4h.se\\\/vaxjo\\\/#website\"},\"datePublished\":\"2017-02-09T12:17:54+00:00\",\"dateModified\":\"2024-08-28T09:26:06+00:00\",\"breadcrumb\":{\"@id\":\"https:\\\/\\\/www.4h.se\\\/vaxjo\\\/4h\\\/#breadcrumb\"},\"inLanguage\":\"sv-SE\",\"potentialAction\":[{\"@type\":\"ReadAction\",\"target\":[\"https:\\\/\\\/www.4h.se\\\/vaxjo\\\/4h\\\/\"]}]},{\"@type\":\"BreadcrumbList\",\"@id\":\"https:\\\/\\\/www.4h.se\\\/vaxjo\\\/4h\\\/#breadcrumb\",\"itemListElement\":[{\"@type\":\"ListItem\",\"position\":1,\"name\":\"Hem\",\"item\":\"https:\\\/\\\/www.4h.se\\\/vaxjo\\\/\"},{\"@type\":\"ListItem\",\"position\":2,\"name\":\"4H\"}]},{\"@type\":\"WebSite\",\"@id\":\"https:\\\/\\\/www.4h.se\\\/vaxjo\\\/#website\",\"url\":\"https:\\\/\\\/www.4h.se\\\/vaxjo\\\/\",\"name\":\"V\u00e4xj\u00f6 4H-g\u00e5rd\",\"description\":\"L\u00e4ra genom att g\u00f6ra\",\"potentialAction\":[{\"@type\":\"SearchAction\",\"target\":{\"@type\":\"EntryPoint\",\"urlTemplate\":\"https:\\\/\\\/www.4h.se\\\/vaxjo\\\/?s={search_term_string}\"},\"query-input\":{\"@type\":\"PropertyValueSpecification\",\"valueRequired\":true,\"valueName\":\"search_term_string\"}}],\"inLanguage\":\"sv-SE\"}]}<\/script>\n<!-- \/ Yoast SEO plugin. -->","yoast_head_json":{"title":"4H - V\u00e4xj\u00f6 4H-g\u00e5rd","robots":{"index":"index","follow":"follow","max-snippet":"max-snippet:-1","max-image-preview":"max-image-preview:large","max-video-preview":"max-video-preview:-1"},"canonical":"https:\/\/www.4h.se\/vaxjo\/4h\/","og_locale":"sv_SE","og_type":"article","og_title":"4H - V\u00e4xj\u00f6 4H-g\u00e5rd","og_description":"[vc_row][vc_column][vc_column_text css=&#8221;&#8221;] 4H [\/vc_column_text][\/vc_column][\/vc_row][vc_row][vc_column][vc_column_text css=&#8221;&#8221;] Om 4H 4H- D\u00e4r unga v\u00e4xer Vi \u00e4r en plattform d\u00e4r barn och unga v\u00e4xer genom att bygga sin egen fritid! 4H finns p\u00e5 ett hundratal platser i Sverige och samlar \u00f6ver 10 000 aktiva medlemmar ut\u00f6ver v\u00e5r \u00f6ppna verksamhet med 2,5 miljoner bes\u00f6k varje \u00e5r. 4H \u00e4r en internationell&nbsp; &hellip; Read more","og_url":"https:\/\/www.4h.se\/vaxjo\/4h\/","og_site_name":"V\u00e4xj\u00f6 4H-g\u00e5rd","article_modified_time":"2024-08-28T09:26:06+00:00","twitter_card":"summary_large_image","twitter_misc":{"Ber\u00e4knad l\u00e4stid":"3 minuter"},"schema":{"@context":"https:\/\/schema.org","@graph":[{"@type":"WebPage","@id":"https:\/\/www.4h.se\/vaxjo\/4h\/","url":"https:\/\/www.4h.se\/vaxjo\/4h\/","name":"4H - V\u00e4xj\u00f6 4H-g\u00e5rd","isPartOf":{"@id":"https:\/\/www.4h.se\/vaxjo\/#website"},"datePublished":"2017-02-09T12:17:54+00:00","dateModified":"2024-08-28T09:26:06+00:00","breadcrumb":{"@id":"https:\/\/www.4h.se\/vaxjo\/4h\/#breadcrumb"},"inLanguage":"sv-SE","potentialAction":[{"@type":"ReadAction","target":["https:\/\/www.4h.se\/vaxjo\/4h\/"]}]},{"@type":"BreadcrumbList","@id":"https:\/\/www.4h.se\/vaxjo\/4h\/#breadcrumb","itemListElement":[{"@type":"ListItem","position":1,"name":"Hem","item":"https:\/\/www.4h.se\/vaxjo\/"},{"@type":"ListItem","position":2,"name":"4H"}]},{"@type":"WebSite","@id":"https:\/\/www.4h.se\/vaxjo\/#website","url":"https:\/\/www.4h.se\/vaxjo\/","name":"V\u00e4xj\u00f6 4H-g\u00e5rd","description":"L\u00e4ra genom att g\u00f6ra","potentialAction":[{"@type":"SearchAction","target":{"@type":"EntryPoint","urlTemplate":"https:\/\/www.4h.se\/vaxjo\/?s={search_term_string}"},"query-input":{"@type":"PropertyValueSpecification","valueRequired":true,"valueName":"search_term_string"}}],"inLanguage":"sv-SE"}]}},"_links":{"self":[{"href":"https:\/\/www.4h.se\/vaxjo\/wp-json\/wp\/v2\/pages\/452","targetHints":{"allow":["GET"]}}],"collection":[{"href":"https:\/\/www.4h.se\/vaxjo\/wp-json\/wp\/v2\/pages"}],"about":[{"href":"https:\/\/www.4h.se\/vaxjo\/wp-json\/wp\/v2\/types\/page"}],"author":[{"embeddable":true,"href":"https:\/\/www.4h.se\/vaxjo\/wp-json\/wp\/v2\/users\/85"}],"replies":[{"embeddable":true,"href":"https:\/\/www.4h.se\/vaxjo\/wp-json\/wp\/v2\/comments?post=452"}],"version-history":[{"count":0,"href":"https:\/\/www.4h.se\/vaxjo\/wp-json\/wp\/v2\/pages\/452\/revisions"}],"wp:attachment":[{"href":"https:\/\/www.4h.se\/vaxjo\/wp-json\/wp\/v2\/media?parent=452"}],"curies":[{"name":"wp","href":"https:\/\/api.w.org\/{rel}","templated":true}]}}