



{"id":428,"date":"2021-04-20T17:26:44","date_gmt":"2021-04-20T15:26:44","guid":{"rendered":"http:\/\/www.4h.se\/vastragotaland\/?page_id=428"},"modified":"2021-12-28T15:16:48","modified_gmt":"2021-12-28T14:16:48","slug":"for-medlemmar","status":"publish","type":"page","link":"https:\/\/www.4h.se\/vastragotaland\/for-medlemmar\/","title":{"rendered":"F\u00f6r medlemmar"},"content":{"rendered":"<div class=\"wpb-content-wrapper\"><p>[vc_row][vc_column][vc_column_text]<\/p>\n<h4><strong>Dokument\u00a0<\/strong><\/h4>\n<p><a href=\"https:\/\/www.4h.se\/vastragotaland\/wp-content\/uploads\/sites\/125\/2021\/04\/Reseers\u00e4ttningsblankett.pdf\">Reseers\u00e4ttningsblankett<\/a><br \/>\nFylls i och skickas till:<br \/>\nV\u00e4stra G\u00f6talands\u00a04H, \u00c5sv\u00e4gen 45, 50741 Bor\u00e5s<br \/>\neller vastragotaland@4h.se<\/p>\n<p>F\u00f6r villkor se v\u00e5r\u00a0<a href=\"https:\/\/www.4h.se\/vastragotaland\/wp-content\/uploads\/sites\/125\/2021\/04\/Reseers\u00e4ttningspolicy.pdf\">Reseers\u00e4ttningspolicy<\/a>[\/vc_column_text][vc_column_text]Till dig som anordnar en aktivitet:<br \/>\nL\u00e4gerfonden:<br \/>\n\u00c4lvsborgs 4H har en l\u00e4gerfond, d\u00e4r medlemmar kan s\u00f6ka medel f\u00f6r exempelvis l\u00e4ger, resor, utbildning eller material. L\u00e4s riktlinjerna f\u00f6r att se mer information och hur du ans\u00f6ker<br \/>\n<a href=\"https:\/\/www.4h.se\/alvsborg\/wp-content\/uploads\/sites\/78\/2018\/01\/Lagerfonden_Riktlinjer_2012.pdf\">Lagerfonden_Riktlinjer_2012<\/a>[\/vc_column_text][vc_column_text]<\/p>\n<h4>Dokument inf\u00f6r klubbens \u00e5rsm\u00f6te<\/h4>\n<p>Senast den 10 mars ska alla 4H-klubbar h\u00e5lla sitt \u00e5rsm\u00f6te. Efter \u00e5rsm\u00f6tet ska underskrivna handlingar skickas till distriktet, vastragotland@4h.se.<br \/>\n<a href=\"https:\/\/www.4h.se\/vastragotaland\/wp-content\/uploads\/sites\/125\/2021\/04\/2022-Checklista-inf\u00f6r-under-och-efter-\u00e5rsm\u00f6te.pdf\">Checklista f\u00f6r \u00e5rsm\u00f6te<\/a><br \/>\n<a href=\"https:\/\/www.4h.se\/vastragotaland\/wp-content\/uploads\/sites\/125\/2021\/04\/Nya-stadgar-4H-2021-redigerbara.pdf\">Redigerbara Stadgar<\/a><br \/>\n<a href=\"https:\/\/www.4h.se\/vastragotaland\/wp-content\/uploads\/sites\/125\/2021\/04\/2022-Mall-f\u00f6r-\u00e5rsm\u00f6tesprotokoll.docx\">Mall f\u00f6r \u00e5rsm\u00f6tesprotokol<\/a>l<br \/>\n<a href=\"https:\/\/www.4h.se\/vastragotaland\/wp-content\/uploads\/sites\/125\/2021\/04\/2022-Konstituerande-m\u00f6te.docx\">Mall f\u00f6r Konstituerandem\u00f6tesprotokoll<\/a><br \/>\n<a href=\"https:\/\/www.4h.se\/vastragotaland\/wp-content\/uploads\/sites\/125\/2021\/04\/2022-F\u00f6rklaring-av-\u00e4rendelista-och-\u00e5rsm\u00f6tesprotokoll.pdf\">F\u00f6rklaring av \u00e4rendelista och \u00e5rsm\u00f6tesprotokoll<\/a>[\/vc_column_text][vc_column_text]<a href=\"https:\/\/www.4h.se\/vastragotaland\/wp-content\/uploads\/sites\/125\/2021\/04\/2021-04-17-St\u00e4mmoprotokoll-.pdf\">V\u00e4stra G\u00f6talands distriktsst\u00e4mmasprotokoll 20210417<\/a><\/p>\n<p><a href=\"https:\/\/www.4h.se\/alvsborg\/wp-content\/uploads\/sites\/78\/2018\/01\/Verksamhetsplan-2019-pdf.pdf\">Verksamhetsplan 2019 pdf<\/a><\/p>\n<p><a href=\"https:\/\/www.4h.se\/alvsborg\/wp-content\/uploads\/sites\/78\/2018\/01\/VP-2019-2022_layoutad.pdf\">VP-2019-2022_layoutad<\/a>[\/vc_column_text][\/vc_column][\/vc_row]<\/p>\n<\/div>","protected":false},"excerpt":{"rendered":"<p>[vc_row][vc_column][vc_column_text] Dokument\u00a0 Reseers\u00e4ttningsblankett Fylls i och skickas till: V\u00e4stra G\u00f6talands\u00a04H, \u00c5sv\u00e4gen 45, 50741 Bor\u00e5s eller vastragotaland@4h.se F\u00f6r villkor se v\u00e5r\u00a0Reseers\u00e4ttningspolicy[\/vc_column_text][vc_column_text]Till dig som anordnar en aktivitet: L\u00e4gerfonden: \u00c4lvsborgs 4H har en l\u00e4gerfond, d\u00e4r medlemmar kan s\u00f6ka medel f\u00f6r exempelvis l\u00e4ger, resor, utbildning eller material. L\u00e4s riktlinjerna f\u00f6r att se mer information och hur du ans\u00f6ker Lagerfonden_Riktlinjer_2012[\/vc_column_text][vc_column_text]&nbsp; <a href=\"https:\/\/www.4h.se\/vastragotaland\/for-medlemmar\/\">&hellip; Read more <i class=\"glyphicon glyphicon-arrow-right\"><\/i><\/a><\/p>\n","protected":false},"author":24,"featured_media":0,"parent":0,"menu_order":0,"comment_status":"closed","ping_status":"closed","template":"","meta":{"footnotes":""},"class_list":["post-428","page","type-page","status-publish","hentry"],"yoast_head":"<!-- This site is optimized with the Yoast SEO plugin v27.4 - https:\/\/yoast.com\/product\/yoast-seo-wordpress\/ -->\n<title>F\u00f6r medlemmar - 4H i V\u00e4stra G\u00f6taland<\/title>\n<meta name=\"robots\" content=\"index, follow, max-snippet:-1, max-image-preview:large, max-video-preview:-1\" \/>\n<link rel=\"canonical\" href=\"https:\/\/www.4h.se\/vastragotaland\/for-medlemmar\/\" \/>\n<meta property=\"og:locale\" content=\"sv_SE\" \/>\n<meta property=\"og:type\" content=\"article\" \/>\n<meta property=\"og:title\" content=\"F\u00f6r medlemmar - 4H i V\u00e4stra G\u00f6taland\" \/>\n<meta property=\"og:description\" content=\"[vc_row][vc_column][vc_column_text] Dokument\u00a0 Reseers\u00e4ttningsblankett Fylls i och skickas till: V\u00e4stra G\u00f6talands\u00a04H, \u00c5sv\u00e4gen 45, 50741 Bor\u00e5s eller vastragotaland@4h.se F\u00f6r villkor se v\u00e5r\u00a0Reseers\u00e4ttningspolicy[\/vc_column_text][vc_column_text]Till dig som anordnar en aktivitet: L\u00e4gerfonden: \u00c4lvsborgs 4H har en l\u00e4gerfond, d\u00e4r medlemmar kan s\u00f6ka medel f\u00f6r exempelvis l\u00e4ger, resor, utbildning eller material. L\u00e4s riktlinjerna f\u00f6r att se mer information och hur du ans\u00f6ker Lagerfonden_Riktlinjer_2012[\/vc_column_text][vc_column_text]&nbsp; &hellip; Read more\" \/>\n<meta property=\"og:url\" content=\"https:\/\/www.4h.se\/vastragotaland\/for-medlemmar\/\" \/>\n<meta property=\"og:site_name\" content=\"4H i V\u00e4stra G\u00f6taland\" \/>\n<meta property=\"article:modified_time\" content=\"2021-12-28T14:16:48+00:00\" \/>\n<meta name=\"twitter:card\" content=\"summary_large_image\" \/>\n<meta name=\"twitter:label1\" content=\"Ber\u00e4knad l\u00e4stid\" \/>\n\t<meta name=\"twitter:data1\" content=\"1 minut\" \/>\n<script type=\"application\/ld+json\" class=\"yoast-schema-graph\">{\"@context\":\"https:\\\/\\\/schema.org\",\"@graph\":[{\"@type\":\"WebPage\",\"@id\":\"https:\\\/\\\/www.4h.se\\\/vastragotaland\\\/for-medlemmar\\\/\",\"url\":\"https:\\\/\\\/www.4h.se\\\/vastragotaland\\\/for-medlemmar\\\/\",\"name\":\"F\u00f6r medlemmar - 4H i V\u00e4stra G\u00f6taland\",\"isPartOf\":{\"@id\":\"https:\\\/\\\/www.4h.se\\\/vastragotaland\\\/#website\"},\"datePublished\":\"2021-04-20T15:26:44+00:00\",\"dateModified\":\"2021-12-28T14:16:48+00:00\",\"breadcrumb\":{\"@id\":\"https:\\\/\\\/www.4h.se\\\/vastragotaland\\\/for-medlemmar\\\/#breadcrumb\"},\"inLanguage\":\"sv-SE\",\"potentialAction\":[{\"@type\":\"ReadAction\",\"target\":[\"https:\\\/\\\/www.4h.se\\\/vastragotaland\\\/for-medlemmar\\\/\"]}]},{\"@type\":\"BreadcrumbList\",\"@id\":\"https:\\\/\\\/www.4h.se\\\/vastragotaland\\\/for-medlemmar\\\/#breadcrumb\",\"itemListElement\":[{\"@type\":\"ListItem\",\"position\":1,\"name\":\"Hem\",\"item\":\"https:\\\/\\\/www.4h.se\\\/vastragotaland\\\/\"},{\"@type\":\"ListItem\",\"position\":2,\"name\":\"F\u00f6r medlemmar\"}]},{\"@type\":\"WebSite\",\"@id\":\"https:\\\/\\\/www.4h.se\\\/vastragotaland\\\/#website\",\"url\":\"https:\\\/\\\/www.4h.se\\\/vastragotaland\\\/\",\"name\":\"4H i V\u00e4stra G\u00f6taland\",\"description\":\"\",\"potentialAction\":[{\"@type\":\"SearchAction\",\"target\":{\"@type\":\"EntryPoint\",\"urlTemplate\":\"https:\\\/\\\/www.4h.se\\\/vastragotaland\\\/?s={search_term_string}\"},\"query-input\":{\"@type\":\"PropertyValueSpecification\",\"valueRequired\":true,\"valueName\":\"search_term_string\"}}],\"inLanguage\":\"sv-SE\"}]}<\/script>\n<!-- \/ Yoast SEO plugin. -->","yoast_head_json":{"title":"F\u00f6r medlemmar - 4H i V\u00e4stra G\u00f6taland","robots":{"index":"index","follow":"follow","max-snippet":"max-snippet:-1","max-image-preview":"max-image-preview:large","max-video-preview":"max-video-preview:-1"},"canonical":"https:\/\/www.4h.se\/vastragotaland\/for-medlemmar\/","og_locale":"sv_SE","og_type":"article","og_title":"F\u00f6r medlemmar - 4H i V\u00e4stra G\u00f6taland","og_description":"[vc_row][vc_column][vc_column_text] Dokument\u00a0 Reseers\u00e4ttningsblankett Fylls i och skickas till: V\u00e4stra G\u00f6talands\u00a04H, \u00c5sv\u00e4gen 45, 50741 Bor\u00e5s eller vastragotaland@4h.se F\u00f6r villkor se v\u00e5r\u00a0Reseers\u00e4ttningspolicy[\/vc_column_text][vc_column_text]Till dig som anordnar en aktivitet: L\u00e4gerfonden: \u00c4lvsborgs 4H har en l\u00e4gerfond, d\u00e4r medlemmar kan s\u00f6ka medel f\u00f6r exempelvis l\u00e4ger, resor, utbildning eller material. L\u00e4s riktlinjerna f\u00f6r att se mer information och hur du ans\u00f6ker Lagerfonden_Riktlinjer_2012[\/vc_column_text][vc_column_text]&nbsp; &hellip; Read more","og_url":"https:\/\/www.4h.se\/vastragotaland\/for-medlemmar\/","og_site_name":"4H i V\u00e4stra G\u00f6taland","article_modified_time":"2021-12-28T14:16:48+00:00","twitter_card":"summary_large_image","twitter_misc":{"Ber\u00e4knad l\u00e4stid":"1 minut"},"schema":{"@context":"https:\/\/schema.org","@graph":[{"@type":"WebPage","@id":"https:\/\/www.4h.se\/vastragotaland\/for-medlemmar\/","url":"https:\/\/www.4h.se\/vastragotaland\/for-medlemmar\/","name":"F\u00f6r medlemmar - 4H i V\u00e4stra G\u00f6taland","isPartOf":{"@id":"https:\/\/www.4h.se\/vastragotaland\/#website"},"datePublished":"2021-04-20T15:26:44+00:00","dateModified":"2021-12-28T14:16:48+00:00","breadcrumb":{"@id":"https:\/\/www.4h.se\/vastragotaland\/for-medlemmar\/#breadcrumb"},"inLanguage":"sv-SE","potentialAction":[{"@type":"ReadAction","target":["https:\/\/www.4h.se\/vastragotaland\/for-medlemmar\/"]}]},{"@type":"BreadcrumbList","@id":"https:\/\/www.4h.se\/vastragotaland\/for-medlemmar\/#breadcrumb","itemListElement":[{"@type":"ListItem","position":1,"name":"Hem","item":"https:\/\/www.4h.se\/vastragotaland\/"},{"@type":"ListItem","position":2,"name":"F\u00f6r medlemmar"}]},{"@type":"WebSite","@id":"https:\/\/www.4h.se\/vastragotaland\/#website","url":"https:\/\/www.4h.se\/vastragotaland\/","name":"4H i V\u00e4stra G\u00f6taland","description":"","potentialAction":[{"@type":"SearchAction","target":{"@type":"EntryPoint","urlTemplate":"https:\/\/www.4h.se\/vastragotaland\/?s={search_term_string}"},"query-input":{"@type":"PropertyValueSpecification","valueRequired":true,"valueName":"search_term_string"}}],"inLanguage":"sv-SE"}]}},"_links":{"self":[{"href":"https:\/\/www.4h.se\/vastragotaland\/wp-json\/wp\/v2\/pages\/428","targetHints":{"allow":["GET"]}}],"collection":[{"href":"https:\/\/www.4h.se\/vastragotaland\/wp-json\/wp\/v2\/pages"}],"about":[{"href":"https:\/\/www.4h.se\/vastragotaland\/wp-json\/wp\/v2\/types\/page"}],"author":[{"embeddable":true,"href":"https:\/\/www.4h.se\/vastragotaland\/wp-json\/wp\/v2\/users\/24"}],"replies":[{"embeddable":true,"href":"https:\/\/www.4h.se\/vastragotaland\/wp-json\/wp\/v2\/comments?post=428"}],"version-history":[{"count":0,"href":"https:\/\/www.4h.se\/vastragotaland\/wp-json\/wp\/v2\/pages\/428\/revisions"}],"wp:attachment":[{"href":"https:\/\/www.4h.se\/vastragotaland\/wp-json\/wp\/v2\/media?parent=428"}],"curies":[{"name":"wp","href":"https:\/\/api.w.org\/{rel}","templated":true}]}}