



{"id":291,"date":"2015-10-16T10:46:29","date_gmt":"2015-10-16T08:46:29","guid":{"rendered":"http:\/\/www.4h.se\/tuna\/?page_id=291"},"modified":"2021-11-24T16:16:00","modified_gmt":"2021-11-24T15:16:00","slug":"tuna-4h","status":"publish","type":"page","link":"https:\/\/www.4h.se\/tuna\/tuna-4h\/","title":{"rendered":"Tuna 4H"},"content":{"rendered":"<div class=\"wpb-content-wrapper\"><p>[vc_row][vc_column width=&#8221;1\/2&#8243;][vc_column_text]<\/p>\n<h1><strong>Om Tuna 4H<\/strong><\/h1>\n<p>4H har funnits i Tuna sedan 1954. Organisationen finns i hela Sverige och i ett 80-tal andra l\u00e4nder. Den \u00e4r partipolitiskt och religi\u00f6st obunden. H\u00e4r i Tuna har vi verksamhet f\u00f6r barn och ungdomar p\u00e5 orten. Vad vi g\u00f6r varierar ganska mycket.<\/p>\n<p>De yngsta kan vara med p\u00e5 barngymnastik d\u00e4r de grundmotoriska r\u00f6relserna st\u00e5r i fokus. Men lekar och hinderbanor f\u00e5r deltagarna r\u00f6ra p\u00e5 sig i olika former. Separat anm\u00e4lan kommer ut i samband att en ny termin startar.<\/p>\n<p>De \u00e4ldre skoleleverna kan haka p\u00e5 v\u00e5r \u00e5teruppstartade fritidsg\u00e5rd &#8221;Tuna trappan&#8221;. H\u00e4r f\u00e5r deltagarna m\u00f6jlighet att bara h\u00e4nga med sina kompisar samtidigt som de finns en m\u00e4ngd aktiviteter att underh\u00e5lla sig med. Ibland har vi specielle tr\u00e4ffar d\u00e4r vi g\u00f6r n\u00e5got extra som t.ex. pumpa carving, julmys, pingisturnering.<\/p>\n<p>De \u00e4ldre kan spela volleyboll.<\/p>\n<p>Om du gillar att tr\u00e4na s\u00e5 kan du anm\u00e4la dig till v\u00e5ra Tr\u00e4na n\u00e4ra-aktiviteter. P\u00e5 tisdagar kommer instrukt\u00f6rer fr\u00e5n Tr\u00e4na n\u00e4ra ut och h\u00e5ller i n\u00e5gon form av aktivitet. H\u00e5ll utskick efter vilken typ av aktivitet som erbjuds.<\/p>\n<p>En del aktiviteter \u00e5terkommer \u00e5rligen, som t.ex Familjefest, Valborgsm\u00e4ssofirande, Sportlovsaktiviteter och Sommarlovsaktiviteter samt Luciat\u00e5g. Sommarlovsaktiviteterna best\u00e5r bl.a. av Trolleriskola, Cirkusskola samt L\u00e4ger p\u00e5 l\u00e4ns- och riksniv\u00e5. Dessutom f\u00f6rs\u00f6ker vi ordna teaterbes\u00f6k n\u00e5gon g\u00e5ng per \u00e5r och mycket annat.<\/p>\n<p>Vi har tillg\u00e5ng till ett klubbrum i Bygdeg\u00e5rden. D\u00e4r och i \u00f6vriga delar av Bygdeg\u00e5rden har vi det mesta av v\u00e5r verksamhet.<\/p>\n<p>Alla som deltar i v\u00e5r verksamhet f\u00f6rv\u00e4ntas bli medlemmar, efter att man provat 3 ggr.\u00a0F\u00f6r mer information om medlemsavgiften l\u00e4s mer p\u00e5 <a href=\"https:\/\/www.4h.se\/tuna\/bli-medlem\/\">Bli medlem<\/a>.<\/p>\n<p>Vill man st\u00f6dja v\u00e5r verksamhet, kan man<\/p>\n<ul>\n<li>vara passiv medlem. (Samma avgift som ovan.)<\/li>\n<li>k\u00f6pa v\u00e5ra Bingo-Lotter och SverigeLotter som s\u00e4ljs vid Tuna Jour-Livs<\/li>\n<\/ul>\n<p>[\/vc_column_text][\/vc_column][vc_column width=&#8221;1\/2&#8243;][vc_column_text]<\/p>\n<h2>Styrelsen best\u00e5r av:<\/h2>\n<table width=\"298\">\n<tbody>\n<tr>\n<td>Klara Jonsson<\/td>\n<td>Ordf\u00f6rande<\/td>\n<\/tr>\n<tr>\n<td>Viktor Jonsson<\/td>\n<td>Kass\u00f6r<\/td>\n<td><\/td>\n<td><\/td>\n<\/tr>\n<tr>\n<td>Filip Eriksson<\/td>\n<td>Sekreterare<\/td>\n<td><\/td>\n<td><\/td>\n<\/tr>\n<tr>\n<td><\/td>\n<td><\/td>\n<td><\/td>\n<td><\/td>\n<\/tr>\n<tr>\n<td><\/td>\n<td><\/td>\n<td><\/td>\n<td><\/td>\n<\/tr>\n<tr>\n<td><\/td>\n<td><\/td>\n<td><\/td>\n<td><\/td>\n<\/tr>\n<tr>\n<td><\/td>\n<td><\/td>\n<td><\/td>\n<td><\/td>\n<\/tr>\n<tr>\n<td><\/td>\n<td><\/td>\n<td><\/td>\n<td><\/td>\n<\/tr>\n<tr>\n<td><\/td>\n<td><\/td>\n<td><\/td>\n<td><\/td>\n<\/tr>\n<\/tbody>\n<\/table>\n<p>&nbsp;<\/p>\n<p>Klubbledare: Klara Jonsson.<\/p>\n<p>Vi tar g\u00e4rna emot fr\u00e5gor och \u00e5sikter om klubbens verksamhet.<\/p>\n<p>Reviderad 190827[\/vc_column_text][\/vc_column][\/vc_row]<\/p>\n<\/div>","protected":false},"excerpt":{"rendered":"<p>[vc_row][vc_column width=&#8221;1\/2&#8243;][vc_column_text] Om Tuna 4H 4H har funnits i Tuna sedan 1954. Organisationen finns i hela Sverige och i ett 80-tal andra l\u00e4nder. Den \u00e4r partipolitiskt och religi\u00f6st obunden. H\u00e4r i Tuna har vi verksamhet f\u00f6r barn och ungdomar p\u00e5 orten. Vad vi g\u00f6r varierar ganska mycket. De yngsta kan vara med p\u00e5 barngymnastik d\u00e4r&nbsp; <a href=\"https:\/\/www.4h.se\/tuna\/tuna-4h\/\">&hellip; Read more <i class=\"glyphicon glyphicon-arrow-right\"><\/i><\/a><\/p>\n","protected":false},"author":1,"featured_media":0,"parent":0,"menu_order":0,"comment_status":"closed","ping_status":"closed","template":"","meta":{"_acf_changed":false,"footnotes":""},"class_list":["post-291","page","type-page","status-publish","hentry"],"acf":[],"yoast_head":"<!-- This site is optimized with the Yoast SEO plugin v27.5 - https:\/\/yoast.com\/product\/yoast-seo-wordpress\/ -->\n<title>Tuna 4H - Tuna 4H-klubb<\/title>\n<meta name=\"robots\" content=\"index, follow, max-snippet:-1, max-image-preview:large, max-video-preview:-1\" \/>\n<link rel=\"canonical\" href=\"https:\/\/www.4h.se\/tuna\/tuna-4h\/\" \/>\n<meta property=\"og:locale\" content=\"sv_SE\" \/>\n<meta property=\"og:type\" content=\"article\" \/>\n<meta property=\"og:title\" content=\"Tuna 4H - Tuna 4H-klubb\" \/>\n<meta property=\"og:description\" content=\"[vc_row][vc_column width=&#8221;1\/2&#8243;][vc_column_text] Om Tuna 4H 4H har funnits i Tuna sedan 1954. Organisationen finns i hela Sverige och i ett 80-tal andra l\u00e4nder. Den \u00e4r partipolitiskt och religi\u00f6st obunden. H\u00e4r i Tuna har vi verksamhet f\u00f6r barn och ungdomar p\u00e5 orten. Vad vi g\u00f6r varierar ganska mycket. De yngsta kan vara med p\u00e5 barngymnastik d\u00e4r&nbsp; &hellip; Read more\" \/>\n<meta property=\"og:url\" content=\"https:\/\/www.4h.se\/tuna\/tuna-4h\/\" \/>\n<meta property=\"og:site_name\" content=\"Tuna 4H-klubb\" \/>\n<meta property=\"article:modified_time\" content=\"2021-11-24T15:16:00+00:00\" \/>\n<meta name=\"twitter:card\" content=\"summary_large_image\" \/>\n<meta name=\"twitter:label1\" content=\"Ber\u00e4knad l\u00e4stid\" \/>\n\t<meta name=\"twitter:data1\" content=\"2 minuter\" \/>\n<script type=\"application\/ld+json\" class=\"yoast-schema-graph\">{\"@context\":\"https:\\\/\\\/schema.org\",\"@graph\":[{\"@type\":\"WebPage\",\"@id\":\"https:\\\/\\\/www.4h.se\\\/tuna\\\/tuna-4h\\\/\",\"url\":\"https:\\\/\\\/www.4h.se\\\/tuna\\\/tuna-4h\\\/\",\"name\":\"Tuna 4H - Tuna 4H-klubb\",\"isPartOf\":{\"@id\":\"https:\\\/\\\/www.4h.se\\\/tuna\\\/#website\"},\"datePublished\":\"2015-10-16T08:46:29+00:00\",\"dateModified\":\"2021-11-24T15:16:00+00:00\",\"breadcrumb\":{\"@id\":\"https:\\\/\\\/www.4h.se\\\/tuna\\\/tuna-4h\\\/#breadcrumb\"},\"inLanguage\":\"sv-SE\",\"potentialAction\":[{\"@type\":\"ReadAction\",\"target\":[\"https:\\\/\\\/www.4h.se\\\/tuna\\\/tuna-4h\\\/\"]}]},{\"@type\":\"BreadcrumbList\",\"@id\":\"https:\\\/\\\/www.4h.se\\\/tuna\\\/tuna-4h\\\/#breadcrumb\",\"itemListElement\":[{\"@type\":\"ListItem\",\"position\":1,\"name\":\"Hem\",\"item\":\"https:\\\/\\\/www.4h.se\\\/tuna\\\/\"},{\"@type\":\"ListItem\",\"position\":2,\"name\":\"Tuna 4H\"}]},{\"@type\":\"WebSite\",\"@id\":\"https:\\\/\\\/www.4h.se\\\/tuna\\\/#website\",\"url\":\"https:\\\/\\\/www.4h.se\\\/tuna\\\/\",\"name\":\"Tuna 4H-klubb\",\"description\":\"\",\"potentialAction\":[{\"@type\":\"SearchAction\",\"target\":{\"@type\":\"EntryPoint\",\"urlTemplate\":\"https:\\\/\\\/www.4h.se\\\/tuna\\\/?s={search_term_string}\"},\"query-input\":{\"@type\":\"PropertyValueSpecification\",\"valueRequired\":true,\"valueName\":\"search_term_string\"}}],\"inLanguage\":\"sv-SE\"}]}<\/script>\n<!-- \/ Yoast SEO plugin. -->","yoast_head_json":{"title":"Tuna 4H - Tuna 4H-klubb","robots":{"index":"index","follow":"follow","max-snippet":"max-snippet:-1","max-image-preview":"max-image-preview:large","max-video-preview":"max-video-preview:-1"},"canonical":"https:\/\/www.4h.se\/tuna\/tuna-4h\/","og_locale":"sv_SE","og_type":"article","og_title":"Tuna 4H - Tuna 4H-klubb","og_description":"[vc_row][vc_column width=&#8221;1\/2&#8243;][vc_column_text] Om Tuna 4H 4H har funnits i Tuna sedan 1954. Organisationen finns i hela Sverige och i ett 80-tal andra l\u00e4nder. Den \u00e4r partipolitiskt och religi\u00f6st obunden. H\u00e4r i Tuna har vi verksamhet f\u00f6r barn och ungdomar p\u00e5 orten. Vad vi g\u00f6r varierar ganska mycket. De yngsta kan vara med p\u00e5 barngymnastik d\u00e4r&nbsp; &hellip; Read more","og_url":"https:\/\/www.4h.se\/tuna\/tuna-4h\/","og_site_name":"Tuna 4H-klubb","article_modified_time":"2021-11-24T15:16:00+00:00","twitter_card":"summary_large_image","twitter_misc":{"Ber\u00e4knad l\u00e4stid":"2 minuter"},"schema":{"@context":"https:\/\/schema.org","@graph":[{"@type":"WebPage","@id":"https:\/\/www.4h.se\/tuna\/tuna-4h\/","url":"https:\/\/www.4h.se\/tuna\/tuna-4h\/","name":"Tuna 4H - Tuna 4H-klubb","isPartOf":{"@id":"https:\/\/www.4h.se\/tuna\/#website"},"datePublished":"2015-10-16T08:46:29+00:00","dateModified":"2021-11-24T15:16:00+00:00","breadcrumb":{"@id":"https:\/\/www.4h.se\/tuna\/tuna-4h\/#breadcrumb"},"inLanguage":"sv-SE","potentialAction":[{"@type":"ReadAction","target":["https:\/\/www.4h.se\/tuna\/tuna-4h\/"]}]},{"@type":"BreadcrumbList","@id":"https:\/\/www.4h.se\/tuna\/tuna-4h\/#breadcrumb","itemListElement":[{"@type":"ListItem","position":1,"name":"Hem","item":"https:\/\/www.4h.se\/tuna\/"},{"@type":"ListItem","position":2,"name":"Tuna 4H"}]},{"@type":"WebSite","@id":"https:\/\/www.4h.se\/tuna\/#website","url":"https:\/\/www.4h.se\/tuna\/","name":"Tuna 4H-klubb","description":"","potentialAction":[{"@type":"SearchAction","target":{"@type":"EntryPoint","urlTemplate":"https:\/\/www.4h.se\/tuna\/?s={search_term_string}"},"query-input":{"@type":"PropertyValueSpecification","valueRequired":true,"valueName":"search_term_string"}}],"inLanguage":"sv-SE"}]}},"_links":{"self":[{"href":"https:\/\/www.4h.se\/tuna\/wp-json\/wp\/v2\/pages\/291","targetHints":{"allow":["GET"]}}],"collection":[{"href":"https:\/\/www.4h.se\/tuna\/wp-json\/wp\/v2\/pages"}],"about":[{"href":"https:\/\/www.4h.se\/tuna\/wp-json\/wp\/v2\/types\/page"}],"author":[{"embeddable":true,"href":"https:\/\/www.4h.se\/tuna\/wp-json\/wp\/v2\/users\/1"}],"replies":[{"embeddable":true,"href":"https:\/\/www.4h.se\/tuna\/wp-json\/wp\/v2\/comments?post=291"}],"version-history":[{"count":0,"href":"https:\/\/www.4h.se\/tuna\/wp-json\/wp\/v2\/pages\/291\/revisions"}],"wp:attachment":[{"href":"https:\/\/www.4h.se\/tuna\/wp-json\/wp\/v2\/media?parent=291"}],"curies":[{"name":"wp","href":"https:\/\/api.w.org\/{rel}","templated":true}]}}