



{"id":423,"date":"2022-02-10T22:54:37","date_gmt":"2022-02-10T21:54:37","guid":{"rendered":"https:\/\/www.4h.se\/tolsered\/?page_id=423"},"modified":"2025-05-14T20:40:36","modified_gmt":"2025-05-14T18:40:36","slug":"barnkalas","status":"publish","type":"page","link":"https:\/\/www.4h.se\/tolsered\/barnkalas\/","title":{"rendered":"Barnkalas"},"content":{"rendered":"<div class=\"wpb-content-wrapper\"><p>[vc_row][vc_column][vc_column_text]<\/p>\n<div class=\"heading wordwrapfix\">\n<h1>Barnkalas<\/h1>\n<\/div>\n<p>[\/vc_column_text][\/vc_column][\/vc_row][vc_row][vc_column][vc_separator color=&#8221;green&#8221; border_width=&#8221;3&#8243;][\/vc_column][\/vc_row][vc_row][vc_column][vc_column_text css=&#8221;&#8221;]P\u00e5 Tolsered arrangerar vi barnkalas p\u00e5 l\u00f6rdagar samt s\u00f6ndagar. Under kalaset kommer en ledare ge er en rundvandring p\u00e5 g\u00e5rden d\u00e4r ni f\u00e5r f\u00f6lja med och h\u00e4lsa p\u00e5 alla djur och sedan f\u00e5r de som vill testa p\u00e5 att rida p\u00e5 n\u00e5gon av v\u00e5ra sn\u00e4lla ponnys. Tiden f\u00f6r kalaset \u00e4r 2 timmar och uppl\u00e4gget kan ni diskutera med er ledare p\u00e5 plats. Vanligtvis ser uppl\u00e4gget ut som f\u00f6ljande, n\u00e4r alla har kommit g\u00e5r barnen tillsammans med ledaren en rundvandring, sedan brukar det vara l\u00e4glig tid f\u00f6r mat\/fika, sedan ponnyridning och till sist fiskedamm om s\u00e5 \u00f6nskas.[\/vc_column_text][\/vc_column][\/vc_row][vc_row][vc_column width=&#8221;1\/2&#8243;][vc_column_text css=&#8221;&#8221;]<\/p>\n<div class=\"heading wordwrapfix\">\n<h3>Bokning<\/h3>\n<\/div>\n<div class=\"content\">\n<p>Bokning g\u00f6rs via v\u00e5r anm\u00e4lningsportal Antribe. H\u00e4r l\u00e4gger vi ut kommande lediga tider f\u00f6r kalas. N\u00e4r bokningen g\u00f6rs skickas det automatiskt ut en faktura f\u00f6r kalasavgiften. Fakturan m\u00e5ste betalas inom 7 dagar f\u00f6r att bekr\u00e4fta platsen. N\u00e4r vi ser att avgiften \u00e4r betald skickar vi en bokningsbekr\u00e4ftelse p\u00e5 mejl.<\/p>\n<p>L\u00e4nk till bokning:\u00a0<a href=\"https:\/\/www.antribe.com\/org\/4h\/tolsereds-4h\/event\">https:\/\/www.antribe.com\/org\/4h\/tolsereds-4h\/event<\/a><\/p>\n<p>Observera att kalaset m\u00e5ste bokas av senast 3 veckor innan f\u00f6r att f\u00e5 avgiften \u00e5terbetalad.<\/p>\n<p>Vid fr\u00e5gor kontakta tolsereds4h@gmail.com<\/p>\n<h3>Tider f\u00f6r barnkalas<\/h3>\n<p>L\u00f6rdag och S\u00f6ndag 13.30-15.30<\/p>\n<\/div>\n<p>[\/vc_column_text][\/vc_column][vc_column width=&#8221;1\/2&#8243;][vc_column_text css=&#8221;&#8221;]<\/p>\n<h3>Pris<\/h3>\n<p>Priset f\u00f6r ett barnkalas \u00e4r 2000kr<\/p>\n<p>&nbsp;<\/p>\n<p><strong>Max antal : 20st barn och ni f\u00e5r max vara 30 st, inkl f\u00f6r\u00e4ldrar p\u00e5 plats.<\/strong>[\/vc_column_text][\/vc_column][\/vc_row][vc_row][vc_column width=&#8221;1\/2&#8243;][vc_column_text css=&#8221;&#8221;]<\/p>\n<h3><span style=\"color: #ffffff;\"><span style=\"color: #000000;\">Det h\u00e4r ing\u00e5r<\/span><\/span><\/h3>\n<ul>\n<li><span style=\"color: #000000;\">En ledare som \u00e4r med er i 2h<\/span><\/li>\n<li><span style=\"color: #000000;\">Rundvandring<\/span><\/li>\n<li><span style=\"color: #000000;\">Ponnyridning<\/span><\/li>\n<li><span style=\"color: #000000;\">Fiskedammsanordning<\/span><\/li>\n<li><span style=\"color: #000000;\">Grillkol &amp; t\u00e4ndv\u00e4tska<\/span><\/li>\n<li><span style=\"color: #000000;\">Lokal att duka upp i<\/span><\/li>\n<\/ul>\n<h3><span style=\"color: #000000;\">Det h\u00e4r tar ni med er<\/span><\/h3>\n<ul>\n<li><span style=\"color: #000000;\">All mat och dryck<\/span><\/li>\n<li><span style=\"color: #000000;\">Eng\u00e5ngsartiklar<\/span><\/li>\n<li><span style=\"color: #000000;\">Fiskedammspresent (valfritt)<\/span><\/li>\n<li><span style=\"color: #000000;\">Sopt\u00f6mning (Vi ser g\u00e4rna att man tar med sig sina sopor hem och sl\u00e4nger, detta d\u00e5 det nyligen inf\u00f6rts strikta kommunala regler kring avfallshantering)<\/span><\/li>\n<\/ul>\n<p>[\/vc_column_text][\/vc_column][vc_column width=&#8221;1\/2&#8243;][vc_single_image image=&#8221;444&#8243; img_size=&#8221;medium&#8221;][\/vc_column][\/vc_row]<\/p>\n<\/div>","protected":false},"excerpt":{"rendered":"<p>[vc_row][vc_column][vc_column_text] Barnkalas [\/vc_column_text][\/vc_column][\/vc_row][vc_row][vc_column][vc_separator color=&#8221;green&#8221; border_width=&#8221;3&#8243;][\/vc_column][\/vc_row][vc_row][vc_column][vc_column_text css=&#8221;&#8221;]P\u00e5 Tolsered arrangerar vi barnkalas p\u00e5 l\u00f6rdagar samt s\u00f6ndagar. Under kalaset kommer en ledare ge er en rundvandring p\u00e5 g\u00e5rden d\u00e4r ni f\u00e5r f\u00f6lja med och h\u00e4lsa p\u00e5 alla djur och sedan f\u00e5r de som vill testa p\u00e5 att rida p\u00e5 n\u00e5gon av v\u00e5ra sn\u00e4lla ponnys. Tiden f\u00f6r kalaset \u00e4r&nbsp; <a href=\"https:\/\/www.4h.se\/tolsered\/barnkalas\/\">&hellip; Read more <i class=\"glyphicon glyphicon-arrow-right\"><\/i><\/a><\/p>\n","protected":false},"author":223,"featured_media":0,"parent":0,"menu_order":0,"comment_status":"closed","ping_status":"closed","template":"","meta":{"_acf_changed":false,"footnotes":""},"class_list":["post-423","page","type-page","status-publish","hentry"],"acf":[],"yoast_head":"<!-- This site is optimized with the Yoast SEO plugin v27.5 - https:\/\/yoast.com\/product\/yoast-seo-wordpress\/ -->\n<title>Barnkalas - Tolsereds 4H-g\u00e5rd<\/title>\n<meta name=\"robots\" content=\"index, follow, max-snippet:-1, max-image-preview:large, max-video-preview:-1\" \/>\n<link rel=\"canonical\" href=\"https:\/\/www.4h.se\/tolsered\/barnkalas\/\" \/>\n<meta property=\"og:locale\" content=\"sv_SE\" \/>\n<meta property=\"og:type\" content=\"article\" \/>\n<meta property=\"og:title\" content=\"Barnkalas - Tolsereds 4H-g\u00e5rd\" \/>\n<meta property=\"og:description\" content=\"[vc_row][vc_column][vc_column_text] Barnkalas [\/vc_column_text][\/vc_column][\/vc_row][vc_row][vc_column][vc_separator color=&#8221;green&#8221; border_width=&#8221;3&#8243;][\/vc_column][\/vc_row][vc_row][vc_column][vc_column_text css=&#8221;&#8221;]P\u00e5 Tolsered arrangerar vi barnkalas p\u00e5 l\u00f6rdagar samt s\u00f6ndagar. Under kalaset kommer en ledare ge er en rundvandring p\u00e5 g\u00e5rden d\u00e4r ni f\u00e5r f\u00f6lja med och h\u00e4lsa p\u00e5 alla djur och sedan f\u00e5r de som vill testa p\u00e5 att rida p\u00e5 n\u00e5gon av v\u00e5ra sn\u00e4lla ponnys. Tiden f\u00f6r kalaset \u00e4r&nbsp; &hellip; Read more\" \/>\n<meta property=\"og:url\" content=\"https:\/\/www.4h.se\/tolsered\/barnkalas\/\" \/>\n<meta property=\"og:site_name\" content=\"Tolsereds 4H-g\u00e5rd\" \/>\n<meta property=\"article:modified_time\" content=\"2025-05-14T18:40:36+00:00\" \/>\n<meta name=\"twitter:card\" content=\"summary_large_image\" \/>\n<meta name=\"twitter:label1\" content=\"Ber\u00e4knad l\u00e4stid\" \/>\n\t<meta name=\"twitter:data1\" content=\"2 minuter\" \/>\n<script type=\"application\/ld+json\" class=\"yoast-schema-graph\">{\"@context\":\"https:\\\/\\\/schema.org\",\"@graph\":[{\"@type\":\"WebPage\",\"@id\":\"https:\\\/\\\/www.4h.se\\\/tolsered\\\/barnkalas\\\/\",\"url\":\"https:\\\/\\\/www.4h.se\\\/tolsered\\\/barnkalas\\\/\",\"name\":\"Barnkalas - Tolsereds 4H-g\u00e5rd\",\"isPartOf\":{\"@id\":\"https:\\\/\\\/www.4h.se\\\/tolsered\\\/#website\"},\"datePublished\":\"2022-02-10T21:54:37+00:00\",\"dateModified\":\"2025-05-14T18:40:36+00:00\",\"breadcrumb\":{\"@id\":\"https:\\\/\\\/www.4h.se\\\/tolsered\\\/barnkalas\\\/#breadcrumb\"},\"inLanguage\":\"sv-SE\",\"potentialAction\":[{\"@type\":\"ReadAction\",\"target\":[\"https:\\\/\\\/www.4h.se\\\/tolsered\\\/barnkalas\\\/\"]}]},{\"@type\":\"BreadcrumbList\",\"@id\":\"https:\\\/\\\/www.4h.se\\\/tolsered\\\/barnkalas\\\/#breadcrumb\",\"itemListElement\":[{\"@type\":\"ListItem\",\"position\":1,\"name\":\"Hem\",\"item\":\"https:\\\/\\\/www.4h.se\\\/tolsered\\\/\"},{\"@type\":\"ListItem\",\"position\":2,\"name\":\"Barnkalas\"}]},{\"@type\":\"WebSite\",\"@id\":\"https:\\\/\\\/www.4h.se\\\/tolsered\\\/#website\",\"url\":\"https:\\\/\\\/www.4h.se\\\/tolsered\\\/\",\"name\":\"Tolsereds 4H-g\u00e5rd\",\"description\":\"\",\"potentialAction\":[{\"@type\":\"SearchAction\",\"target\":{\"@type\":\"EntryPoint\",\"urlTemplate\":\"https:\\\/\\\/www.4h.se\\\/tolsered\\\/?s={search_term_string}\"},\"query-input\":{\"@type\":\"PropertyValueSpecification\",\"valueRequired\":true,\"valueName\":\"search_term_string\"}}],\"inLanguage\":\"sv-SE\"}]}<\/script>\n<!-- \/ Yoast SEO plugin. -->","yoast_head_json":{"title":"Barnkalas - Tolsereds 4H-g\u00e5rd","robots":{"index":"index","follow":"follow","max-snippet":"max-snippet:-1","max-image-preview":"max-image-preview:large","max-video-preview":"max-video-preview:-1"},"canonical":"https:\/\/www.4h.se\/tolsered\/barnkalas\/","og_locale":"sv_SE","og_type":"article","og_title":"Barnkalas - Tolsereds 4H-g\u00e5rd","og_description":"[vc_row][vc_column][vc_column_text] Barnkalas [\/vc_column_text][\/vc_column][\/vc_row][vc_row][vc_column][vc_separator color=&#8221;green&#8221; border_width=&#8221;3&#8243;][\/vc_column][\/vc_row][vc_row][vc_column][vc_column_text css=&#8221;&#8221;]P\u00e5 Tolsered arrangerar vi barnkalas p\u00e5 l\u00f6rdagar samt s\u00f6ndagar. Under kalaset kommer en ledare ge er en rundvandring p\u00e5 g\u00e5rden d\u00e4r ni f\u00e5r f\u00f6lja med och h\u00e4lsa p\u00e5 alla djur och sedan f\u00e5r de som vill testa p\u00e5 att rida p\u00e5 n\u00e5gon av v\u00e5ra sn\u00e4lla ponnys. Tiden f\u00f6r kalaset \u00e4r&nbsp; &hellip; Read more","og_url":"https:\/\/www.4h.se\/tolsered\/barnkalas\/","og_site_name":"Tolsereds 4H-g\u00e5rd","article_modified_time":"2025-05-14T18:40:36+00:00","twitter_card":"summary_large_image","twitter_misc":{"Ber\u00e4knad l\u00e4stid":"2 minuter"},"schema":{"@context":"https:\/\/schema.org","@graph":[{"@type":"WebPage","@id":"https:\/\/www.4h.se\/tolsered\/barnkalas\/","url":"https:\/\/www.4h.se\/tolsered\/barnkalas\/","name":"Barnkalas - Tolsereds 4H-g\u00e5rd","isPartOf":{"@id":"https:\/\/www.4h.se\/tolsered\/#website"},"datePublished":"2022-02-10T21:54:37+00:00","dateModified":"2025-05-14T18:40:36+00:00","breadcrumb":{"@id":"https:\/\/www.4h.se\/tolsered\/barnkalas\/#breadcrumb"},"inLanguage":"sv-SE","potentialAction":[{"@type":"ReadAction","target":["https:\/\/www.4h.se\/tolsered\/barnkalas\/"]}]},{"@type":"BreadcrumbList","@id":"https:\/\/www.4h.se\/tolsered\/barnkalas\/#breadcrumb","itemListElement":[{"@type":"ListItem","position":1,"name":"Hem","item":"https:\/\/www.4h.se\/tolsered\/"},{"@type":"ListItem","position":2,"name":"Barnkalas"}]},{"@type":"WebSite","@id":"https:\/\/www.4h.se\/tolsered\/#website","url":"https:\/\/www.4h.se\/tolsered\/","name":"Tolsereds 4H-g\u00e5rd","description":"","potentialAction":[{"@type":"SearchAction","target":{"@type":"EntryPoint","urlTemplate":"https:\/\/www.4h.se\/tolsered\/?s={search_term_string}"},"query-input":{"@type":"PropertyValueSpecification","valueRequired":true,"valueName":"search_term_string"}}],"inLanguage":"sv-SE"}]}},"_links":{"self":[{"href":"https:\/\/www.4h.se\/tolsered\/wp-json\/wp\/v2\/pages\/423","targetHints":{"allow":["GET"]}}],"collection":[{"href":"https:\/\/www.4h.se\/tolsered\/wp-json\/wp\/v2\/pages"}],"about":[{"href":"https:\/\/www.4h.se\/tolsered\/wp-json\/wp\/v2\/types\/page"}],"author":[{"embeddable":true,"href":"https:\/\/www.4h.se\/tolsered\/wp-json\/wp\/v2\/users\/223"}],"replies":[{"embeddable":true,"href":"https:\/\/www.4h.se\/tolsered\/wp-json\/wp\/v2\/comments?post=423"}],"version-history":[{"count":0,"href":"https:\/\/www.4h.se\/tolsered\/wp-json\/wp\/v2\/pages\/423\/revisions"}],"wp:attachment":[{"href":"https:\/\/www.4h.se\/tolsered\/wp-json\/wp\/v2\/media?parent=423"}],"curies":[{"name":"wp","href":"https:\/\/api.w.org\/{rel}","templated":true}]}}