



{"id":408,"date":"2022-02-10T22:46:03","date_gmt":"2022-02-10T21:46:03","guid":{"rendered":"https:\/\/www.4h.se\/tolsered\/?page_id=408"},"modified":"2025-09-25T11:52:23","modified_gmt":"2025-09-25T09:52:23","slug":"hons","status":"publish","type":"page","link":"https:\/\/www.4h.se\/tolsered\/hons\/","title":{"rendered":"Katter"},"content":{"rendered":"<div class=\"wpb-content-wrapper\"><p>[vc_row][vc_column][vc_column_text]<\/p>\n<h1>Katter<\/h1>\n<p>[\/vc_column_text][\/vc_column][\/vc_row][vc_row][vc_column][vc_separator color=&#8221;green&#8221; border_width=&#8221;3&#8243;][vc_column_text css=&#8221;&#8221;]<\/p>\n<p data-start=\"148\" data-end=\"221\">P\u00e5 Tolsereds 4H-g\u00e5rd bor v\u00e5ra tv\u00e5 g\u00e5rdskatter, <strong data-start=\"195\" data-end=\"203\">Swag<\/strong> och <strong data-start=\"208\" data-end=\"218\">Smilla<\/strong>.<\/p>\n<ul data-start=\"223\" data-end=\"381\">\n<li data-start=\"223\" data-end=\"294\">\n<p data-start=\"225\" data-end=\"294\"><strong data-start=\"225\" data-end=\"233\">Swag<\/strong> \u00e4r orange med vit t\u00e4ckning och gillar att utforska g\u00e5rden.<\/p>\n<\/li>\n<li data-start=\"295\" data-end=\"381\">\n<p data-start=\"297\" data-end=\"381\"><strong data-start=\"297\" data-end=\"307\">Smilla<\/strong> \u00e4r sk\u00f6ldpaddsf\u00e4rgad och hittar g\u00e4rna en lugn plats f\u00f6r en sk\u00f6n tupplur.<\/p>\n<\/li>\n<\/ul>\n<p data-start=\"383\" data-end=\"610\">Ibland springer de runt och busar p\u00e5 g\u00e5rden, och ibland ligger de och vilar p\u00e5 en trygg och sk\u00f6n plats i solen. B\u00e5da \u00e4r v\u00e4ldigt nyfikna och tycker om att tr\u00e4ffa m\u00e4nniskor \u2013 men ibland vill de hellre ta det lugnt p\u00e5 egen tass.<\/p>\n<p data-start=\"383\" data-end=\"610\">.<\/p>\n<h3 data-start=\"617\" data-end=\"640\">\ud83d\udc31 Visste du att\u2026<\/h3>\n<ul data-start=\"641\" data-end=\"941\">\n<li data-start=\"641\" data-end=\"718\">\n<p data-start=\"643\" data-end=\"718\">Katter kan spinna n\u00e4r de \u00e4r <strong data-start=\"671\" data-end=\"680\">glada<\/strong>, men \u00e4ven f\u00f6r att lugna sig sj\u00e4lva.<\/p>\n<\/li>\n<li data-start=\"719\" data-end=\"797\">\n<p data-start=\"721\" data-end=\"797\">En katt kan hoppa upp till <strong data-start=\"748\" data-end=\"777\">sex g\u00e5nger sin egen l\u00e4ngd<\/strong> i ett enda skutt.<\/p>\n<\/li>\n<li data-start=\"798\" data-end=\"856\">\n<p data-start=\"800\" data-end=\"856\">Katter sover mycket \u2013 upp till <strong data-start=\"831\" data-end=\"853\">16 timmar om dagen<\/strong>!<\/p>\n<\/li>\n<li data-start=\"857\" data-end=\"941\">\n<p data-start=\"859\" data-end=\"941\">De har <strong data-start=\"866\" data-end=\"886\">superbra nattsyn<\/strong>, s\u00e5 de kan se n\u00e4stan lika bra i m\u00f6rker som p\u00e5 dagen.<\/p>\n<\/li>\n<\/ul>\n<p>[\/vc_column_text][\/vc_column][\/vc_row][vc_row][vc_column][vc_single_image image=&#8221;519&#8243; img_size=&#8221;full&#8221;][\/vc_column][\/vc_row]<\/p>\n<\/div>","protected":false},"excerpt":{"rendered":"<p>[vc_row][vc_column][vc_column_text] Katter [\/vc_column_text][\/vc_column][\/vc_row][vc_row][vc_column][vc_separator color=&#8221;green&#8221; border_width=&#8221;3&#8243;][vc_column_text css=&#8221;&#8221;] P\u00e5 Tolsereds 4H-g\u00e5rd bor v\u00e5ra tv\u00e5 g\u00e5rdskatter, Swag och Smilla. Swag \u00e4r orange med vit t\u00e4ckning och gillar att utforska g\u00e5rden. Smilla \u00e4r sk\u00f6ldpaddsf\u00e4rgad och hittar g\u00e4rna en lugn plats f\u00f6r en sk\u00f6n tupplur. Ibland springer de runt och busar p\u00e5 g\u00e5rden, och ibland ligger de och vilar p\u00e5&nbsp; <a href=\"https:\/\/www.4h.se\/tolsered\/hons\/\">&hellip; Read more <i class=\"glyphicon glyphicon-arrow-right\"><\/i><\/a><\/p>\n","protected":false},"author":223,"featured_media":0,"parent":0,"menu_order":0,"comment_status":"closed","ping_status":"closed","template":"","meta":{"_acf_changed":false,"footnotes":""},"class_list":["post-408","page","type-page","status-publish","hentry"],"acf":[],"yoast_head":"<!-- This site is optimized with the Yoast SEO plugin v27.5 - https:\/\/yoast.com\/product\/yoast-seo-wordpress\/ -->\n<title>Katter - Tolsereds 4H-g\u00e5rd<\/title>\n<meta name=\"robots\" content=\"index, follow, max-snippet:-1, max-image-preview:large, max-video-preview:-1\" \/>\n<link rel=\"canonical\" href=\"https:\/\/www.4h.se\/tolsered\/hons\/\" \/>\n<meta property=\"og:locale\" content=\"sv_SE\" \/>\n<meta property=\"og:type\" content=\"article\" \/>\n<meta property=\"og:title\" content=\"Katter - Tolsereds 4H-g\u00e5rd\" \/>\n<meta property=\"og:description\" content=\"[vc_row][vc_column][vc_column_text] Katter [\/vc_column_text][\/vc_column][\/vc_row][vc_row][vc_column][vc_separator color=&#8221;green&#8221; border_width=&#8221;3&#8243;][vc_column_text css=&#8221;&#8221;] P\u00e5 Tolsereds 4H-g\u00e5rd bor v\u00e5ra tv\u00e5 g\u00e5rdskatter, Swag och Smilla. Swag \u00e4r orange med vit t\u00e4ckning och gillar att utforska g\u00e5rden. Smilla \u00e4r sk\u00f6ldpaddsf\u00e4rgad och hittar g\u00e4rna en lugn plats f\u00f6r en sk\u00f6n tupplur. Ibland springer de runt och busar p\u00e5 g\u00e5rden, och ibland ligger de och vilar p\u00e5&nbsp; &hellip; Read more\" \/>\n<meta property=\"og:url\" content=\"https:\/\/www.4h.se\/tolsered\/hons\/\" \/>\n<meta property=\"og:site_name\" content=\"Tolsereds 4H-g\u00e5rd\" \/>\n<meta property=\"article:modified_time\" content=\"2025-09-25T09:52:23+00:00\" \/>\n<meta name=\"twitter:card\" content=\"summary_large_image\" \/>\n<meta name=\"twitter:label1\" content=\"Ber\u00e4knad l\u00e4stid\" \/>\n\t<meta name=\"twitter:data1\" content=\"1 minut\" \/>\n<script type=\"application\/ld+json\" class=\"yoast-schema-graph\">{\"@context\":\"https:\\\/\\\/schema.org\",\"@graph\":[{\"@type\":\"WebPage\",\"@id\":\"https:\\\/\\\/www.4h.se\\\/tolsered\\\/hons\\\/\",\"url\":\"https:\\\/\\\/www.4h.se\\\/tolsered\\\/hons\\\/\",\"name\":\"Katter - Tolsereds 4H-g\u00e5rd\",\"isPartOf\":{\"@id\":\"https:\\\/\\\/www.4h.se\\\/tolsered\\\/#website\"},\"datePublished\":\"2022-02-10T21:46:03+00:00\",\"dateModified\":\"2025-09-25T09:52:23+00:00\",\"breadcrumb\":{\"@id\":\"https:\\\/\\\/www.4h.se\\\/tolsered\\\/hons\\\/#breadcrumb\"},\"inLanguage\":\"sv-SE\",\"potentialAction\":[{\"@type\":\"ReadAction\",\"target\":[\"https:\\\/\\\/www.4h.se\\\/tolsered\\\/hons\\\/\"]}]},{\"@type\":\"BreadcrumbList\",\"@id\":\"https:\\\/\\\/www.4h.se\\\/tolsered\\\/hons\\\/#breadcrumb\",\"itemListElement\":[{\"@type\":\"ListItem\",\"position\":1,\"name\":\"Hem\",\"item\":\"https:\\\/\\\/www.4h.se\\\/tolsered\\\/\"},{\"@type\":\"ListItem\",\"position\":2,\"name\":\"Katter\"}]},{\"@type\":\"WebSite\",\"@id\":\"https:\\\/\\\/www.4h.se\\\/tolsered\\\/#website\",\"url\":\"https:\\\/\\\/www.4h.se\\\/tolsered\\\/\",\"name\":\"Tolsereds 4H-g\u00e5rd\",\"description\":\"\",\"potentialAction\":[{\"@type\":\"SearchAction\",\"target\":{\"@type\":\"EntryPoint\",\"urlTemplate\":\"https:\\\/\\\/www.4h.se\\\/tolsered\\\/?s={search_term_string}\"},\"query-input\":{\"@type\":\"PropertyValueSpecification\",\"valueRequired\":true,\"valueName\":\"search_term_string\"}}],\"inLanguage\":\"sv-SE\"}]}<\/script>\n<!-- \/ Yoast SEO plugin. -->","yoast_head_json":{"title":"Katter - Tolsereds 4H-g\u00e5rd","robots":{"index":"index","follow":"follow","max-snippet":"max-snippet:-1","max-image-preview":"max-image-preview:large","max-video-preview":"max-video-preview:-1"},"canonical":"https:\/\/www.4h.se\/tolsered\/hons\/","og_locale":"sv_SE","og_type":"article","og_title":"Katter - Tolsereds 4H-g\u00e5rd","og_description":"[vc_row][vc_column][vc_column_text] Katter [\/vc_column_text][\/vc_column][\/vc_row][vc_row][vc_column][vc_separator color=&#8221;green&#8221; border_width=&#8221;3&#8243;][vc_column_text css=&#8221;&#8221;] P\u00e5 Tolsereds 4H-g\u00e5rd bor v\u00e5ra tv\u00e5 g\u00e5rdskatter, Swag och Smilla. Swag \u00e4r orange med vit t\u00e4ckning och gillar att utforska g\u00e5rden. Smilla \u00e4r sk\u00f6ldpaddsf\u00e4rgad och hittar g\u00e4rna en lugn plats f\u00f6r en sk\u00f6n tupplur. Ibland springer de runt och busar p\u00e5 g\u00e5rden, och ibland ligger de och vilar p\u00e5&nbsp; &hellip; Read more","og_url":"https:\/\/www.4h.se\/tolsered\/hons\/","og_site_name":"Tolsereds 4H-g\u00e5rd","article_modified_time":"2025-09-25T09:52:23+00:00","twitter_card":"summary_large_image","twitter_misc":{"Ber\u00e4knad l\u00e4stid":"1 minut"},"schema":{"@context":"https:\/\/schema.org","@graph":[{"@type":"WebPage","@id":"https:\/\/www.4h.se\/tolsered\/hons\/","url":"https:\/\/www.4h.se\/tolsered\/hons\/","name":"Katter - Tolsereds 4H-g\u00e5rd","isPartOf":{"@id":"https:\/\/www.4h.se\/tolsered\/#website"},"datePublished":"2022-02-10T21:46:03+00:00","dateModified":"2025-09-25T09:52:23+00:00","breadcrumb":{"@id":"https:\/\/www.4h.se\/tolsered\/hons\/#breadcrumb"},"inLanguage":"sv-SE","potentialAction":[{"@type":"ReadAction","target":["https:\/\/www.4h.se\/tolsered\/hons\/"]}]},{"@type":"BreadcrumbList","@id":"https:\/\/www.4h.se\/tolsered\/hons\/#breadcrumb","itemListElement":[{"@type":"ListItem","position":1,"name":"Hem","item":"https:\/\/www.4h.se\/tolsered\/"},{"@type":"ListItem","position":2,"name":"Katter"}]},{"@type":"WebSite","@id":"https:\/\/www.4h.se\/tolsered\/#website","url":"https:\/\/www.4h.se\/tolsered\/","name":"Tolsereds 4H-g\u00e5rd","description":"","potentialAction":[{"@type":"SearchAction","target":{"@type":"EntryPoint","urlTemplate":"https:\/\/www.4h.se\/tolsered\/?s={search_term_string}"},"query-input":{"@type":"PropertyValueSpecification","valueRequired":true,"valueName":"search_term_string"}}],"inLanguage":"sv-SE"}]}},"_links":{"self":[{"href":"https:\/\/www.4h.se\/tolsered\/wp-json\/wp\/v2\/pages\/408","targetHints":{"allow":["GET"]}}],"collection":[{"href":"https:\/\/www.4h.se\/tolsered\/wp-json\/wp\/v2\/pages"}],"about":[{"href":"https:\/\/www.4h.se\/tolsered\/wp-json\/wp\/v2\/types\/page"}],"author":[{"embeddable":true,"href":"https:\/\/www.4h.se\/tolsered\/wp-json\/wp\/v2\/users\/223"}],"replies":[{"embeddable":true,"href":"https:\/\/www.4h.se\/tolsered\/wp-json\/wp\/v2\/comments?post=408"}],"version-history":[{"count":0,"href":"https:\/\/www.4h.se\/tolsered\/wp-json\/wp\/v2\/pages\/408\/revisions"}],"wp:attachment":[{"href":"https:\/\/www.4h.se\/tolsered\/wp-json\/wp\/v2\/media?parent=408"}],"curies":[{"name":"wp","href":"https:\/\/api.w.org\/{rel}","templated":true}]}}