



{"id":407,"date":"2022-02-10T22:44:05","date_gmt":"2022-02-10T21:44:05","guid":{"rendered":"https:\/\/www.4h.se\/tolsered\/?page_id=407"},"modified":"2025-09-25T11:49:45","modified_gmt":"2025-09-25T09:49:45","slug":"grisar","status":"publish","type":"page","link":"https:\/\/www.4h.se\/tolsered\/grisar\/","title":{"rendered":"Grisar"},"content":{"rendered":"<div class=\"wpb-content-wrapper\"><p>[vc_row][vc_column][vc_column_text]<\/p>\n<h1>Grisar<\/h1>\n<p>[\/vc_column_text][\/vc_column][\/vc_row][vc_row][vc_column][vc_separator color=&#8221;green&#8221; border_width=&#8221;3&#8243;][vc_column_text css=&#8221;&#8221;]<\/p>\n<p data-start=\"56\" data-end=\"216\">P\u00e5 Tolsereds 4H-g\u00e5rd bor v\u00e5ra tv\u00e5 charmiga grisar <strong data-start=\"106\" data-end=\"114\">Mini<\/strong> och <strong data-start=\"119\" data-end=\"128\">Pyret<\/strong>. De \u00e4r av rasen <strong data-start=\"145\" data-end=\"157\">minigris<\/strong> \u2013 en lite mindre grissort som \u00e4r b\u00e5de smart och nyfiken.<\/p>\n<p data-start=\"218\" data-end=\"363\">Mini och Pyret \u00e4r b\u00e5da <strong data-start=\"241\" data-end=\"251\">suggor<\/strong>, vilket betyder att de \u00e4r honor. En <strong data-start=\"288\" data-end=\"296\">hane<\/strong> kallas f\u00f6r <em data-start=\"308\" data-end=\"314\">galt<\/em>, och de sm\u00e5 grisbarnen kallas f\u00f6r <em data-start=\"349\" data-end=\"360\">kultingar<\/em>.<\/p>\n<p data-start=\"365\" data-end=\"614\">V\u00e5ra grisar gillar att b\u00f6ka i jorden med sina tryffelnosar, rulla sig i halmen och vila i solen. De tycker om att bli kliade och kan ibland l\u00e4gga sig ner f\u00f6r en mysig magklapp. Som alla grisar \u00e4r de v\u00e4ldigt kloka och kan snabbt l\u00e4ra sig nya saker.<\/p>\n<p data-start=\"616\" data-end=\"865\">N\u00e4r du bes\u00f6ker g\u00e5rden kan du se hur Mini och Pyret lever sitt vardagsliv<\/p>\n<p data-start=\"616\" data-end=\"865\">\n<h3 data-start=\"1051\" data-end=\"1083\">\ud83d\udc37 Visste du att\u2026<\/h3>\n<ul data-start=\"1084\" data-end=\"1332\">\n<li data-start=\"1084\" data-end=\"1158\">\n<p data-start=\"1086\" data-end=\"1158\">Grisar \u00e4r v\u00e4ldigt smarta \u2013 de kan l\u00e4ra sig tricks, ungef\u00e4r som hundar!<\/p>\n<\/li>\n<li data-start=\"1159\" data-end=\"1257\">\n<p data-start=\"1161\" data-end=\"1257\">De \u00e4lskar att bada i lera, inte f\u00f6r att de vill bli smutsiga utan f\u00f6r att <strong data-start=\"1235\" data-end=\"1254\">h\u00e5lla sig svala<\/strong>.<\/p>\n<\/li>\n<li data-start=\"1258\" data-end=\"1332\">\n<p data-start=\"1260\" data-end=\"1332\">Grisar har ett riktigt <strong data-start=\"1283\" data-end=\"1300\">bra luktsinne<\/strong>, mycket b\u00e4ttre \u00e4n m\u00e4nniskors.<\/p>\n<\/li>\n<\/ul>\n<p>[\/vc_column_text][\/vc_column][\/vc_row][vc_row][vc_column][vc_single_image image=&#8221;517&#8243; img_size=&#8221;full&#8221;][\/vc_column][\/vc_row]<\/p>\n<\/div>","protected":false},"excerpt":{"rendered":"<p>[vc_row][vc_column][vc_column_text] Grisar [\/vc_column_text][\/vc_column][\/vc_row][vc_row][vc_column][vc_separator color=&#8221;green&#8221; border_width=&#8221;3&#8243;][vc_column_text css=&#8221;&#8221;] P\u00e5 Tolsereds 4H-g\u00e5rd bor v\u00e5ra tv\u00e5 charmiga grisar Mini och Pyret. De \u00e4r av rasen minigris \u2013 en lite mindre grissort som \u00e4r b\u00e5de smart och nyfiken. Mini och Pyret \u00e4r b\u00e5da suggor, vilket betyder att de \u00e4r honor. En hane kallas f\u00f6r galt, och de sm\u00e5 grisbarnen kallas&nbsp; <a href=\"https:\/\/www.4h.se\/tolsered\/grisar\/\">&hellip; Read more <i class=\"glyphicon glyphicon-arrow-right\"><\/i><\/a><\/p>\n","protected":false},"author":223,"featured_media":0,"parent":0,"menu_order":0,"comment_status":"closed","ping_status":"closed","template":"","meta":{"_acf_changed":false,"footnotes":""},"class_list":["post-407","page","type-page","status-publish","hentry"],"acf":[],"yoast_head":"<!-- This site is optimized with the Yoast SEO plugin v27.5 - https:\/\/yoast.com\/product\/yoast-seo-wordpress\/ -->\n<title>Grisar - Tolsereds 4H-g\u00e5rd<\/title>\n<meta name=\"robots\" content=\"index, follow, max-snippet:-1, max-image-preview:large, max-video-preview:-1\" \/>\n<link rel=\"canonical\" href=\"https:\/\/www.4h.se\/tolsered\/grisar\/\" \/>\n<meta property=\"og:locale\" content=\"sv_SE\" \/>\n<meta property=\"og:type\" content=\"article\" \/>\n<meta property=\"og:title\" content=\"Grisar - Tolsereds 4H-g\u00e5rd\" \/>\n<meta property=\"og:description\" content=\"[vc_row][vc_column][vc_column_text] Grisar [\/vc_column_text][\/vc_column][\/vc_row][vc_row][vc_column][vc_separator color=&#8221;green&#8221; border_width=&#8221;3&#8243;][vc_column_text css=&#8221;&#8221;] P\u00e5 Tolsereds 4H-g\u00e5rd bor v\u00e5ra tv\u00e5 charmiga grisar Mini och Pyret. De \u00e4r av rasen minigris \u2013 en lite mindre grissort som \u00e4r b\u00e5de smart och nyfiken. Mini och Pyret \u00e4r b\u00e5da suggor, vilket betyder att de \u00e4r honor. En hane kallas f\u00f6r galt, och de sm\u00e5 grisbarnen kallas&nbsp; &hellip; Read more\" \/>\n<meta property=\"og:url\" content=\"https:\/\/www.4h.se\/tolsered\/grisar\/\" \/>\n<meta property=\"og:site_name\" content=\"Tolsereds 4H-g\u00e5rd\" \/>\n<meta property=\"article:modified_time\" content=\"2025-09-25T09:49:45+00:00\" \/>\n<meta name=\"twitter:card\" content=\"summary_large_image\" \/>\n<meta name=\"twitter:label1\" content=\"Ber\u00e4knad l\u00e4stid\" \/>\n\t<meta name=\"twitter:data1\" content=\"1 minut\" \/>\n<script type=\"application\/ld+json\" class=\"yoast-schema-graph\">{\"@context\":\"https:\\\/\\\/schema.org\",\"@graph\":[{\"@type\":\"WebPage\",\"@id\":\"https:\\\/\\\/www.4h.se\\\/tolsered\\\/grisar\\\/\",\"url\":\"https:\\\/\\\/www.4h.se\\\/tolsered\\\/grisar\\\/\",\"name\":\"Grisar - Tolsereds 4H-g\u00e5rd\",\"isPartOf\":{\"@id\":\"https:\\\/\\\/www.4h.se\\\/tolsered\\\/#website\"},\"datePublished\":\"2022-02-10T21:44:05+00:00\",\"dateModified\":\"2025-09-25T09:49:45+00:00\",\"breadcrumb\":{\"@id\":\"https:\\\/\\\/www.4h.se\\\/tolsered\\\/grisar\\\/#breadcrumb\"},\"inLanguage\":\"sv-SE\",\"potentialAction\":[{\"@type\":\"ReadAction\",\"target\":[\"https:\\\/\\\/www.4h.se\\\/tolsered\\\/grisar\\\/\"]}]},{\"@type\":\"BreadcrumbList\",\"@id\":\"https:\\\/\\\/www.4h.se\\\/tolsered\\\/grisar\\\/#breadcrumb\",\"itemListElement\":[{\"@type\":\"ListItem\",\"position\":1,\"name\":\"Hem\",\"item\":\"https:\\\/\\\/www.4h.se\\\/tolsered\\\/\"},{\"@type\":\"ListItem\",\"position\":2,\"name\":\"Grisar\"}]},{\"@type\":\"WebSite\",\"@id\":\"https:\\\/\\\/www.4h.se\\\/tolsered\\\/#website\",\"url\":\"https:\\\/\\\/www.4h.se\\\/tolsered\\\/\",\"name\":\"Tolsereds 4H-g\u00e5rd\",\"description\":\"\",\"potentialAction\":[{\"@type\":\"SearchAction\",\"target\":{\"@type\":\"EntryPoint\",\"urlTemplate\":\"https:\\\/\\\/www.4h.se\\\/tolsered\\\/?s={search_term_string}\"},\"query-input\":{\"@type\":\"PropertyValueSpecification\",\"valueRequired\":true,\"valueName\":\"search_term_string\"}}],\"inLanguage\":\"sv-SE\"}]}<\/script>\n<!-- \/ Yoast SEO plugin. -->","yoast_head_json":{"title":"Grisar - Tolsereds 4H-g\u00e5rd","robots":{"index":"index","follow":"follow","max-snippet":"max-snippet:-1","max-image-preview":"max-image-preview:large","max-video-preview":"max-video-preview:-1"},"canonical":"https:\/\/www.4h.se\/tolsered\/grisar\/","og_locale":"sv_SE","og_type":"article","og_title":"Grisar - Tolsereds 4H-g\u00e5rd","og_description":"[vc_row][vc_column][vc_column_text] Grisar [\/vc_column_text][\/vc_column][\/vc_row][vc_row][vc_column][vc_separator color=&#8221;green&#8221; border_width=&#8221;3&#8243;][vc_column_text css=&#8221;&#8221;] P\u00e5 Tolsereds 4H-g\u00e5rd bor v\u00e5ra tv\u00e5 charmiga grisar Mini och Pyret. De \u00e4r av rasen minigris \u2013 en lite mindre grissort som \u00e4r b\u00e5de smart och nyfiken. Mini och Pyret \u00e4r b\u00e5da suggor, vilket betyder att de \u00e4r honor. En hane kallas f\u00f6r galt, och de sm\u00e5 grisbarnen kallas&nbsp; &hellip; Read more","og_url":"https:\/\/www.4h.se\/tolsered\/grisar\/","og_site_name":"Tolsereds 4H-g\u00e5rd","article_modified_time":"2025-09-25T09:49:45+00:00","twitter_card":"summary_large_image","twitter_misc":{"Ber\u00e4knad l\u00e4stid":"1 minut"},"schema":{"@context":"https:\/\/schema.org","@graph":[{"@type":"WebPage","@id":"https:\/\/www.4h.se\/tolsered\/grisar\/","url":"https:\/\/www.4h.se\/tolsered\/grisar\/","name":"Grisar - Tolsereds 4H-g\u00e5rd","isPartOf":{"@id":"https:\/\/www.4h.se\/tolsered\/#website"},"datePublished":"2022-02-10T21:44:05+00:00","dateModified":"2025-09-25T09:49:45+00:00","breadcrumb":{"@id":"https:\/\/www.4h.se\/tolsered\/grisar\/#breadcrumb"},"inLanguage":"sv-SE","potentialAction":[{"@type":"ReadAction","target":["https:\/\/www.4h.se\/tolsered\/grisar\/"]}]},{"@type":"BreadcrumbList","@id":"https:\/\/www.4h.se\/tolsered\/grisar\/#breadcrumb","itemListElement":[{"@type":"ListItem","position":1,"name":"Hem","item":"https:\/\/www.4h.se\/tolsered\/"},{"@type":"ListItem","position":2,"name":"Grisar"}]},{"@type":"WebSite","@id":"https:\/\/www.4h.se\/tolsered\/#website","url":"https:\/\/www.4h.se\/tolsered\/","name":"Tolsereds 4H-g\u00e5rd","description":"","potentialAction":[{"@type":"SearchAction","target":{"@type":"EntryPoint","urlTemplate":"https:\/\/www.4h.se\/tolsered\/?s={search_term_string}"},"query-input":{"@type":"PropertyValueSpecification","valueRequired":true,"valueName":"search_term_string"}}],"inLanguage":"sv-SE"}]}},"_links":{"self":[{"href":"https:\/\/www.4h.se\/tolsered\/wp-json\/wp\/v2\/pages\/407","targetHints":{"allow":["GET"]}}],"collection":[{"href":"https:\/\/www.4h.se\/tolsered\/wp-json\/wp\/v2\/pages"}],"about":[{"href":"https:\/\/www.4h.se\/tolsered\/wp-json\/wp\/v2\/types\/page"}],"author":[{"embeddable":true,"href":"https:\/\/www.4h.se\/tolsered\/wp-json\/wp\/v2\/users\/223"}],"replies":[{"embeddable":true,"href":"https:\/\/www.4h.se\/tolsered\/wp-json\/wp\/v2\/comments?post=407"}],"version-history":[{"count":0,"href":"https:\/\/www.4h.se\/tolsered\/wp-json\/wp\/v2\/pages\/407\/revisions"}],"wp:attachment":[{"href":"https:\/\/www.4h.se\/tolsered\/wp-json\/wp\/v2\/media?parent=407"}],"curies":[{"name":"wp","href":"https:\/\/api.w.org\/{rel}","templated":true}]}}