



{"id":401,"date":"2022-02-09T22:54:37","date_gmt":"2022-02-09T21:54:37","guid":{"rendered":"https:\/\/www.4h.se\/tolsered\/?page_id=401"},"modified":"2026-04-22T09:09:08","modified_gmt":"2026-04-22T07:09:08","slug":"hastar","status":"publish","type":"page","link":"https:\/\/www.4h.se\/tolsered\/hastar\/","title":{"rendered":"H\u00e4star"},"content":{"rendered":"<div class=\"wpb-content-wrapper\"><p>[vc_row][vc_column][vc_column_text]<\/p>\n<h1>V\u00e5ra h\u00e4star<\/h1>\n<p>[\/vc_column_text][\/vc_column][\/vc_row][vc_row][vc_column][vc_separator color=&#8221;green&#8221; border_width=&#8221;3&#8243;][vc_column_text]<\/p>\n<h4>P\u00e5 g\u00e5rden har vi nio h\u00e4star som g\u00e5r med i v\u00e5r ridverksamhet och tv\u00e5 privath\u00e4star. V\u00e5ra h\u00e4star \u00e4r av blandade raser och storlekar. Hanen kallas f\u00f6r hingst, eller valack om h\u00e4sten \u00e4r kastrerad, och honan kallas f\u00f6r sto. H\u00e4stens barn kallas f\u00f6r f\u00f6l.<\/h4>\n<p>[\/vc_column_text][\/vc_column][\/vc_row][vc_row][vc_column width=&#8221;1\/3&#8243;][vc_single_image image=&#8221;538&#8243; img_size=&#8221;full&#8221; css=&#8221;.vc_custom_1726057290245{margin-top: 2px !important;margin-right: 2px !important;margin-left: 2px !important;border-bottom-width: 2px !important;}&#8221; title=&#8221;Bill&#8221;][\/vc_column][vc_column width=&#8221;1\/3&#8243;][vc_single_image image=&#8221;593&#8243; img_size=&#8221;500&#215;700&#8243; css=&#8221;.vc_custom_1726057272106{margin-top: 2px !important;margin-right: 2px !important;margin-left: 2px !important;border-bottom-width: 2px !important;}&#8221; title=&#8221;Juvel&#8221;][\/vc_column][vc_column width=&#8221;1\/3&#8243;][vc_single_image image=&#8221;542&#8243; img_size=&#8221;large&#8221; title=&#8221;Nemo&#8221;][\/vc_column][\/vc_row][vc_row][vc_column width=&#8221;1\/3&#8243;][vc_single_image image=&#8221;540&#8243; img_size=&#8221;large&#8221; title=&#8221;Lillebror&#8221;][\/vc_column][vc_column width=&#8221;1\/3&#8243;][vc_single_image image=&#8221;590&#8243; img_size=&#8221;500&#215;700&#8243; css=&#8221;&#8221; title=&#8221;Winnie&#8221;][\/vc_column][vc_column width=&#8221;1\/3&#8243;][vc_single_image image=&#8221;544&#8243; img_size=&#8221;500&#215;700&#8243; css=&#8221;&#8221; title=&#8221;Peppar&#8221;][\/vc_column][\/vc_row][vc_row][vc_column width=&#8221;1\/3&#8243;][vc_single_image image=&#8221;592&#8243; img_size=&#8221;large&#8221; title=&#8221;Classic&#8221;][\/vc_column][vc_column width=&#8221;1\/3&#8243;][vc_single_image image=&#8221;626&#8243; img_size=&#8221;3000&#215;7000&#8243; css=&#8221;&#8221; title=&#8221;Boy&#8221;][\/vc_column][vc_column width=&#8221;1\/3&#8243;][vc_single_image image=&#8221;554&#8243; img_size=&#8221;large&#8221; css=&#8221;&#8221; title=&#8221;Nelly (Privat)&#8221;][\/vc_column][\/vc_row][vc_row][vc_column width=&#8221;1\/3&#8243;][vc_single_image image=&#8221;550&#8243; img_size=&#8221;large&#8221; title=&#8221;Cleo (Privat)&#8221;][\/vc_column][vc_column width=&#8221;1\/3&#8243;][vc_single_image image=&#8221;628&#8243; img_size=&#8221;large&#8221; css=&#8221;&#8221; title=&#8221;Collin (privat)&#8221;][\/vc_column][vc_column width=&#8221;1\/3&#8243;][\/vc_column][\/vc_row]<\/p>\n<\/div>","protected":false},"excerpt":{"rendered":"<p>[vc_row][vc_column][vc_column_text] V\u00e5ra h\u00e4star [\/vc_column_text][\/vc_column][\/vc_row][vc_row][vc_column][vc_separator color=&#8221;green&#8221; border_width=&#8221;3&#8243;][vc_column_text] P\u00e5 g\u00e5rden har vi nio h\u00e4star som g\u00e5r med i v\u00e5r ridverksamhet och tv\u00e5 privath\u00e4star. V\u00e5ra h\u00e4star \u00e4r av blandade raser och storlekar. Hanen kallas f\u00f6r hingst, eller valack om h\u00e4sten \u00e4r kastrerad, och honan kallas f\u00f6r sto. H\u00e4stens barn kallas f\u00f6r f\u00f6l. [\/vc_column_text][\/vc_column][\/vc_row][vc_row][vc_column width=&#8221;1\/3&#8243;][vc_single_image image=&#8221;538&#8243; img_size=&#8221;full&#8221; css=&#8221;.vc_custom_1726057290245{margin-top: 2px&nbsp; <a href=\"https:\/\/www.4h.se\/tolsered\/hastar\/\">&hellip; Read more <i class=\"glyphicon glyphicon-arrow-right\"><\/i><\/a><\/p>\n","protected":false},"author":223,"featured_media":0,"parent":0,"menu_order":0,"comment_status":"closed","ping_status":"closed","template":"","meta":{"_acf_changed":false,"footnotes":""},"class_list":["post-401","page","type-page","status-publish","hentry"],"acf":[],"yoast_head":"<!-- This site is optimized with the Yoast SEO plugin v27.5 - https:\/\/yoast.com\/product\/yoast-seo-wordpress\/ -->\n<title>H\u00e4star - Tolsereds 4H-g\u00e5rd<\/title>\n<meta name=\"robots\" content=\"index, follow, max-snippet:-1, max-image-preview:large, max-video-preview:-1\" \/>\n<link rel=\"canonical\" href=\"https:\/\/www.4h.se\/tolsered\/hastar\/\" \/>\n<meta property=\"og:locale\" content=\"sv_SE\" \/>\n<meta property=\"og:type\" content=\"article\" \/>\n<meta property=\"og:title\" content=\"H\u00e4star - Tolsereds 4H-g\u00e5rd\" \/>\n<meta property=\"og:description\" content=\"[vc_row][vc_column][vc_column_text] V\u00e5ra h\u00e4star [\/vc_column_text][\/vc_column][\/vc_row][vc_row][vc_column][vc_separator color=&#8221;green&#8221; border_width=&#8221;3&#8243;][vc_column_text] P\u00e5 g\u00e5rden har vi nio h\u00e4star som g\u00e5r med i v\u00e5r ridverksamhet och tv\u00e5 privath\u00e4star. V\u00e5ra h\u00e4star \u00e4r av blandade raser och storlekar. Hanen kallas f\u00f6r hingst, eller valack om h\u00e4sten \u00e4r kastrerad, och honan kallas f\u00f6r sto. H\u00e4stens barn kallas f\u00f6r f\u00f6l. [\/vc_column_text][\/vc_column][\/vc_row][vc_row][vc_column width=&#8221;1\/3&#8243;][vc_single_image image=&#8221;538&#8243; img_size=&#8221;full&#8221; css=&#8221;.vc_custom_1726057290245{margin-top: 2px&nbsp; &hellip; Read more\" \/>\n<meta property=\"og:url\" content=\"https:\/\/www.4h.se\/tolsered\/hastar\/\" \/>\n<meta property=\"og:site_name\" content=\"Tolsereds 4H-g\u00e5rd\" \/>\n<meta property=\"article:modified_time\" content=\"2026-04-22T07:09:08+00:00\" \/>\n<meta name=\"twitter:card\" content=\"summary_large_image\" \/>\n<meta name=\"twitter:label1\" content=\"Ber\u00e4knad l\u00e4stid\" \/>\n\t<meta name=\"twitter:data1\" content=\"2 minuter\" \/>\n<script type=\"application\/ld+json\" class=\"yoast-schema-graph\">{\"@context\":\"https:\\\/\\\/schema.org\",\"@graph\":[{\"@type\":\"WebPage\",\"@id\":\"https:\\\/\\\/www.4h.se\\\/tolsered\\\/hastar\\\/\",\"url\":\"https:\\\/\\\/www.4h.se\\\/tolsered\\\/hastar\\\/\",\"name\":\"H\u00e4star - Tolsereds 4H-g\u00e5rd\",\"isPartOf\":{\"@id\":\"https:\\\/\\\/www.4h.se\\\/tolsered\\\/#website\"},\"datePublished\":\"2022-02-09T21:54:37+00:00\",\"dateModified\":\"2026-04-22T07:09:08+00:00\",\"breadcrumb\":{\"@id\":\"https:\\\/\\\/www.4h.se\\\/tolsered\\\/hastar\\\/#breadcrumb\"},\"inLanguage\":\"sv-SE\",\"potentialAction\":[{\"@type\":\"ReadAction\",\"target\":[\"https:\\\/\\\/www.4h.se\\\/tolsered\\\/hastar\\\/\"]}]},{\"@type\":\"BreadcrumbList\",\"@id\":\"https:\\\/\\\/www.4h.se\\\/tolsered\\\/hastar\\\/#breadcrumb\",\"itemListElement\":[{\"@type\":\"ListItem\",\"position\":1,\"name\":\"Hem\",\"item\":\"https:\\\/\\\/www.4h.se\\\/tolsered\\\/\"},{\"@type\":\"ListItem\",\"position\":2,\"name\":\"H\u00e4star\"}]},{\"@type\":\"WebSite\",\"@id\":\"https:\\\/\\\/www.4h.se\\\/tolsered\\\/#website\",\"url\":\"https:\\\/\\\/www.4h.se\\\/tolsered\\\/\",\"name\":\"Tolsereds 4H-g\u00e5rd\",\"description\":\"\",\"potentialAction\":[{\"@type\":\"SearchAction\",\"target\":{\"@type\":\"EntryPoint\",\"urlTemplate\":\"https:\\\/\\\/www.4h.se\\\/tolsered\\\/?s={search_term_string}\"},\"query-input\":{\"@type\":\"PropertyValueSpecification\",\"valueRequired\":true,\"valueName\":\"search_term_string\"}}],\"inLanguage\":\"sv-SE\"}]}<\/script>\n<!-- \/ Yoast SEO plugin. -->","yoast_head_json":{"title":"H\u00e4star - Tolsereds 4H-g\u00e5rd","robots":{"index":"index","follow":"follow","max-snippet":"max-snippet:-1","max-image-preview":"max-image-preview:large","max-video-preview":"max-video-preview:-1"},"canonical":"https:\/\/www.4h.se\/tolsered\/hastar\/","og_locale":"sv_SE","og_type":"article","og_title":"H\u00e4star - Tolsereds 4H-g\u00e5rd","og_description":"[vc_row][vc_column][vc_column_text] V\u00e5ra h\u00e4star [\/vc_column_text][\/vc_column][\/vc_row][vc_row][vc_column][vc_separator color=&#8221;green&#8221; border_width=&#8221;3&#8243;][vc_column_text] P\u00e5 g\u00e5rden har vi nio h\u00e4star som g\u00e5r med i v\u00e5r ridverksamhet och tv\u00e5 privath\u00e4star. V\u00e5ra h\u00e4star \u00e4r av blandade raser och storlekar. Hanen kallas f\u00f6r hingst, eller valack om h\u00e4sten \u00e4r kastrerad, och honan kallas f\u00f6r sto. H\u00e4stens barn kallas f\u00f6r f\u00f6l. [\/vc_column_text][\/vc_column][\/vc_row][vc_row][vc_column width=&#8221;1\/3&#8243;][vc_single_image image=&#8221;538&#8243; img_size=&#8221;full&#8221; css=&#8221;.vc_custom_1726057290245{margin-top: 2px&nbsp; &hellip; Read more","og_url":"https:\/\/www.4h.se\/tolsered\/hastar\/","og_site_name":"Tolsereds 4H-g\u00e5rd","article_modified_time":"2026-04-22T07:09:08+00:00","twitter_card":"summary_large_image","twitter_misc":{"Ber\u00e4knad l\u00e4stid":"2 minuter"},"schema":{"@context":"https:\/\/schema.org","@graph":[{"@type":"WebPage","@id":"https:\/\/www.4h.se\/tolsered\/hastar\/","url":"https:\/\/www.4h.se\/tolsered\/hastar\/","name":"H\u00e4star - Tolsereds 4H-g\u00e5rd","isPartOf":{"@id":"https:\/\/www.4h.se\/tolsered\/#website"},"datePublished":"2022-02-09T21:54:37+00:00","dateModified":"2026-04-22T07:09:08+00:00","breadcrumb":{"@id":"https:\/\/www.4h.se\/tolsered\/hastar\/#breadcrumb"},"inLanguage":"sv-SE","potentialAction":[{"@type":"ReadAction","target":["https:\/\/www.4h.se\/tolsered\/hastar\/"]}]},{"@type":"BreadcrumbList","@id":"https:\/\/www.4h.se\/tolsered\/hastar\/#breadcrumb","itemListElement":[{"@type":"ListItem","position":1,"name":"Hem","item":"https:\/\/www.4h.se\/tolsered\/"},{"@type":"ListItem","position":2,"name":"H\u00e4star"}]},{"@type":"WebSite","@id":"https:\/\/www.4h.se\/tolsered\/#website","url":"https:\/\/www.4h.se\/tolsered\/","name":"Tolsereds 4H-g\u00e5rd","description":"","potentialAction":[{"@type":"SearchAction","target":{"@type":"EntryPoint","urlTemplate":"https:\/\/www.4h.se\/tolsered\/?s={search_term_string}"},"query-input":{"@type":"PropertyValueSpecification","valueRequired":true,"valueName":"search_term_string"}}],"inLanguage":"sv-SE"}]}},"_links":{"self":[{"href":"https:\/\/www.4h.se\/tolsered\/wp-json\/wp\/v2\/pages\/401","targetHints":{"allow":["GET"]}}],"collection":[{"href":"https:\/\/www.4h.se\/tolsered\/wp-json\/wp\/v2\/pages"}],"about":[{"href":"https:\/\/www.4h.se\/tolsered\/wp-json\/wp\/v2\/types\/page"}],"author":[{"embeddable":true,"href":"https:\/\/www.4h.se\/tolsered\/wp-json\/wp\/v2\/users\/223"}],"replies":[{"embeddable":true,"href":"https:\/\/www.4h.se\/tolsered\/wp-json\/wp\/v2\/comments?post=401"}],"version-history":[{"count":0,"href":"https:\/\/www.4h.se\/tolsered\/wp-json\/wp\/v2\/pages\/401\/revisions"}],"wp:attachment":[{"href":"https:\/\/www.4h.se\/tolsered\/wp-json\/wp\/v2\/media?parent=401"}],"curies":[{"name":"wp","href":"https:\/\/api.w.org\/{rel}","templated":true}]}}