



{"id":524,"date":"2018-04-29T11:48:27","date_gmt":"2018-04-29T09:48:27","guid":{"rendered":"http:\/\/www.4h.se\/tanto\/?page_id=524"},"modified":"2018-04-29T21:23:27","modified_gmt":"2018-04-29T19:23:27","slug":"4hs-korkort-pa-kanin","status":"publish","type":"page","link":"https:\/\/www.4h.se\/tanto\/4hs-korkort-pa-kanin\/","title":{"rendered":"4H:s K\u00f6rkort p\u00e5 kanin"},"content":{"rendered":"<div class=\"wpb-content-wrapper\"><p>[vc_row][vc_column][vc_column_text]<strong>4H:s k\u00f6rkort p\u00e5 kanin<\/strong><\/p>\n<p>Det h\u00e4r en kurs f\u00f6r dig som har kanin, vill ha eller helt enkelt tycker om kaniner och vill l\u00e4ra dig mer. Kursen riktar sig till \u00e5lder 7-10 \u00e5r.<\/p>\n<p><strong>Varf\u00f6r ska du g\u00e5 kursen?<\/strong><\/p>\n<p>Kaniner ses \u00f6verlag som ett litet djur som \u00e4r enkelt att ta hand om. Den h\u00e4r kursen vill visa p\u00e5 de saker du faktiskt m\u00e5ste t\u00e4nka p\u00e5 som kanin\u00e4gare\/sk\u00f6tare s\u00e5 att ditt djur m\u00e5r bra. N\u00e4r du g\u00e5tt f\u00e4rdigt kursen ska du kunna sk\u00f6ta en kanin sj\u00e4lv med st\u00f6d fr\u00e5n f\u00f6r\u00e4ldrar eller annan ledare.<\/p>\n<p>Tanto 4H har ingen kurs inplanerad just nu men skicka ett mail till Tanto@4h.se om du \u00e4r intresserad av kursen. \u00c4r ni flera som vill g\u00e5 kan vi eventuellt arrangera en.[\/vc_column_text][\/vc_column][\/vc_row]<\/p>\n<\/div>","protected":false},"excerpt":{"rendered":"<p>[vc_row][vc_column][vc_column_text]4H:s k\u00f6rkort p\u00e5 kanin Det h\u00e4r en kurs f\u00f6r dig som har kanin, vill ha eller helt enkelt tycker om kaniner och vill l\u00e4ra dig mer. Kursen riktar sig till \u00e5lder 7-10 \u00e5r. Varf\u00f6r ska du g\u00e5 kursen? Kaniner ses \u00f6verlag som ett litet djur som \u00e4r enkelt att ta hand om. Den h\u00e4r kursen&nbsp; <a href=\"https:\/\/www.4h.se\/tanto\/4hs-korkort-pa-kanin\/\">&hellip; Read more <i class=\"glyphicon glyphicon-arrow-right\"><\/i><\/a><\/p>\n","protected":false},"author":30,"featured_media":0,"parent":0,"menu_order":0,"comment_status":"closed","ping_status":"closed","template":"","meta":{"_acf_changed":false,"footnotes":""},"class_list":["post-524","page","type-page","status-publish","hentry"],"acf":[],"yoast_head":"<!-- This site is optimized with the Yoast SEO plugin v27.5 - https:\/\/yoast.com\/product\/yoast-seo-wordpress\/ -->\n<title>4H:s K\u00f6rkort p\u00e5 kanin - Tanto 4H-klubb<\/title>\n<meta name=\"robots\" content=\"index, follow, max-snippet:-1, max-image-preview:large, max-video-preview:-1\" \/>\n<link rel=\"canonical\" href=\"https:\/\/www.4h.se\/tanto\/4hs-korkort-pa-kanin\/\" \/>\n<meta property=\"og:locale\" content=\"sv_SE\" \/>\n<meta property=\"og:type\" content=\"article\" \/>\n<meta property=\"og:title\" content=\"4H:s K\u00f6rkort p\u00e5 kanin - Tanto 4H-klubb\" \/>\n<meta property=\"og:description\" content=\"[vc_row][vc_column][vc_column_text]4H:s k\u00f6rkort p\u00e5 kanin Det h\u00e4r en kurs f\u00f6r dig som har kanin, vill ha eller helt enkelt tycker om kaniner och vill l\u00e4ra dig mer. Kursen riktar sig till \u00e5lder 7-10 \u00e5r. Varf\u00f6r ska du g\u00e5 kursen? Kaniner ses \u00f6verlag som ett litet djur som \u00e4r enkelt att ta hand om. Den h\u00e4r kursen&nbsp; &hellip; Read more\" \/>\n<meta property=\"og:url\" content=\"https:\/\/www.4h.se\/tanto\/4hs-korkort-pa-kanin\/\" \/>\n<meta property=\"og:site_name\" content=\"Tanto 4H-klubb\" \/>\n<meta property=\"article:modified_time\" content=\"2018-04-29T19:23:27+00:00\" \/>\n<meta name=\"twitter:card\" content=\"summary_large_image\" \/>\n<meta name=\"twitter:label1\" content=\"Ber\u00e4knad l\u00e4stid\" \/>\n\t<meta name=\"twitter:data1\" content=\"1 minut\" \/>\n<script type=\"application\/ld+json\" class=\"yoast-schema-graph\">{\"@context\":\"https:\\\/\\\/schema.org\",\"@graph\":[{\"@type\":\"WebPage\",\"@id\":\"https:\\\/\\\/www.4h.se\\\/tanto\\\/4hs-korkort-pa-kanin\\\/\",\"url\":\"https:\\\/\\\/www.4h.se\\\/tanto\\\/4hs-korkort-pa-kanin\\\/\",\"name\":\"4H:s K\u00f6rkort p\u00e5 kanin - Tanto 4H-klubb\",\"isPartOf\":{\"@id\":\"https:\\\/\\\/www.4h.se\\\/tanto\\\/#website\"},\"datePublished\":\"2018-04-29T09:48:27+00:00\",\"dateModified\":\"2018-04-29T19:23:27+00:00\",\"breadcrumb\":{\"@id\":\"https:\\\/\\\/www.4h.se\\\/tanto\\\/4hs-korkort-pa-kanin\\\/#breadcrumb\"},\"inLanguage\":\"sv-SE\",\"potentialAction\":[{\"@type\":\"ReadAction\",\"target\":[\"https:\\\/\\\/www.4h.se\\\/tanto\\\/4hs-korkort-pa-kanin\\\/\"]}]},{\"@type\":\"BreadcrumbList\",\"@id\":\"https:\\\/\\\/www.4h.se\\\/tanto\\\/4hs-korkort-pa-kanin\\\/#breadcrumb\",\"itemListElement\":[{\"@type\":\"ListItem\",\"position\":1,\"name\":\"Hem\",\"item\":\"https:\\\/\\\/www.4h.se\\\/tanto\\\/\"},{\"@type\":\"ListItem\",\"position\":2,\"name\":\"4H:s K\u00f6rkort p\u00e5 kanin\"}]},{\"@type\":\"WebSite\",\"@id\":\"https:\\\/\\\/www.4h.se\\\/tanto\\\/#website\",\"url\":\"https:\\\/\\\/www.4h.se\\\/tanto\\\/\",\"name\":\"Tanto 4H-klubb\",\"description\":\"\",\"potentialAction\":[{\"@type\":\"SearchAction\",\"target\":{\"@type\":\"EntryPoint\",\"urlTemplate\":\"https:\\\/\\\/www.4h.se\\\/tanto\\\/?s={search_term_string}\"},\"query-input\":{\"@type\":\"PropertyValueSpecification\",\"valueRequired\":true,\"valueName\":\"search_term_string\"}}],\"inLanguage\":\"sv-SE\"}]}<\/script>\n<!-- \/ Yoast SEO plugin. -->","yoast_head_json":{"title":"4H:s K\u00f6rkort p\u00e5 kanin - Tanto 4H-klubb","robots":{"index":"index","follow":"follow","max-snippet":"max-snippet:-1","max-image-preview":"max-image-preview:large","max-video-preview":"max-video-preview:-1"},"canonical":"https:\/\/www.4h.se\/tanto\/4hs-korkort-pa-kanin\/","og_locale":"sv_SE","og_type":"article","og_title":"4H:s K\u00f6rkort p\u00e5 kanin - Tanto 4H-klubb","og_description":"[vc_row][vc_column][vc_column_text]4H:s k\u00f6rkort p\u00e5 kanin Det h\u00e4r en kurs f\u00f6r dig som har kanin, vill ha eller helt enkelt tycker om kaniner och vill l\u00e4ra dig mer. Kursen riktar sig till \u00e5lder 7-10 \u00e5r. Varf\u00f6r ska du g\u00e5 kursen? Kaniner ses \u00f6verlag som ett litet djur som \u00e4r enkelt att ta hand om. Den h\u00e4r kursen&nbsp; &hellip; Read more","og_url":"https:\/\/www.4h.se\/tanto\/4hs-korkort-pa-kanin\/","og_site_name":"Tanto 4H-klubb","article_modified_time":"2018-04-29T19:23:27+00:00","twitter_card":"summary_large_image","twitter_misc":{"Ber\u00e4knad l\u00e4stid":"1 minut"},"schema":{"@context":"https:\/\/schema.org","@graph":[{"@type":"WebPage","@id":"https:\/\/www.4h.se\/tanto\/4hs-korkort-pa-kanin\/","url":"https:\/\/www.4h.se\/tanto\/4hs-korkort-pa-kanin\/","name":"4H:s K\u00f6rkort p\u00e5 kanin - Tanto 4H-klubb","isPartOf":{"@id":"https:\/\/www.4h.se\/tanto\/#website"},"datePublished":"2018-04-29T09:48:27+00:00","dateModified":"2018-04-29T19:23:27+00:00","breadcrumb":{"@id":"https:\/\/www.4h.se\/tanto\/4hs-korkort-pa-kanin\/#breadcrumb"},"inLanguage":"sv-SE","potentialAction":[{"@type":"ReadAction","target":["https:\/\/www.4h.se\/tanto\/4hs-korkort-pa-kanin\/"]}]},{"@type":"BreadcrumbList","@id":"https:\/\/www.4h.se\/tanto\/4hs-korkort-pa-kanin\/#breadcrumb","itemListElement":[{"@type":"ListItem","position":1,"name":"Hem","item":"https:\/\/www.4h.se\/tanto\/"},{"@type":"ListItem","position":2,"name":"4H:s K\u00f6rkort p\u00e5 kanin"}]},{"@type":"WebSite","@id":"https:\/\/www.4h.se\/tanto\/#website","url":"https:\/\/www.4h.se\/tanto\/","name":"Tanto 4H-klubb","description":"","potentialAction":[{"@type":"SearchAction","target":{"@type":"EntryPoint","urlTemplate":"https:\/\/www.4h.se\/tanto\/?s={search_term_string}"},"query-input":{"@type":"PropertyValueSpecification","valueRequired":true,"valueName":"search_term_string"}}],"inLanguage":"sv-SE"}]}},"_links":{"self":[{"href":"https:\/\/www.4h.se\/tanto\/wp-json\/wp\/v2\/pages\/524","targetHints":{"allow":["GET"]}}],"collection":[{"href":"https:\/\/www.4h.se\/tanto\/wp-json\/wp\/v2\/pages"}],"about":[{"href":"https:\/\/www.4h.se\/tanto\/wp-json\/wp\/v2\/types\/page"}],"author":[{"embeddable":true,"href":"https:\/\/www.4h.se\/tanto\/wp-json\/wp\/v2\/users\/30"}],"replies":[{"embeddable":true,"href":"https:\/\/www.4h.se\/tanto\/wp-json\/wp\/v2\/comments?post=524"}],"version-history":[{"count":0,"href":"https:\/\/www.4h.se\/tanto\/wp-json\/wp\/v2\/pages\/524\/revisions"}],"wp:attachment":[{"href":"https:\/\/www.4h.se\/tanto\/wp-json\/wp\/v2\/media?parent=524"}],"curies":[{"name":"wp","href":"https:\/\/api.w.org\/{rel}","templated":true}]}}