



{"id":445,"date":"2018-04-28T19:45:47","date_gmt":"2018-04-28T17:45:47","guid":{"rendered":"http:\/\/www.4h.se\/tanto\/?page_id=445"},"modified":"2018-04-28T21:18:44","modified_gmt":"2018-04-28T19:18:44","slug":"4h-foretag","status":"publish","type":"page","link":"https:\/\/www.4h.se\/tanto\/4h-foretag\/","title":{"rendered":"4H-f\u00f6retag"},"content":{"rendered":"<div class=\"wpb-content-wrapper\"><p>[vc_row][vc_column][vc_column_text]<\/p>\n<h1>4H-f\u00f6retag<\/h1>\n<p>Ingenstans inom 4H:s verksamhet \u00e4r mottot \u201cAtt l\u00e4ra genom att g\u00f6ra\u201d s\u00e5 levande som inom 4H-f\u00f6retagsverksamheten. Ett 4H-f\u00f6retag \u00e4r en praktisk uppgift som medlemmen tar p\u00e5 sig under en begr\u00e4nsad period, exempelvis under ett sommarlov, v\u00e5ren, ett \u00e5r eller dylikt. Det kan vara att mata kalven p\u00e5 4H-g\u00e5rden, g\u00f6ra sylt eller att l\u00e4ra sig att spela gitarr. Det kan genomf\u00f6ras enskilt eller tillsammans med andra.<\/p>\n<p>4H-f\u00f6retaget ska vara tydligt \u00e5tskilt fr\u00e5n \u00f6vrig verksamhet och ligga inom ramarna f\u00f6r 4H:s profiler jord, skog, hem, hush\u00e5ll och kultur. Syftet med 4H-f\u00f6retag \u00e4r att 4H-f\u00f6retagaren ska l\u00e4ra sig att sj\u00e4lv ta ansvar f\u00f6r en uppgift och samtidigt f\u00e5 m\u00f6jlighet att tj\u00e4na n\u00e5gra kronor.<\/p>\n<p><a href=\"http:\/\/xn--4hfretag-p4a.se\/page.php?page=startsida\">Klicka h\u00e4r f\u00f6r att komma till 4H-f\u00f6retagarna<\/a>[\/vc_column_text][\/vc_column][\/vc_row]<\/p>\n<\/div>","protected":false},"excerpt":{"rendered":"<p>[vc_row][vc_column][vc_column_text] 4H-f\u00f6retag Ingenstans inom 4H:s verksamhet \u00e4r mottot \u201cAtt l\u00e4ra genom att g\u00f6ra\u201d s\u00e5 levande som inom 4H-f\u00f6retagsverksamheten. Ett 4H-f\u00f6retag \u00e4r en praktisk uppgift som medlemmen tar p\u00e5 sig under en begr\u00e4nsad period, exempelvis under ett sommarlov, v\u00e5ren, ett \u00e5r eller dylikt. Det kan vara att mata kalven p\u00e5 4H-g\u00e5rden, g\u00f6ra sylt eller att l\u00e4ra&nbsp; <a href=\"https:\/\/www.4h.se\/tanto\/4h-foretag\/\">&hellip; Read more <i class=\"glyphicon glyphicon-arrow-right\"><\/i><\/a><\/p>\n","protected":false},"author":30,"featured_media":0,"parent":0,"menu_order":0,"comment_status":"closed","ping_status":"closed","template":"","meta":{"_acf_changed":false,"footnotes":""},"class_list":["post-445","page","type-page","status-publish","hentry"],"acf":[],"yoast_head":"<!-- This site is optimized with the Yoast SEO plugin v27.5 - https:\/\/yoast.com\/product\/yoast-seo-wordpress\/ -->\n<title>4H-f\u00f6retag - Tanto 4H-klubb<\/title>\n<meta name=\"robots\" content=\"index, follow, max-snippet:-1, max-image-preview:large, max-video-preview:-1\" \/>\n<link rel=\"canonical\" href=\"https:\/\/www.4h.se\/tanto\/4h-foretag\/\" \/>\n<meta property=\"og:locale\" content=\"sv_SE\" \/>\n<meta property=\"og:type\" content=\"article\" \/>\n<meta property=\"og:title\" content=\"4H-f\u00f6retag - Tanto 4H-klubb\" \/>\n<meta property=\"og:description\" content=\"[vc_row][vc_column][vc_column_text] 4H-f\u00f6retag Ingenstans inom 4H:s verksamhet \u00e4r mottot \u201cAtt l\u00e4ra genom att g\u00f6ra\u201d s\u00e5 levande som inom 4H-f\u00f6retagsverksamheten. Ett 4H-f\u00f6retag \u00e4r en praktisk uppgift som medlemmen tar p\u00e5 sig under en begr\u00e4nsad period, exempelvis under ett sommarlov, v\u00e5ren, ett \u00e5r eller dylikt. Det kan vara att mata kalven p\u00e5 4H-g\u00e5rden, g\u00f6ra sylt eller att l\u00e4ra&nbsp; &hellip; Read more\" \/>\n<meta property=\"og:url\" content=\"https:\/\/www.4h.se\/tanto\/4h-foretag\/\" \/>\n<meta property=\"og:site_name\" content=\"Tanto 4H-klubb\" \/>\n<meta property=\"article:modified_time\" content=\"2018-04-28T19:18:44+00:00\" \/>\n<meta name=\"twitter:card\" content=\"summary_large_image\" \/>\n<meta name=\"twitter:label1\" content=\"Ber\u00e4knad l\u00e4stid\" \/>\n\t<meta name=\"twitter:data1\" content=\"1 minut\" \/>\n<script type=\"application\/ld+json\" class=\"yoast-schema-graph\">{\"@context\":\"https:\\\/\\\/schema.org\",\"@graph\":[{\"@type\":\"WebPage\",\"@id\":\"https:\\\/\\\/www.4h.se\\\/tanto\\\/4h-foretag\\\/\",\"url\":\"https:\\\/\\\/www.4h.se\\\/tanto\\\/4h-foretag\\\/\",\"name\":\"4H-f\u00f6retag - Tanto 4H-klubb\",\"isPartOf\":{\"@id\":\"https:\\\/\\\/www.4h.se\\\/tanto\\\/#website\"},\"datePublished\":\"2018-04-28T17:45:47+00:00\",\"dateModified\":\"2018-04-28T19:18:44+00:00\",\"breadcrumb\":{\"@id\":\"https:\\\/\\\/www.4h.se\\\/tanto\\\/4h-foretag\\\/#breadcrumb\"},\"inLanguage\":\"sv-SE\",\"potentialAction\":[{\"@type\":\"ReadAction\",\"target\":[\"https:\\\/\\\/www.4h.se\\\/tanto\\\/4h-foretag\\\/\"]}]},{\"@type\":\"BreadcrumbList\",\"@id\":\"https:\\\/\\\/www.4h.se\\\/tanto\\\/4h-foretag\\\/#breadcrumb\",\"itemListElement\":[{\"@type\":\"ListItem\",\"position\":1,\"name\":\"Hem\",\"item\":\"https:\\\/\\\/www.4h.se\\\/tanto\\\/\"},{\"@type\":\"ListItem\",\"position\":2,\"name\":\"4H-f\u00f6retag\"}]},{\"@type\":\"WebSite\",\"@id\":\"https:\\\/\\\/www.4h.se\\\/tanto\\\/#website\",\"url\":\"https:\\\/\\\/www.4h.se\\\/tanto\\\/\",\"name\":\"Tanto 4H-klubb\",\"description\":\"\",\"potentialAction\":[{\"@type\":\"SearchAction\",\"target\":{\"@type\":\"EntryPoint\",\"urlTemplate\":\"https:\\\/\\\/www.4h.se\\\/tanto\\\/?s={search_term_string}\"},\"query-input\":{\"@type\":\"PropertyValueSpecification\",\"valueRequired\":true,\"valueName\":\"search_term_string\"}}],\"inLanguage\":\"sv-SE\"}]}<\/script>\n<!-- \/ Yoast SEO plugin. -->","yoast_head_json":{"title":"4H-f\u00f6retag - Tanto 4H-klubb","robots":{"index":"index","follow":"follow","max-snippet":"max-snippet:-1","max-image-preview":"max-image-preview:large","max-video-preview":"max-video-preview:-1"},"canonical":"https:\/\/www.4h.se\/tanto\/4h-foretag\/","og_locale":"sv_SE","og_type":"article","og_title":"4H-f\u00f6retag - Tanto 4H-klubb","og_description":"[vc_row][vc_column][vc_column_text] 4H-f\u00f6retag Ingenstans inom 4H:s verksamhet \u00e4r mottot \u201cAtt l\u00e4ra genom att g\u00f6ra\u201d s\u00e5 levande som inom 4H-f\u00f6retagsverksamheten. Ett 4H-f\u00f6retag \u00e4r en praktisk uppgift som medlemmen tar p\u00e5 sig under en begr\u00e4nsad period, exempelvis under ett sommarlov, v\u00e5ren, ett \u00e5r eller dylikt. Det kan vara att mata kalven p\u00e5 4H-g\u00e5rden, g\u00f6ra sylt eller att l\u00e4ra&nbsp; &hellip; Read more","og_url":"https:\/\/www.4h.se\/tanto\/4h-foretag\/","og_site_name":"Tanto 4H-klubb","article_modified_time":"2018-04-28T19:18:44+00:00","twitter_card":"summary_large_image","twitter_misc":{"Ber\u00e4knad l\u00e4stid":"1 minut"},"schema":{"@context":"https:\/\/schema.org","@graph":[{"@type":"WebPage","@id":"https:\/\/www.4h.se\/tanto\/4h-foretag\/","url":"https:\/\/www.4h.se\/tanto\/4h-foretag\/","name":"4H-f\u00f6retag - Tanto 4H-klubb","isPartOf":{"@id":"https:\/\/www.4h.se\/tanto\/#website"},"datePublished":"2018-04-28T17:45:47+00:00","dateModified":"2018-04-28T19:18:44+00:00","breadcrumb":{"@id":"https:\/\/www.4h.se\/tanto\/4h-foretag\/#breadcrumb"},"inLanguage":"sv-SE","potentialAction":[{"@type":"ReadAction","target":["https:\/\/www.4h.se\/tanto\/4h-foretag\/"]}]},{"@type":"BreadcrumbList","@id":"https:\/\/www.4h.se\/tanto\/4h-foretag\/#breadcrumb","itemListElement":[{"@type":"ListItem","position":1,"name":"Hem","item":"https:\/\/www.4h.se\/tanto\/"},{"@type":"ListItem","position":2,"name":"4H-f\u00f6retag"}]},{"@type":"WebSite","@id":"https:\/\/www.4h.se\/tanto\/#website","url":"https:\/\/www.4h.se\/tanto\/","name":"Tanto 4H-klubb","description":"","potentialAction":[{"@type":"SearchAction","target":{"@type":"EntryPoint","urlTemplate":"https:\/\/www.4h.se\/tanto\/?s={search_term_string}"},"query-input":{"@type":"PropertyValueSpecification","valueRequired":true,"valueName":"search_term_string"}}],"inLanguage":"sv-SE"}]}},"_links":{"self":[{"href":"https:\/\/www.4h.se\/tanto\/wp-json\/wp\/v2\/pages\/445","targetHints":{"allow":["GET"]}}],"collection":[{"href":"https:\/\/www.4h.se\/tanto\/wp-json\/wp\/v2\/pages"}],"about":[{"href":"https:\/\/www.4h.se\/tanto\/wp-json\/wp\/v2\/types\/page"}],"author":[{"embeddable":true,"href":"https:\/\/www.4h.se\/tanto\/wp-json\/wp\/v2\/users\/30"}],"replies":[{"embeddable":true,"href":"https:\/\/www.4h.se\/tanto\/wp-json\/wp\/v2\/comments?post=445"}],"version-history":[{"count":0,"href":"https:\/\/www.4h.se\/tanto\/wp-json\/wp\/v2\/pages\/445\/revisions"}],"wp:attachment":[{"href":"https:\/\/www.4h.se\/tanto\/wp-json\/wp\/v2\/media?parent=445"}],"curies":[{"name":"wp","href":"https:\/\/api.w.org\/{rel}","templated":true}]}}