



{"id":3853,"date":"2025-01-17T12:14:40","date_gmt":"2025-01-17T11:14:40","guid":{"rendered":"https:\/\/www.4h.se\/stattared\/?page_id=3853"},"modified":"2026-02-17T14:45:27","modified_gmt":"2026-02-17T13:45:27","slug":"paskpromenad-2","status":"publish","type":"page","link":"https:\/\/www.4h.se\/stattared\/paskpromenad-2\/","title":{"rendered":"P\u00e5skpromenad"},"content":{"rendered":"<div class=\"wpb-content-wrapper\"><p>[vc_row full_width=&#8221;stretch_row_content&#8221; css=&#8221;.vc_custom_1732201352070{margin-top: -110px !important;}&#8221;][vc_column width=&#8221;1\/3&#8243; offset=&#8221;vc_hidden-xs&#8221;][vc_single_image image=&#8221;3854&#8243; img_size=&#8221;full&#8221; css=&#8221;.vc_custom_1739645489214{margin-right: -30px !important;margin-left: -30px !important;}&#8221;][\/vc_column][vc_column width=&#8221;1\/3&#8243; offset=&#8221;vc_hidden-xs&#8221;][vc_single_image image=&#8221;3518&#8243; img_size=&#8221;full&#8221; css=&#8221;.vc_custom_1737112623231{margin-right: -30px !important;margin-left: -30px !important;}&#8221;][\/vc_column][vc_column width=&#8221;1\/3&#8243;][vc_single_image image=&#8221;3856&#8243; img_size=&#8221;full&#8221; css=&#8221;.vc_custom_1739645535251{margin-right: -30px !important;margin-left: -30px !important;}&#8221;][\/vc_column][\/vc_row][vc_row][vc_column][vc_column_text css=&#8221;&#8221;]<\/p>\n<h1><span style=\"color: #000000;\">p\u00e5skpromenad<\/span><\/h1>\n<h3><span style=\"color: #000000;\">l\u00e5ngfredagen den 3 april 2026 , kl 11-15<\/span><\/h3>\n<hr>\n<h4><span style=\"color: #000000;\">fira in p\u00e5sken i St\u00e4ttaredsskogen!<\/span><\/h4>\n<p><span style=\"color: #000000;\">Ge er ut p\u00e5 ett \u00e4ventyr fyllt av skratt och \u00f6verraskningar! P\u00e5 v\u00e4gen m\u00f6ter ni glada p\u00e5skk\u00e4rringar som fnissar i buskarna, luriga p\u00e5skgubbar med knasiga p\u00e5hitt &amp; skuttande harar \ud83c\udf1f<\/span><\/p>\n<p><span style=\"color: #000000;\">Promenaden g\u00e5r l\u00e4ngs natursk\u00f6na vandringsleder, \u00e4r cirka 2,5 km l\u00e5ng och tar 40-50 minuter. \u00c4ven barnvagnar \u00e4r v\u00e4lkomna! Kom ih\u00e5g att naturen kan bjuda p\u00e5 lite bl\u00f6ta och kalla inslag \u2013 s\u00e5 dra p\u00e5 er de b\u00e4sta utekl\u00e4derna och rej\u00e4la skor eller st\u00f6vlar.<\/span><\/p>\n<p><span style=\"color: #000000;\">Obs! St\u00e4ttareds 4H-g\u00e5rd \u00e4r kontantfri \u2013 betalning sker med kort eller Swish.<\/span><\/p>\n<p><span style=\"color: #000000;\">Parkeringen kostar 60 kr, och vet du vad? Alla int\u00e4kter g\u00e5r direkt till g\u00e5rden f\u00f6r att st\u00f6dja v\u00e5ra fantastiska djur och verksamhet!<\/span>[\/vc_column_text][vc_separator color=&#8221;custom&#8221; style=&#8221;shadow&#8221; border_width=&#8221;2&#8243; css=&#8221;&#8221; accent_color=&#8221;#00693f&#8221;][vc_row_inner css=&#8221;.vc_custom_1732204086714{margin-top: -20px !important;}&#8221;][vc_column_inner][vc_column_text css=&#8221;&#8221;]<\/p>\n<h3><span style=\"color: #000000;\">Bokning av P\u00e5skpromenaden<\/span><\/h3>\n<p><span style=\"color: #000000;\">Vandringen \u00e4r \u00f6ppen mellan kl. 11\u201313:15<\/span><\/p>\n<hr>\n<h4><span style=\"color: #000000;\">Vuxna: 80 kr \u2022&nbsp; Barn (tom 14 \u00e5r): 60 kr<\/span><\/h4>\n<p>Barn under 2 \u00e5r g\u00e5r gratis.[\/vc_column_text][vc_btn title=&#8221;Boka biljetter h\u00e4r!&#8221; style=&#8221;custom&#8221; custom_background=&#8221;#00693F&#8221; custom_text=&#8221;#FFFFFF&#8221; align=&#8221;center&#8221; css=&#8221;&#8221; button_block=&#8221;true&#8221; link=&#8221;url:https%3A%2F%2Fapp.bookspot.io%2Fwidget%2Fv2%2Fdialog%2Fnew-order%3Fkey%3D2fc53eea376fab059e81d28b1d6747202d7dbb96375c9b42ebf4d9235ff87d0a%26productTypes%3Dproducts%2Cvouchers%26listView%3Dproducts%26products%3D18373&#8243;][\/vc_column_inner][\/vc_row_inner][vc_separator color=&#8221;custom&#8221; style=&#8221;shadow&#8221; border_width=&#8221;2&#8243; css=&#8221;&#8221; accent_color=&#8221;#00693f&#8221;][vc_column_text css=&#8221;&#8221;]<\/p>\n<h2><span style=\"color: #000000\">\u00d6vriga aktiviteter under dagen<\/span><\/h2>\n<p>Efter den fantastiska promenaden kan du hitta p\u00e5 mer roligt p\u00e5 g\u00e5rden!<\/p>\n<p>F\u00f6r att delta p\u00e5 \u00f6vriga aktiviteter s\u00e5 beh\u00f6vs ingen f\u00f6rbokad biljett.<\/p>\n<p>&nbsp;[\/vc_column_text][vc_row_inner css=&#8221;.vc_custom_1732203671902{margin-top: -20px !important;}&#8221;][vc_column_inner width=&#8221;1\/2&#8243;][vc_column_text css=&#8221;&#8221;]<\/p>\n<h3><span style=\"color: #000000\">Servering \u2022 <\/span><span style=\"color: #000000\">kl 11\u221215<\/span><\/h3>\n<p>V\u00e5ffelstuga \u2022 Caf\u00e9 \u2022 Grillt\u00e4lt<\/p>\n<p>Nygr\u00e4ddade v\u00e5fflor, rykande varm dryck och doftande kanelbullar v\u00e4ntar p\u00e5 dig \u2013 en riktig smakfest! Eller varf\u00f6r inte ta en saftig hamburgare eller en kokt korv ute i v\u00e5rt mysiga grillt\u00e4lt?[\/vc_column_text][vc_column_text css=&#8221;&#8221;]<\/p>\n<h3><span style=\"color: #000000\">H\u00e4st &amp; vagn \u2022 kl 11:30-13:30<\/span><\/h3>\n<p><span style=\"color: #000000\">Biljetter k\u00f6per vid aktiviteten med swish innan p\u00e5stigning\u00a0<\/span><\/p>\n<p><span style=\"color: #000000\">Vuxna: 45 kr \/ Barn: 35 kr<\/span>[\/vc_column_text][vc_column_text css=&#8221;&#8221;]<\/p>\n<h3><span style=\"color: #000000\">Ponnyridning f\u00f6r barn \u2022 kl 13:30-15:00<\/span><\/h3>\n<p><span style=\"color: #000000\">Biljetter k\u00f6per vid aktiviteten med swish innan p\u00e5stigning\u00a0<\/span><\/p>\n<p><span style=\"color: #000000\">35 kr\/barn<\/span>[\/vc_column_text][vc_column_text css=&#8221;&#8221;]<\/p>\n<h3><span style=\"color: #000000\">p\u00e5skbrasa \u2022 kl 14<\/span><\/h3>\n<p>Samlas runt v\u00e5r p\u00e5skbrasa, mingla med v\u00e4nner och k\u00e4nn v\u00e4rmen sprida sig samtidigt som gemenskapen och den h\u00e4rliga p\u00e5skst\u00e4mningen fyller luften![\/vc_column_text][\/vc_column_inner][vc_column_inner width=&#8221;1\/2&#8243;][vc_column_text css=&#8221;&#8221;]<\/p>\n<h3><span style=\"color: #000000;\">FISKDAMM \u2022 kl 11-15<\/span><\/h3>\n<p>Fiskdammen \u00e4r en sp\u00e4nnande plats d\u00e4r b\u00e5de stora och sm\u00e5 kan fiska efter \u00f6verraskningar och skatter som v\u00e4ntar under ytan<\/p>\n<p>25 kr\/kast[\/vc_column_text][vc_column_text css=&#8221;&#8221;]<\/p>\n<h3><span style=\"color: #000000\">Lotteri \u2022 kl 11-15<\/span><\/h3>\n<div class=\"group\/conversation-turn relative flex w-full min-w-0 flex-col agent-turn\">\n<div class=\"flex-col gap-1 md:gap-3\">\n<div class=\"flex max-w-full flex-col flex-grow\">\n<div class=\"min-h-8 text-message flex w-full flex-col items-end gap-2 whitespace-normal break-words [.text-message+&amp;]:mt-5\" dir=\"auto\" data-message-author-role=\"assistant\" data-message-id=\"97ae9e9a-d48c-405d-90da-2ded26ff4ffa\">\n<div class=\"flex w-full flex-col gap-1 empty:hidden first:pt-[3px]\">\n<div class=\"markdown prose w-full break-words dark:prose-invert dark\">\n<p>Testa lyckan i v\u00e5rt 21-lotteri! Om du f\u00e5r mellan 17 och 21 kan du jubla som en vinnare \u2013 Kom och se om turen st\u00e5r p\u00e5 din sida!<\/p>\n<p>2 kr\/lott eller 10 kr\/remsa<\/p><\/div>\n<\/div>\n<\/div>\n<\/div>\n<\/div>\n<\/div>\n<p>[\/vc_column_text][vc_column_text css=&#8221;&#8221;]<\/p>\n<h3><span style=\"color: #000000\">Ansiktsm\u00e5lning \u2022 kl 11-15<\/span><\/h3>\n<div class=\"group\/conversation-turn relative flex w-full min-w-0 flex-col agent-turn\">\n<div class=\"flex-col gap-1 md:gap-3\">\n<div class=\"flex max-w-full flex-col flex-grow\">\n<div class=\"min-h-8 text-message flex w-full flex-col items-end gap-2 whitespace-normal break-words [.text-message+&amp;]:mt-5\" dir=\"auto\" data-message-author-role=\"assistant\" data-message-id=\"97ae9e9a-d48c-405d-90da-2ded26ff4ffa\">\n<div class=\"flex w-full flex-col gap-1 empty:hidden first:pt-[3px]\">\n<div class=\"markdown prose w-full break-words dark:prose-invert dark\">\n<p>Ge barnen en of\u00f6rgl\u00f6mlig upplevelse med f\u00e4rgglad ansiktsm\u00e5lning \u2013 l\u00e5t dem f\u00f6rvandlas till p\u00e5skharar, \u00e4gg eller magiska figurer.<\/p><\/div>\n<\/div>\n<\/div>\n<\/div>\n<\/div>\n<\/div>\n<p>[\/vc_column_text][\/vc_column_inner][\/vc_row_inner][\/vc_column][\/vc_row][vc_row][vc_column][vc_separator color=&#8221;custom&#8221; style=&#8221;shadow&#8221; border_width=&#8221;2&#8243; css=&#8221;&#8221; accent_color=&#8221;#00693f&#8221;][vc_column_text css=&#8221;&#8221;]<\/p>\n<h3><span style=\"color: #000000\">Vanliga fr\u00e5gor &amp; svar<\/span><\/h3>\n<p>[\/vc_column_text][\/vc_column][\/vc_row][vc_row css=&#8221;.vc_custom_1737113595266{margin-top: 20px !important;}&#8221;][vc_column width=&#8221;1\/2&#8243;][vc_toggle title=&#8221;Kan jag byta tid efter jag bokat?&#8221; css=&#8221;&#8221;]Absolut, s\u00e5 l\u00e4nge det finns lediga tider!<\/p>\n<p>H\u00f6r g\u00e4rna av er till oss via mejl (<a rel=\"noopener\">stattared@4h.se<\/a>) om ni vill byta tid, s\u00e5 fixar vi det![\/vc_toggle][vc_toggle title=&#8221;Jag \u00e4r vegetarian, finns det n\u00e5got f\u00f6r mig att \u00e4ta?&#8221; css=&#8221;&#8221;]Ja, i grillen hittar du l\u00e4ckra vegetariska hamburgare och korv, medan caf\u00e9et frestar med h\u00e4rliga v\u00e5fflor &amp; kanelbullar.[\/vc_toggle][\/vc_column][vc_column width=&#8221;1\/2&#8243;][vc_toggle title=&#8221;Har ni glutenfria alternativ?&#8221; css=&#8221;&#8221;]Ja, vi erbjuder glutenfria alternativ! I grillen hittar du glutenfria hamburgare och korv, och i caf\u00e9et kan du njuta av glutenfri toast och muffins.[\/vc_toggle][vc_toggle title=&#8221;\u00c4r promenaden barnvagnsv\u00e4nlig?&#8221; css=&#8221;&#8221;]Vandringen sker l\u00e4ngs en grusad stig d\u00e4r vissa partier kan vara n\u00e5got bl\u00f6ta, men det \u00e4r \u00e4nd\u00e5 m\u00f6jligt att ta sig fram med barnvagn.[\/vc_toggle][\/vc_column][\/vc_row][vc_row][vc_column][\/vc_column][\/vc_row]<\/p>\n<\/div>","protected":false},"excerpt":{"rendered":"<p>[vc_row full_width=&#8221;stretch_row_content&#8221; css=&#8221;.vc_custom_1732201352070{margin-top: -110px !important;}&#8221;][vc_column width=&#8221;1\/3&#8243; offset=&#8221;vc_hidden-xs&#8221;][vc_single_image image=&#8221;3854&#8243; img_size=&#8221;full&#8221; css=&#8221;.vc_custom_1739645489214{margin-right: -30px !important;margin-left: -30px !important;}&#8221;][\/vc_column][vc_column width=&#8221;1\/3&#8243; offset=&#8221;vc_hidden-xs&#8221;][vc_single_image image=&#8221;3518&#8243; img_size=&#8221;full&#8221; css=&#8221;.vc_custom_1737112623231{margin-right: -30px !important;margin-left: -30px !important;}&#8221;][\/vc_column][vc_column width=&#8221;1\/3&#8243;][vc_single_image image=&#8221;3856&#8243; img_size=&#8221;full&#8221; css=&#8221;.vc_custom_1739645535251{margin-right: -30px !important;margin-left: -30px !important;}&#8221;][\/vc_column][\/vc_row][vc_row][vc_column][vc_column_text css=&#8221;&#8221;] p\u00e5skpromenad l\u00e5ngfredagen den 3 april 2026 , kl 11-15 fira in p\u00e5sken i St\u00e4ttaredsskogen! Ge er ut p\u00e5 ett \u00e4ventyr fyllt av skratt&nbsp; <a href=\"https:\/\/www.4h.se\/stattared\/paskpromenad-2\/\">&hellip; Read more <i class=\"glyphicon glyphicon-arrow-right\"><\/i><\/a><\/p>\n","protected":false},"author":64,"featured_media":0,"parent":0,"menu_order":108,"comment_status":"closed","ping_status":"closed","template":"","meta":{"_acf_changed":false,"footnotes":""},"class_list":["post-3853","page","type-page","status-publish","hentry"],"acf":[],"yoast_head":"<!-- This site is optimized with the Yoast SEO plugin v27.5 - https:\/\/yoast.com\/product\/yoast-seo-wordpress\/ -->\n<title>P\u00e5skpromenad - St\u00e4ttareds 4H-g\u00e5rd<\/title>\n<meta name=\"robots\" content=\"index, follow, max-snippet:-1, max-image-preview:large, max-video-preview:-1\" \/>\n<link rel=\"canonical\" href=\"https:\/\/www.4h.se\/stattared\/paskpromenad-2\/\" \/>\n<meta property=\"og:locale\" content=\"sv_SE\" \/>\n<meta property=\"og:type\" content=\"article\" \/>\n<meta property=\"og:title\" content=\"P\u00e5skpromenad - St\u00e4ttareds 4H-g\u00e5rd\" \/>\n<meta property=\"og:description\" content=\"[vc_row full_width=&#8221;stretch_row_content&#8221; css=&#8221;.vc_custom_1732201352070{margin-top: -110px !important;}&#8221;][vc_column width=&#8221;1\/3&#8243; offset=&#8221;vc_hidden-xs&#8221;][vc_single_image image=&#8221;3854&#8243; img_size=&#8221;full&#8221; css=&#8221;.vc_custom_1739645489214{margin-right: -30px !important;margin-left: -30px !important;}&#8221;][\/vc_column][vc_column width=&#8221;1\/3&#8243; offset=&#8221;vc_hidden-xs&#8221;][vc_single_image image=&#8221;3518&#8243; img_size=&#8221;full&#8221; css=&#8221;.vc_custom_1737112623231{margin-right: -30px !important;margin-left: -30px !important;}&#8221;][\/vc_column][vc_column width=&#8221;1\/3&#8243;][vc_single_image image=&#8221;3856&#8243; img_size=&#8221;full&#8221; css=&#8221;.vc_custom_1739645535251{margin-right: -30px !important;margin-left: -30px !important;}&#8221;][\/vc_column][\/vc_row][vc_row][vc_column][vc_column_text css=&#8221;&#8221;] p\u00e5skpromenad l\u00e5ngfredagen den 3 april 2026 , kl 11-15 fira in p\u00e5sken i St\u00e4ttaredsskogen! Ge er ut p\u00e5 ett \u00e4ventyr fyllt av skratt&nbsp; &hellip; Read more\" \/>\n<meta property=\"og:url\" content=\"https:\/\/www.4h.se\/stattared\/paskpromenad-2\/\" \/>\n<meta property=\"og:site_name\" content=\"St\u00e4ttareds 4H-g\u00e5rd\" \/>\n<meta property=\"article:modified_time\" content=\"2026-02-17T13:45:27+00:00\" \/>\n<meta name=\"twitter:card\" content=\"summary_large_image\" \/>\n<script type=\"application\/ld+json\" class=\"yoast-schema-graph\">{\"@context\":\"https:\\\/\\\/schema.org\",\"@graph\":[{\"@type\":\"WebPage\",\"@id\":\"https:\\\/\\\/www.4h.se\\\/stattared\\\/paskpromenad-2\\\/\",\"url\":\"https:\\\/\\\/www.4h.se\\\/stattared\\\/paskpromenad-2\\\/\",\"name\":\"P\u00e5skpromenad - St\u00e4ttareds 4H-g\u00e5rd\",\"isPartOf\":{\"@id\":\"https:\\\/\\\/www.4h.se\\\/stattared\\\/#website\"},\"datePublished\":\"2025-01-17T11:14:40+00:00\",\"dateModified\":\"2026-02-17T13:45:27+00:00\",\"breadcrumb\":{\"@id\":\"https:\\\/\\\/www.4h.se\\\/stattared\\\/paskpromenad-2\\\/#breadcrumb\"},\"inLanguage\":\"sv-SE\",\"potentialAction\":[{\"@type\":\"ReadAction\",\"target\":[\"https:\\\/\\\/www.4h.se\\\/stattared\\\/paskpromenad-2\\\/\"]}]},{\"@type\":\"BreadcrumbList\",\"@id\":\"https:\\\/\\\/www.4h.se\\\/stattared\\\/paskpromenad-2\\\/#breadcrumb\",\"itemListElement\":[{\"@type\":\"ListItem\",\"position\":1,\"name\":\"Hem\",\"item\":\"https:\\\/\\\/www.4h.se\\\/stattared\\\/\"},{\"@type\":\"ListItem\",\"position\":2,\"name\":\"P\u00e5skpromenad\"}]},{\"@type\":\"WebSite\",\"@id\":\"https:\\\/\\\/www.4h.se\\\/stattared\\\/#website\",\"url\":\"https:\\\/\\\/www.4h.se\\\/stattared\\\/\",\"name\":\"St\u00e4ttareds 4H-g\u00e5rd\",\"description\":\"mer \u00e4n bara en g\u00e5rd\",\"potentialAction\":[{\"@type\":\"SearchAction\",\"target\":{\"@type\":\"EntryPoint\",\"urlTemplate\":\"https:\\\/\\\/www.4h.se\\\/stattared\\\/?s={search_term_string}\"},\"query-input\":{\"@type\":\"PropertyValueSpecification\",\"valueRequired\":true,\"valueName\":\"search_term_string\"}}],\"inLanguage\":\"sv-SE\"}]}<\/script>\n<!-- \/ Yoast SEO plugin. -->","yoast_head_json":{"title":"P\u00e5skpromenad - St\u00e4ttareds 4H-g\u00e5rd","robots":{"index":"index","follow":"follow","max-snippet":"max-snippet:-1","max-image-preview":"max-image-preview:large","max-video-preview":"max-video-preview:-1"},"canonical":"https:\/\/www.4h.se\/stattared\/paskpromenad-2\/","og_locale":"sv_SE","og_type":"article","og_title":"P\u00e5skpromenad - St\u00e4ttareds 4H-g\u00e5rd","og_description":"[vc_row full_width=&#8221;stretch_row_content&#8221; css=&#8221;.vc_custom_1732201352070{margin-top: -110px !important;}&#8221;][vc_column width=&#8221;1\/3&#8243; offset=&#8221;vc_hidden-xs&#8221;][vc_single_image image=&#8221;3854&#8243; img_size=&#8221;full&#8221; css=&#8221;.vc_custom_1739645489214{margin-right: -30px !important;margin-left: -30px !important;}&#8221;][\/vc_column][vc_column width=&#8221;1\/3&#8243; offset=&#8221;vc_hidden-xs&#8221;][vc_single_image image=&#8221;3518&#8243; img_size=&#8221;full&#8221; css=&#8221;.vc_custom_1737112623231{margin-right: -30px !important;margin-left: -30px !important;}&#8221;][\/vc_column][vc_column width=&#8221;1\/3&#8243;][vc_single_image image=&#8221;3856&#8243; img_size=&#8221;full&#8221; css=&#8221;.vc_custom_1739645535251{margin-right: -30px !important;margin-left: -30px !important;}&#8221;][\/vc_column][\/vc_row][vc_row][vc_column][vc_column_text css=&#8221;&#8221;] p\u00e5skpromenad l\u00e5ngfredagen den 3 april 2026 , kl 11-15 fira in p\u00e5sken i St\u00e4ttaredsskogen! Ge er ut p\u00e5 ett \u00e4ventyr fyllt av skratt&nbsp; &hellip; Read more","og_url":"https:\/\/www.4h.se\/stattared\/paskpromenad-2\/","og_site_name":"St\u00e4ttareds 4H-g\u00e5rd","article_modified_time":"2026-02-17T13:45:27+00:00","twitter_card":"summary_large_image","schema":{"@context":"https:\/\/schema.org","@graph":[{"@type":"WebPage","@id":"https:\/\/www.4h.se\/stattared\/paskpromenad-2\/","url":"https:\/\/www.4h.se\/stattared\/paskpromenad-2\/","name":"P\u00e5skpromenad - St\u00e4ttareds 4H-g\u00e5rd","isPartOf":{"@id":"https:\/\/www.4h.se\/stattared\/#website"},"datePublished":"2025-01-17T11:14:40+00:00","dateModified":"2026-02-17T13:45:27+00:00","breadcrumb":{"@id":"https:\/\/www.4h.se\/stattared\/paskpromenad-2\/#breadcrumb"},"inLanguage":"sv-SE","potentialAction":[{"@type":"ReadAction","target":["https:\/\/www.4h.se\/stattared\/paskpromenad-2\/"]}]},{"@type":"BreadcrumbList","@id":"https:\/\/www.4h.se\/stattared\/paskpromenad-2\/#breadcrumb","itemListElement":[{"@type":"ListItem","position":1,"name":"Hem","item":"https:\/\/www.4h.se\/stattared\/"},{"@type":"ListItem","position":2,"name":"P\u00e5skpromenad"}]},{"@type":"WebSite","@id":"https:\/\/www.4h.se\/stattared\/#website","url":"https:\/\/www.4h.se\/stattared\/","name":"St\u00e4ttareds 4H-g\u00e5rd","description":"mer \u00e4n bara en g\u00e5rd","potentialAction":[{"@type":"SearchAction","target":{"@type":"EntryPoint","urlTemplate":"https:\/\/www.4h.se\/stattared\/?s={search_term_string}"},"query-input":{"@type":"PropertyValueSpecification","valueRequired":true,"valueName":"search_term_string"}}],"inLanguage":"sv-SE"}]}},"_links":{"self":[{"href":"https:\/\/www.4h.se\/stattared\/wp-json\/wp\/v2\/pages\/3853","targetHints":{"allow":["GET"]}}],"collection":[{"href":"https:\/\/www.4h.se\/stattared\/wp-json\/wp\/v2\/pages"}],"about":[{"href":"https:\/\/www.4h.se\/stattared\/wp-json\/wp\/v2\/types\/page"}],"author":[{"embeddable":true,"href":"https:\/\/www.4h.se\/stattared\/wp-json\/wp\/v2\/users\/64"}],"replies":[{"embeddable":true,"href":"https:\/\/www.4h.se\/stattared\/wp-json\/wp\/v2\/comments?post=3853"}],"version-history":[{"count":0,"href":"https:\/\/www.4h.se\/stattared\/wp-json\/wp\/v2\/pages\/3853\/revisions"}],"wp:attachment":[{"href":"https:\/\/www.4h.se\/stattared\/wp-json\/wp\/v2\/media?parent=3853"}],"curies":[{"name":"wp","href":"https:\/\/api.w.org\/{rel}","templated":true}]}}