



{"id":3660,"date":"2024-01-13T14:46:27","date_gmt":"2024-01-13T13:46:27","guid":{"rendered":"https:\/\/www.4h.se\/stattared\/?page_id=3660"},"modified":"2026-01-29T11:14:21","modified_gmt":"2026-01-29T10:14:21","slug":"for-unga","status":"publish","type":"page","link":"https:\/\/www.4h.se\/stattared\/for-unga\/","title":{"rendered":"F\u00f6r unga"},"content":{"rendered":"<div class=\"wpb-content-wrapper\"><p>[vc_row][vc_column width=&#8221;1\/3&#8243;][vc_single_image image=&#8221;3138&#8243; img_size=&#8221;full&#8221; alignment=&#8221;center&#8221; style=&#8221;vc_box_rounded&#8221; css=&#8221;.vc_custom_1740597385040{margin-top: 20px !important;}&#8221;][\/vc_column][vc_column width=&#8221;2\/3&#8243;][vc_column_text css=&#8221;&#8221;]<\/p>\n<article class=\"w-full text-token-text-primary focus-visible:outline-2 focus-visible:outline-offset-[-4px]\" dir=\"auto\" data-testid=\"conversation-turn-2\" data-scroll-anchor=\"false\">\n<div class=\"m-auto text-base py-[18px] px-6\">\n<div class=\"mx-auto flex flex-1 text-base gap-4 md:gap-5 lg:gap-6 md:max-w-3xl lg:max-w-[40rem] xl:max-w-[48rem]\">\n<div class=\"group\/conversation-turn relative flex w-full min-w-0 flex-col @xs\/thread:px-0 @sm\/thread:px-1.5 @md\/thread:px-4\">\n<div class=\"flex-col gap-1 md:gap-3\">\n<div class=\"flex max-w-full flex-col flex-grow\">\n<div class=\"min-h-8 text-message relative flex w-full flex-col items-end gap-2 whitespace-normal break-words text-start [.text-message+&amp;]:mt-5\" dir=\"auto\" data-message-author-role=\"user\" data-message-id=\"8351117c-e938-434d-b03f-cf5dadaac4eb\">\n<div class=\"flex w-full flex-col gap-1 empty:hidden items-end rtl:items-start\">\n<div class=\"relative max-w-[var(--user-chat-width,70%)] rounded-3xl bg-token-message-surface px-5 py-2.5\">\n<div class=\"whitespace-pre-wrap\"><\/div>\n<div class=\"absolute bottom-0 right-full top-0 -mr-3.5 hidden pr-5 pt-2 [.group\\\/conversation-turn:hover_&amp;]:flex\">\n<div class=\"flex\"><\/div>\n<\/div>\n<\/div>\n<\/div>\n<\/div>\n<\/div>\n<\/div>\n<\/div>\n<\/div>\n<\/div>\n<\/article>\n<article class=\"w-full text-token-text-primary focus-visible:outline-2 focus-visible:outline-offset-[-4px]\" dir=\"auto\" data-testid=\"conversation-turn-3\" data-scroll-anchor=\"true\">\n<h6 class=\"sr-only\">ChatGPT sade:<\/h6>\n<div class=\"m-auto text-base py-[18px] px-6\">\n<div class=\"mx-auto flex flex-1 text-base gap-4 md:gap-5 lg:gap-6 md:max-w-3xl lg:max-w-[40rem] xl:max-w-[48rem]\">\n<div class=\"group\/conversation-turn relative flex w-full min-w-0 flex-col agent-turn @xs\/thread:px-0 @sm\/thread:px-1.5 @md\/thread:px-4\">\n<div class=\"flex-col gap-1 md:gap-3\">\n<div class=\"flex max-w-full flex-col flex-grow\">\n<div class=\"min-h-8 text-message relative flex w-full flex-col items-end gap-2 whitespace-normal break-words text-start [.text-message+&amp;]:mt-5\" dir=\"auto\" data-message-author-role=\"assistant\" data-message-id=\"30ba35ff-a343-4e97-a9ef-cd7105565992\" data-message-model-slug=\"gpt-4o\">\n<div class=\"flex w-full flex-col gap-1 empty:hidden first:pt-[3px]\">\n<div class=\"markdown prose w-full break-words dark:prose-invert dark\">\n<h3 data-start=\"0\" data-end=\"59\"><strong data-start=\"0\" data-end=\"57\">\u00c4ventyrspaketet Mini \u2013 En of\u00f6rgl\u00f6mlig dag f\u00f6r de sm\u00e5!<\/strong><\/h3>\n<p data-start=\"61\" data-end=\"145\"><strong data-start=\"64\" data-end=\"140\">Perfekt f\u00f6r f\u00f6rskolegrupper som vill uppleva en sp\u00e4nnande dag p\u00e5 landet!<\/strong><\/p>\n<p data-start=\"147\" data-end=\"500\"><strong data-start=\"149\" data-end=\"163\">Vad ing\u00e5r?<br \/>\n<\/strong><br data-start=\"163\" data-end=\"166\">\ud83d\udc11 <strong data-start=\"169\" data-end=\"189\">Mata gulliga f\u00e5r<\/strong> \u2013 En mysig och l\u00e4rorik upplevelse f\u00f6r barnen!<br data-start=\"235\" data-end=\"238\">\ud83d\ude9c <strong data-start=\"241\" data-end=\"269\" data-is-only-node=\"\">\u00c5ktur med h\u00e4st &amp; vagn <\/strong>\u2013 En riktig lantlig upplevelse!<br data-start=\"342\" data-end=\"345\">\ud83d\udd25 <strong data-start=\"348\" data-end=\"368\">Mysig grillplats<\/strong> \u2013 Vi ser till att elden \u00e4r t\u00e4nd och redo f\u00f6r er.<br data-start=\"417\" data-end=\"420\">\ud83c\udf66 <strong data-start=\"423\" data-end=\"448\">Glass till alla barn!<\/strong> \u2013 Givetvis finns gluten- &amp; laktosfria alternativ.<\/p>\n<p data-start=\"502\" data-end=\"670\">\ud83d\udcb0 <strong data-start=\"505\" data-end=\"514\">Pris:<\/strong> Endast <strong data-start=\"522\" data-end=\"541\">95 kr per barn!<\/strong><\/p>\n<p data-start=\"502\" data-end=\"670\">4 vuxna ing\u00e5r per 20 barn, \u00f6vriga vuxna kan delta f\u00f6r 60 kr\/person.<br data-start=\"623\" data-end=\"626\">Vuxna kan k\u00f6pa till glass p\u00e5 plats<\/p>\n<p data-start=\"502\" data-end=\"670\">Betalning sker med kort eller med faktura.<\/p>\n<p data-start=\"502\" data-end=\"670\">Bokas via v\u00e5r hemsida nedan.<\/p>\n<\/div>\n<\/div>\n<\/div>\n<\/div>\n<\/div>\n<\/div>\n<\/div>\n<\/div>\n<\/article>\n<p>[\/vc_column_text][\/vc_column][\/vc_row][vc_row][vc_column][vc_separator color=&#8221;custom&#8221; style=&#8221;shadow&#8221; border_width=&#8221;5&#8243; css=&#8221;&#8221; accent_color=&#8221;#006340&#8243;][\/vc_column][\/vc_row][vc_row][vc_column width=&#8221;1\/3&#8243;][vc_single_image image=&#8221;3842&#8243; img_size=&#8221;full&#8221; alignment=&#8221;center&#8221; style=&#8221;vc_box_rounded&#8221; css=&#8221;.vc_custom_1740597495015{margin-top: 20px !important;}&#8221;][\/vc_column][vc_column width=&#8221;2\/3&#8243;][vc_column_text css=&#8221;&#8221;]<\/p>\n<h3 data-start=\"0\" data-end=\"70\"><strong data-start=\"0\" data-end=\"68\">\u00c4ventyrspaketet Mellan \u2013 En sp\u00e4nnande och l\u00e4rorik dag p\u00e5 landet!<\/strong><\/h3>\n<p data-start=\"72\" data-end=\"209\"><strong data-start=\"75\" data-end=\"119\">Uppt\u00e4ck djuren &amp; \u00e5k p\u00e5 lantligt \u00e4ventyr!<\/strong><\/p>\n<p data-start=\"72\" data-end=\"209\">Perfekt f\u00f6r skolklasser i <strong data-start=\"146\" data-end=\"161\">\u00e5rskurs 1\u20136<\/strong> som vill ha en rolig och l\u00e4rorik dag utomhus.<\/p>\n<p data-start=\"211\" data-end=\"544\"><strong data-start=\"213\" data-end=\"229\">Detta ing\u00e5r:<\/strong><br data-start=\"229\" data-end=\"232\">\ud83d\udd0d <strong data-start=\"235\" data-end=\"274\">Sp\u00e4nnande djurguidning &amp; f\u00e5rmatning<\/strong> \u2013 L\u00e4r k\u00e4nna djuren p\u00e5 n\u00e4ra h\u00e5ll!<br data-start=\"307\" data-end=\"310\">\ud83d\ude9c <strong data-start=\"313\" data-end=\"331\" data-is-only-node=\"\">H\u00e4st &amp; vagn<\/strong>&nbsp;\u2013 En riktig lantlig \u00e5ktur!<br data-start=\"399\" data-end=\"402\">\ud83d\udd25 <strong data-start=\"405\" data-end=\"419\">Grillplats<\/strong> \u2013 Vi ser till att elden \u00e4r redo f\u00f6r er,&nbsp; ni tar med er det ni vill grilla.&nbsp;<br data-start=\"459\" data-end=\"462\">\ud83c\udf66 <strong data-start=\"465\" data-end=\"490\">Glass till alla barn!<\/strong> \u2013 Sj\u00e4lvklart finns gluten- &amp; laktosfria alternativ.<\/p>\n<p data-start=\"546\" data-end=\"715\">\ud83d\udcb0 <strong data-start=\"549\" data-end=\"558\">Pris:<\/strong> Endast <strong data-start=\"566\" data-end=\"586\">105 kr per barn!<\/strong><\/p>\n<p data-start=\"502\" data-end=\"670\">4 vuxna ing\u00e5r per 20 barn, \u00f6vriga vuxna kan delta f\u00f6r 60 kr\/person.<br data-start=\"623\" data-end=\"626\">Vuxna kan k\u00f6pa till glass p\u00e5 plats<\/p>\n<p data-start=\"502\" data-end=\"670\">Betalning sker med kort eller med faktura.<\/p>\n<p data-start=\"502\" data-end=\"670\">Bokas via v\u00e5r hemsida nedan.<\/p>\n<p>[\/vc_column_text][\/vc_column][\/vc_row][vc_row][vc_column][vc_btn title=&#8221;Boka n\u00e5got av v\u00e5rt skolpaket redan idag!&#8221; style=&#8221;outline-custom&#8221; outline_custom_color=&#8221;#006340&#8243; outline_custom_hover_background=&#8221;#006340&#8243; align=&#8221;center&#8221; css=&#8221;&#8221; button_block=&#8221;true&#8221; link=&#8221;url:https%3A%2F%2Fapp.bookspot.io%2Fwidget%2Fv2%2Fdialog%2Fnew-order%3Fkey%3D2fc53eea376fab059e81d28b1d6747202d7dbb96375c9b42ebf4d9235ff87d0a%26productTypes%3Dproducts%2Cvouchers%26listView%3Dproducts%26products%3D13663%26products%3D18035&#8243;][vc_separator color=&#8221;custom&#8221; style=&#8221;shadow&#8221; border_width=&#8221;5&#8243; css=&#8221;&#8221; accent_color=&#8221;#006340&#8243;][\/vc_column][\/vc_row][vc_row][vc_column width=&#8221;1\/3&#8243;][vc_single_image image=&#8221;4010&#8243; img_size=&#8221;full&#8221; alignment=&#8221;center&#8221; style=&#8221;vc_box_rounded&#8221; css=&#8221;.vc_custom_1740598383786{margin-top: 20px !important;}&#8221;][\/vc_column][vc_column width=&#8221;2\/3&#8243;][vc_column_text css=&#8221;&#8221;]<\/p>\n<h3>Friluftspaketet<\/h3>\n<p>Rekommenderad \u00e5lder: Fr\u00e5n 10 \u00e5r<\/p>\n<ul>\n<li>En natt i Tipit\u00e4lt<\/li>\n<li>8 kanoter <em>(finns m\u00f6jlighet att l\u00e4gga till fler kanoter f\u00f6r 275 kr\/kanot. P\u00e5 g\u00e5rden finns totalt 12 kanoter.)<\/em><\/li>\n<li>Tillg\u00e5ng till k\u00f6k<\/li>\n<\/ul>\n<h3>grundPris: 4000 kr f\u00f6r upp till 20 personer<\/h3>\n<p>F\u00f6r fler \u00e4n 20 personer, 200 kr per extra person.[\/vc_column_text][vc_btn title=&#8221;Skicka en bokningsf\u00f6rfr\u00e5gan&#8221; style=&#8221;outline-custom&#8221; outline_custom_color=&#8221;#006340&#8243; outline_custom_hover_background=&#8221;#006340&#8243; align=&#8221;center&#8221; css=&#8221;&#8221; button_block=&#8221;true&#8221; link=&#8221;url:https%3A%2F%2Fwww.4h.se%2Fstattared%2Fbokning-av-friluftspaket%2F&#8221;][\/vc_column][\/vc_row][vc_row][vc_column][vc_separator color=&#8221;custom&#8221; style=&#8221;shadow&#8221; border_width=&#8221;5&#8243; css=&#8221;&#8221; accent_color=&#8221;#006340&#8243;][\/vc_column][\/vc_row][vc_row full_width=&#8221;stretch_row&#8221; gap=&#8221;5&#8243; disable_element=&#8221;yes&#8221; css=&#8221;.vc_custom_1740598553912{background-color: #006340 !important;}&#8221;][vc_column width=&#8221;1\/3&#8243; css=&#8221;.vc_custom_1706262205264{background-color: #ffffff !important;border-radius: 5px !important;}&#8221;][vc_column_text]<\/p>\n<h3>L\u00e4gerpaketet<\/h3>\n<h4>Rekommenderad \u00e5lder: Fr\u00e5n 8 \u00e5r<\/h4>\n<h4>Grundpris: 10 000 kr<\/h4>\n<p><strong>Fredag, fr\u00e5n kl 12 tom. S\u00f6ndag, innan kl 14<\/strong><\/p>\n<p>Hos oss kan som f\u00f6rening, f\u00f6retag eller annan organisation anordna l\u00e4ger.<\/p>\n<p>I paketet f\u00e5r ni tillg\u00e5ng till v\u00e5rt vandrarhem med 21 b\u00e4ddar och vid bokning v\u00e4ljer ni vilka aktiviteter ni vill l\u00e4gga till i er bokning. Alla aktiviteter som finns tillg\u00e4ngliga ser ni nedan.<\/p>\n<div class=\"txFixP\">\n<p><strong>Bokningsbara aktiviteter:\u00a0<\/strong><\/p>\n<p><strong>Djurmatning med ledare, kl 9-11:30<\/strong><\/p>\n<p>200 kr\/barn per dag.<\/p>\n<p><em>G\u00e5r att boka under l\u00f6rdag och fredag.\u00a0<\/em><\/p>\n<p><strong>Kanoter<\/strong><\/p>\n<p>275 kr\/kanot och 50 kr\/extra s\u00e4te.<\/p>\n<p><em>Vi har 12 kanoter, dessa \u00e4r bokningsbara fredag, l\u00f6rdag och s\u00f6ndag.\u00a0<\/em><\/p>\n<p><b>Utomhus matlagning<\/b><strong>\u00a0tillsammans med ledare<\/strong><\/p>\n<p>400 kr\/timme + kostnad f\u00f6r maten<\/p>\n<p><em>Bokningsbar under l\u00f6rdag &amp; s\u00f6ndag<\/em><\/p>\n<p><strong>Ponnyridning\u00a0<\/strong><\/p>\n<p>35 kr\/barn.<\/p>\n<p><em>Bokningsbar under fredag l\u00f6rdag &amp; s\u00f6ndag<\/em><\/p>\n<\/div>\n<p>[\/vc_column_text][\/vc_column][vc_column width=&#8221;1\/3&#8243; css=&#8221;.vc_custom_1706262216324{background-color: #ffffff !important;border-radius: 5px !important;}&#8221;][vc_column_text]<\/p>\n<h3>Idrott &amp; H\u00e4lsa<\/h3>\n<h4>Rekommenderad \u00e5lder: \u00c5k 7-9<\/h4>\n<p>Prisuppgift f\u00e5s vid bokning<\/p>\n<p>Tisdag\u2212fredag, kl 9:30-15<\/p>\n<p>F\u00f6rl\u00e4gg en heldag och n\u00e5 flera kursm\u00e5l inom Idrott &amp; H\u00e4lsa.<\/p>\n<p>Vi lagar v\u00e5r lunch tillsammans utomhus \u00f6ver \u00f6ppen eld och efter\u00e5t g\u00e5r ni ner till sj\u00f6n och paddlar kanot.<\/p>\n<p>&nbsp;<\/p>\n<p><strong>I detta paket ing\u00e5r:\u00a0<\/strong><\/p>\n<p>12 stycken kanoter + 10 stycken extra s\u00e4ten<\/p>\n<p>Utomhus matlagning tillsammans med ledare, 2 timmar.<\/p>\n<p>&nbsp;<\/p>\n<p><strong>Kursplan, Idrott &amp; H\u00e4lsa (Lgr22)<\/strong><\/p>\n<p>R\u00e4ttigheter och skyldigheter i naturen enligt allemansr\u00e4tten och dess till\u00e4mp\u00adning i praktiken.<\/p>\n<p>Planering och genomf\u00f6rande av friluftsaktiviteter i skilda milj\u00f6er under oli\u00adka \u00e5rstider.<\/p>\n<p>Badvett och s\u00e4kerhet vid vatten under olika \u00e5rstider. Hantering av n\u00f6d\u00adsitua\u00adtioner i och vid vatten med hj\u00e4lpredskap.<\/p>\n<p>&nbsp;[\/vc_column_text][\/vc_column][vc_column width=&#8221;1\/3&#8243;][\/vc_column][\/vc_row]<\/p>\n<\/div>","protected":false},"excerpt":{"rendered":"<p>[vc_row][vc_column width=&#8221;1\/3&#8243;][vc_single_image image=&#8221;3138&#8243; img_size=&#8221;full&#8221; alignment=&#8221;center&#8221; style=&#8221;vc_box_rounded&#8221; css=&#8221;.vc_custom_1740597385040{margin-top: 20px !important;}&#8221;][\/vc_column][vc_column width=&#8221;2\/3&#8243;][vc_column_text css=&#8221;&#8221;] ChatGPT sade: \u00c4ventyrspaketet Mini \u2013 En of\u00f6rgl\u00f6mlig dag f\u00f6r de sm\u00e5! Perfekt f\u00f6r f\u00f6rskolegrupper som vill uppleva en sp\u00e4nnande dag p\u00e5 landet! Vad ing\u00e5r? \ud83d\udc11 Mata gulliga f\u00e5r \u2013 En mysig och l\u00e4rorik upplevelse f\u00f6r barnen!\ud83d\ude9c \u00c5ktur med h\u00e4st &amp; vagn \u2013 En riktig&nbsp; <a href=\"https:\/\/www.4h.se\/stattared\/for-unga\/\">&hellip; Read more <i class=\"glyphicon glyphicon-arrow-right\"><\/i><\/a><\/p>\n","protected":false},"author":64,"featured_media":0,"parent":0,"menu_order":53,"comment_status":"closed","ping_status":"closed","template":"","meta":{"_acf_changed":false,"footnotes":""},"class_list":["post-3660","page","type-page","status-publish","hentry"],"acf":[],"yoast_head":"<!-- This site is optimized with the Yoast SEO plugin v27.5 - https:\/\/yoast.com\/product\/yoast-seo-wordpress\/ -->\n<title>F\u00f6r unga - St\u00e4ttareds 4H-g\u00e5rd<\/title>\n<meta name=\"robots\" content=\"index, follow, max-snippet:-1, max-image-preview:large, max-video-preview:-1\" \/>\n<link rel=\"canonical\" href=\"https:\/\/www.4h.se\/stattared\/for-unga\/\" \/>\n<meta property=\"og:locale\" content=\"sv_SE\" \/>\n<meta property=\"og:type\" content=\"article\" \/>\n<meta property=\"og:title\" content=\"F\u00f6r unga - St\u00e4ttareds 4H-g\u00e5rd\" \/>\n<meta property=\"og:description\" content=\"[vc_row][vc_column width=&#8221;1\/3&#8243;][vc_single_image image=&#8221;3138&#8243; img_size=&#8221;full&#8221; alignment=&#8221;center&#8221; style=&#8221;vc_box_rounded&#8221; css=&#8221;.vc_custom_1740597385040{margin-top: 20px !important;}&#8221;][\/vc_column][vc_column width=&#8221;2\/3&#8243;][vc_column_text css=&#8221;&#8221;] ChatGPT sade: \u00c4ventyrspaketet Mini \u2013 En of\u00f6rgl\u00f6mlig dag f\u00f6r de sm\u00e5! Perfekt f\u00f6r f\u00f6rskolegrupper som vill uppleva en sp\u00e4nnande dag p\u00e5 landet! Vad ing\u00e5r? \ud83d\udc11 Mata gulliga f\u00e5r \u2013 En mysig och l\u00e4rorik upplevelse f\u00f6r barnen!\ud83d\ude9c \u00c5ktur med h\u00e4st &amp; vagn \u2013 En riktig&nbsp; &hellip; Read more\" \/>\n<meta property=\"og:url\" content=\"https:\/\/www.4h.se\/stattared\/for-unga\/\" \/>\n<meta property=\"og:site_name\" content=\"St\u00e4ttareds 4H-g\u00e5rd\" \/>\n<meta property=\"article:modified_time\" content=\"2026-01-29T10:14:21+00:00\" \/>\n<meta name=\"twitter:card\" content=\"summary_large_image\" \/>\n<script type=\"application\/ld+json\" class=\"yoast-schema-graph\">{\"@context\":\"https:\\\/\\\/schema.org\",\"@graph\":[{\"@type\":\"WebPage\",\"@id\":\"https:\\\/\\\/www.4h.se\\\/stattared\\\/for-unga\\\/\",\"url\":\"https:\\\/\\\/www.4h.se\\\/stattared\\\/for-unga\\\/\",\"name\":\"F\u00f6r unga - St\u00e4ttareds 4H-g\u00e5rd\",\"isPartOf\":{\"@id\":\"https:\\\/\\\/www.4h.se\\\/stattared\\\/#website\"},\"datePublished\":\"2024-01-13T13:46:27+00:00\",\"dateModified\":\"2026-01-29T10:14:21+00:00\",\"breadcrumb\":{\"@id\":\"https:\\\/\\\/www.4h.se\\\/stattared\\\/for-unga\\\/#breadcrumb\"},\"inLanguage\":\"sv-SE\",\"potentialAction\":[{\"@type\":\"ReadAction\",\"target\":[\"https:\\\/\\\/www.4h.se\\\/stattared\\\/for-unga\\\/\"]}]},{\"@type\":\"BreadcrumbList\",\"@id\":\"https:\\\/\\\/www.4h.se\\\/stattared\\\/for-unga\\\/#breadcrumb\",\"itemListElement\":[{\"@type\":\"ListItem\",\"position\":1,\"name\":\"Hem\",\"item\":\"https:\\\/\\\/www.4h.se\\\/stattared\\\/\"},{\"@type\":\"ListItem\",\"position\":2,\"name\":\"F\u00f6r unga\"}]},{\"@type\":\"WebSite\",\"@id\":\"https:\\\/\\\/www.4h.se\\\/stattared\\\/#website\",\"url\":\"https:\\\/\\\/www.4h.se\\\/stattared\\\/\",\"name\":\"St\u00e4ttareds 4H-g\u00e5rd\",\"description\":\"mer \u00e4n bara en g\u00e5rd\",\"potentialAction\":[{\"@type\":\"SearchAction\",\"target\":{\"@type\":\"EntryPoint\",\"urlTemplate\":\"https:\\\/\\\/www.4h.se\\\/stattared\\\/?s={search_term_string}\"},\"query-input\":{\"@type\":\"PropertyValueSpecification\",\"valueRequired\":true,\"valueName\":\"search_term_string\"}}],\"inLanguage\":\"sv-SE\"}]}<\/script>\n<!-- \/ Yoast SEO plugin. -->","yoast_head_json":{"title":"F\u00f6r unga - St\u00e4ttareds 4H-g\u00e5rd","robots":{"index":"index","follow":"follow","max-snippet":"max-snippet:-1","max-image-preview":"max-image-preview:large","max-video-preview":"max-video-preview:-1"},"canonical":"https:\/\/www.4h.se\/stattared\/for-unga\/","og_locale":"sv_SE","og_type":"article","og_title":"F\u00f6r unga - St\u00e4ttareds 4H-g\u00e5rd","og_description":"[vc_row][vc_column width=&#8221;1\/3&#8243;][vc_single_image image=&#8221;3138&#8243; img_size=&#8221;full&#8221; alignment=&#8221;center&#8221; style=&#8221;vc_box_rounded&#8221; css=&#8221;.vc_custom_1740597385040{margin-top: 20px !important;}&#8221;][\/vc_column][vc_column width=&#8221;2\/3&#8243;][vc_column_text css=&#8221;&#8221;] ChatGPT sade: \u00c4ventyrspaketet Mini \u2013 En of\u00f6rgl\u00f6mlig dag f\u00f6r de sm\u00e5! Perfekt f\u00f6r f\u00f6rskolegrupper som vill uppleva en sp\u00e4nnande dag p\u00e5 landet! Vad ing\u00e5r? \ud83d\udc11 Mata gulliga f\u00e5r \u2013 En mysig och l\u00e4rorik upplevelse f\u00f6r barnen!\ud83d\ude9c \u00c5ktur med h\u00e4st &amp; vagn \u2013 En riktig&nbsp; &hellip; Read more","og_url":"https:\/\/www.4h.se\/stattared\/for-unga\/","og_site_name":"St\u00e4ttareds 4H-g\u00e5rd","article_modified_time":"2026-01-29T10:14:21+00:00","twitter_card":"summary_large_image","schema":{"@context":"https:\/\/schema.org","@graph":[{"@type":"WebPage","@id":"https:\/\/www.4h.se\/stattared\/for-unga\/","url":"https:\/\/www.4h.se\/stattared\/for-unga\/","name":"F\u00f6r unga - St\u00e4ttareds 4H-g\u00e5rd","isPartOf":{"@id":"https:\/\/www.4h.se\/stattared\/#website"},"datePublished":"2024-01-13T13:46:27+00:00","dateModified":"2026-01-29T10:14:21+00:00","breadcrumb":{"@id":"https:\/\/www.4h.se\/stattared\/for-unga\/#breadcrumb"},"inLanguage":"sv-SE","potentialAction":[{"@type":"ReadAction","target":["https:\/\/www.4h.se\/stattared\/for-unga\/"]}]},{"@type":"BreadcrumbList","@id":"https:\/\/www.4h.se\/stattared\/for-unga\/#breadcrumb","itemListElement":[{"@type":"ListItem","position":1,"name":"Hem","item":"https:\/\/www.4h.se\/stattared\/"},{"@type":"ListItem","position":2,"name":"F\u00f6r unga"}]},{"@type":"WebSite","@id":"https:\/\/www.4h.se\/stattared\/#website","url":"https:\/\/www.4h.se\/stattared\/","name":"St\u00e4ttareds 4H-g\u00e5rd","description":"mer \u00e4n bara en g\u00e5rd","potentialAction":[{"@type":"SearchAction","target":{"@type":"EntryPoint","urlTemplate":"https:\/\/www.4h.se\/stattared\/?s={search_term_string}"},"query-input":{"@type":"PropertyValueSpecification","valueRequired":true,"valueName":"search_term_string"}}],"inLanguage":"sv-SE"}]}},"_links":{"self":[{"href":"https:\/\/www.4h.se\/stattared\/wp-json\/wp\/v2\/pages\/3660","targetHints":{"allow":["GET"]}}],"collection":[{"href":"https:\/\/www.4h.se\/stattared\/wp-json\/wp\/v2\/pages"}],"about":[{"href":"https:\/\/www.4h.se\/stattared\/wp-json\/wp\/v2\/types\/page"}],"author":[{"embeddable":true,"href":"https:\/\/www.4h.se\/stattared\/wp-json\/wp\/v2\/users\/64"}],"replies":[{"embeddable":true,"href":"https:\/\/www.4h.se\/stattared\/wp-json\/wp\/v2\/comments?post=3660"}],"version-history":[{"count":0,"href":"https:\/\/www.4h.se\/stattared\/wp-json\/wp\/v2\/pages\/3660\/revisions"}],"wp:attachment":[{"href":"https:\/\/www.4h.se\/stattared\/wp-json\/wp\/v2\/media?parent=3660"}],"curies":[{"name":"wp","href":"https:\/\/api.w.org\/{rel}","templated":true}]}}