



{"id":1463,"date":"2020-04-24T17:14:19","date_gmt":"2020-04-24T15:14:19","guid":{"rendered":"https:\/\/www.4h.se\/stattared\/?page_id=1463"},"modified":"2026-04-15T11:11:46","modified_gmt":"2026-04-15T09:11:46","slug":"stattaredsdagen","status":"publish","type":"page","link":"https:\/\/www.4h.se\/stattared\/stattaredsdagen\/","title":{"rendered":"St\u00e4ttaredsdagen"},"content":{"rendered":"<div class=\"wpb-content-wrapper\"><p>[vc_row full_width=&#8221;stretch_row_content&#8221; css=&#8221;.vc_custom_1744711949607{margin-top: -110px !important;}&#8221;][vc_column width=&#8221;1\/3&#8243; offset=&#8221;vc_hidden-sm&#8221;][vc_single_image image=&#8221;1724&#8243; img_size=&#8221;full&#8221; css=&#8221;.vc_custom_1744712270092{margin-right: -30px !important;margin-left: -19px !important;}&#8221;][\/vc_column][vc_column width=&#8221;1\/3&#8243;][vc_single_image image=&#8221;3910&#8243; img_size=&#8221;full&#8221; css=&#8221;.vc_custom_1744712215955{margin-right: -30px !important;margin-left: -30px !important;}&#8221;][\/vc_column][vc_column width=&#8221;1\/3&#8243; offset=&#8221;vc_hidden-sm&#8221;][vc_single_image image=&#8221;1710&#8243; img_size=&#8221;full&#8221; css=&#8221;.vc_custom_1744712260721{margin-right: -30px !important;margin-left: -19px !important;}&#8221;][\/vc_column][\/vc_row][vc_row][vc_column][vc_column_text css=&#8221;.vc_custom_1776082200850{margin-top: -20px !important;}&#8221;]<\/p>\n<h1><span style=\"color: #000000;\"><strong>St\u00e4ttaredsdagen<\/strong><\/span><\/h1>\n<h3><span style=\"color: #000000;\"><strong>Fredagen den 1 maj 2026 kl 11\u201315.<\/strong><\/span><\/h3>\n<p>[\/vc_column_text][vc_column_text css=&#8221;&#8221;]<\/p>\n<h4><span style=\"color: #000000;\"><strong>Vad \u00e4r St\u00e4ttaredsdagen?<\/strong><\/span><\/h4>\n<p class=\"\" data-start=\"143\" data-end=\"251\"><span style=\"color: #000000;\"><strong data-start=\"143\" data-end=\"199\">V\u00e4lkommen till St\u00e4ttaredsdagen \u2013 varje \u00e5r den 1 maj!<\/strong><\/span><br data-start=\"199\" data-end=\"202\"><span style=\"color: #000000;\">En h\u00e4rlig dag f\u00f6r hela familjen p\u00e5 v\u00e5r fina g\u00e5rd.<\/span><\/p>\n<p class=\"\" data-start=\"253\" data-end=\"505\"><span style=\"color: #000000;\">Vi bjuder in lokala f\u00f6retag och f\u00f6reningar att visa upp sin verksamhet. Vi p\u00e5 St\u00e4ttared ordnar roliga aktiviteter f\u00f6r stora och sm\u00e5, s\u00e5 ta med familjen och kom och fira dagen med oss.<\/span><\/p>\n<p><span style=\"color: #000000;\">Parkeringen kostar 60 kr, och vet du vad? Alla int\u00e4kter g\u00e5r direkt till g\u00e5rden f\u00f6r att st\u00f6dja v\u00e5ra fantastiska djur och verksamhet!<\/span><\/p>\n<h4><span style=\"color: #000000;\">I \u00e5r firar vi 20 \u00e5r och bjuder p\u00e5 rullt\u00e5rta dagen till \u00e4ra! \ud83c\udf40<\/span><\/h4>\n<p>[\/vc_column_text][vc_separator color=&#8221;green&#8221; border_width=&#8221;5&#8243;][\/vc_column][\/vc_row][vc_row full_width=&#8221;stretch_row&#8221; gap=&#8221;10&#8243;][vc_column css=&#8221;.vc_custom_1712571001728{margin-top: 20px !important;background-color: #ffffff !important;border-radius: 5px !important;}&#8221;][vc_column_text css=&#8221;.vc_custom_1776152509547{margin-top: -60px !important;}&#8221;]<\/p>\n<h1><span style=\"color: #000000;\">Program f\u00f6r dagen<\/span><\/h1>\n<p>[\/vc_column_text][vc_column_text css=&#8221;&#8221;]<\/p>\n<h3><span style=\"color: #000000\"><strong>H\u00e4st &amp; vagn \u2022<\/strong><strong>\u00a0kl 11.30\u221213.30<\/strong><\/span><\/h3>\n<p><span style=\"color: #000000\"><strong>Betalas med swish vid aktiviteten<\/strong><\/span><\/p>\n<p><span style=\"color: #000000\">Barn<em>:\u00a0<\/em>35 kr \/ Vuxna:<em>\u00a0<\/em>45 kr.<\/span><\/p>\n<p><span style=\"color: #000000\">Njut av en h\u00e4rlig tur med h\u00e4st &amp; vagn.<\/span><\/p>\n<p><span style=\"color: #000000\">Ingen f\u00f6rbokning. Begr\u00e4nsat antal platser.<\/span><\/p>\n<p><span style=\"color: #000000\">Aktiviteten genomf\u00f6rs under f\u00f6ruts\u00e4ttning att h\u00e4starna har full h\u00e4lsa.<\/span>[\/vc_column_text][vc_column_text css=&#8221;&#8221;]<\/p>\n<h3><span style=\"color: #000000;\"><strong>Ponnyridning f\u00f6r barn&nbsp;\u2022 k<\/strong><strong>l 13.30\u221215.00<\/strong><\/span><\/h3>\n<p><span style=\"color: #000000;\"><strong>Betalas med swish vid aktiviteten<\/strong><\/span><\/p>\n<p><span style=\"color: #000000;\">35 kr per barn.<\/span><\/p>\n<p><span style=\"color: #000000;\">Rid ett varv p\u00e5 v\u00e5ra Gotlandsruss.<\/span><\/p>\n<p><span style=\"color: #000000;\">Ingen f\u00f6rbokning. Begr\u00e4nsat antal platser.<\/span><\/p>\n<p><span style=\"color: #000000;\">Ridningen sker efter h\u00e4starnas f\u00f6ruts\u00e4ttningar och kondition.<\/span>[\/vc_column_text][vc_column_text css=&#8221;&#8221;]<\/p>\n<h3><span style=\"color: #000000;\"><strong>Lammh\u00e4gn&nbsp;\u2022 kl 11-13<\/strong><\/span><\/h3>\n<p><span style=\"color: #000000;\"><strong>Matp\u00e5sar k\u00f6pes vid aktiviteten.&nbsp;<\/strong><\/span><\/p>\n<p><span style=\"color: #000000;\">35 kr per person.<\/span><\/p>\n<p><span style=\"color: #000000;\">Mys med \u00e5rets lamm och pr\u00f6va p\u00e5 att mata&nbsp;deras mammor.<\/span><\/p>\n<p><span style=\"color: #000000;\">Max 6 personer i h\u00e4gnet samtidigt.<\/span><\/p>\n<p><span style=\"color: #000000;\">Begr\u00e4nsat antal matp\u00e5sar och kan d\u00e4rf\u00f6r s\u00e4lja slut under dagen.<\/span>[\/vc_column_text][vc_column_text css=&#8221;&#8221;]<\/p>\n<h3><span style=\"color: #000000;\"><strong>Trollerishow \u2022<\/strong><strong> kl 11:30 &amp; 13:00<img loading=\"lazy\" decoding=\"async\" class=\"wp-image-4079 size-thumbnail alignright\" src=\"https:\/\/www.4h.se\/stattared\/wp-content\/uploads\/sites\/77\/2026\/04\/Mr-Berger-Gycklaren-Ann-162x150.jpg\" alt=\"\" width=\"162\" height=\"150\" srcset=\"https:\/\/www.4h.se\/stattared\/wp-content\/uploads\/sites\/77\/2026\/04\/Mr-Berger-Gycklaren-Ann-162x150.jpg 162w, https:\/\/www.4h.se\/stattared\/wp-content\/uploads\/sites\/77\/2026\/04\/Mr-Berger-Gycklaren-Ann-325x300.jpg 325w, https:\/\/www.4h.se\/stattared\/wp-content\/uploads\/sites\/77\/2026\/04\/Mr-Berger-Gycklaren-Ann-970x896.jpg 970w, https:\/\/www.4h.se\/stattared\/wp-content\/uploads\/sites\/77\/2026\/04\/Mr-Berger-Gycklaren-Ann-768x709.jpg 768w, https:\/\/www.4h.se\/stattared\/wp-content\/uploads\/sites\/77\/2026\/04\/Mr-Berger-Gycklaren-Ann-1536x1419.jpg 1536w, https:\/\/www.4h.se\/stattared\/wp-content\/uploads\/sites\/77\/2026\/04\/Mr-Berger-Gycklaren-Ann-2048x1891.jpg 2048w\" sizes=\"auto, (max-width: 162px) 100vw, 162px\" \/><\/strong><\/span><\/h3>\n<p><span style=\"color: #000000;\">Upplev en sp\u00e4nnande trollerishow med Mr Berger och Gyklaren Ann.<\/span><\/p>\n<p><span style=\"color: #000000;\">F\u00f6rest\u00e4llningen \u00e4r ca 30 min och du tittar p\u00e5 showen vid scenen.<\/span><\/p>\n<p>&nbsp;<\/p>\n<p>&nbsp;[\/vc_column_text][vc_column_text css=&#8221;.vc_custom_1776244287972{margin-top: -40px !important;}&#8221;]<\/p>\n<h3><span style=\"color: #000000;\"><strong>\u00c5n GBG \u2022<\/strong><strong> kl 12:15 &amp; 13:30<\/strong><\/span><\/h3>\n<p><span style=\"color: #000000;\">Sl\u00e5 er ner p\u00e5 gr\u00e4s och lyssna p\u00e5 h\u00e4rlig musik fr\u00e5n ett lokalt band.&nbsp;<\/span><\/p>\n<p><span style=\"color: #000000;\">De spelar covers blandat med egen musik.&nbsp;<\/span>[\/vc_column_text][vc_column_text css=&#8221;&#8221;]<\/p>\n<h3><span style=\"color: #000000;\">Servering \u2022&nbsp;kl 11\u221215<\/span><\/h3>\n<p><span style=\"color: #000000;\">Caf\u00e9 \u2022 Grillt\u00e4lt<\/span><\/p>\n<p><span style=\"color: #000000;\">Nygr\u00e4ddade v\u00e5fflor, rykande varm dryck och doftande kanelbullar v\u00e4ntar p\u00e5 dig \u2013 en riktig smakfest! <\/span><\/p>\n<p><span style=\"color: #000000;\">Eller varf\u00f6r inte ta en saftig hamburgare eller en kokt korv ute i v\u00e5rt mysiga grillt\u00e4lt?<\/span>[\/vc_column_text][vc_column_text css=&#8221;&#8221;]<\/p>\n<h3><span style=\"color: #000000;\">Ansiktsm\u00e5lning \u2022 kl 11-13<\/span><\/h3>\n<p><span style=\"color: #000000;\">Bli en vacker fj\u00e4ril eller en blomma hos v\u00e5ra konstn\u00e4rer.&nbsp;<\/span><\/p>\n<p><span style=\"color: #000000;\">30 kr\/barn<\/span>[\/vc_column_text][vc_column_text css=&#8221;&#8221;]<\/p>\n<h3><span style=\"color: #000000;\"><strong>Servering av Rullt\u00e5rta \u2022<\/strong><strong> kl 14-15<\/strong><\/span><\/h3>\n<p><span style=\"color: #000000;\">Vi firar 20 \u00e5r och det vill vi fira med att bjuda p\u00e5 en h\u00e4rlig 4H-rullt\u00e5rta.<\/span><\/p>\n<p><span style=\"color: #000000;\">Glutenfritt och laktosfria alternativ finns.<\/span><\/p>\n<p><span style=\"color: #000000;\">Med reservering att rullt\u00e5rtan kan ta slut d\u00e5 det finns begr\u00e4nsat antal<\/span>[\/vc_column_text][vc_column_text css=&#8221;&#8221;]<\/p>\n<h3><span style=\"color: #000000;\"><strong>Marknad \u2022<\/strong><strong>&nbsp;kl 11\u221215<\/strong><\/span><\/h3>\n<p><span style=\"color: #000000;\">St\u00e4ttared bjuder in till en marknad d\u00e4r lokala producenter kommer att s\u00e4lja sina varor.<\/span>[\/vc_column_text][vc_column_text css=&#8221;&#8221;]<\/p>\n<h3><span style=\"color: #000000;\">Lotteri \u2022 kl 11-15<\/span><\/h3>\n<div class=\"group\/conversation-turn relative flex w-full min-w-0 flex-col agent-turn\">\n<div class=\"flex-col gap-1 md:gap-3\">\n<div class=\"flex max-w-full flex-col flex-grow\">\n<div class=\"min-h-8 text-message flex w-full flex-col items-end gap-2 whitespace-normal break-words [.text-message+&amp;]:mt-5\" dir=\"auto\" data-message-author-role=\"assistant\" data-message-id=\"97ae9e9a-d48c-405d-90da-2ded26ff4ffa\">\n<div class=\"flex w-full flex-col gap-1 empty:hidden first:pt-[3px]\">\n<div class=\"markdown prose w-full break-words dark:prose-invert dark\">\n<p><span style=\"color: #000000;\">Testa lyckan i v\u00e5rt 21-lotteri! Om du f\u00e5r mellan 17 och 21 kan du jubla som en vinnare \u2013 Kom och se om turen st\u00e5r p\u00e5 din sida!<\/span><\/p>\n<p><span style=\"color: #000000;\">2 kr\/lott eller 10 kr\/remsa<\/span><\/div>\n<\/div>\n<\/div>\n<\/div>\n<\/div>\n<\/div>\n<p>[\/vc_column_text][vc_column_text css=&#8221;&#8221;]<\/p>\n<h3><span style=\"color: #000000;\">FISKDAMM \u2022 kl 11-15<\/span><\/h3>\n<p><span style=\"color: #000000;\">Fiskdammen \u00e4r en sp\u00e4nnande plats d\u00e4r b\u00e5de stora och sm\u00e5 kan fiska efter \u00f6verraskningar och skatter som v\u00e4ntar under ytan<\/span><\/p>\n<p><span style=\"color: #000000;\">25 kr\/kast<\/span>[\/vc_column_text][\/vc_column][\/vc_row][vc_row][vc_column][vc_single_image image=&#8221;2410&#8243; img_size=&#8221;full&#8221; css=&#8221;&#8221;][\/vc_column][\/vc_row]<\/p>\n<\/div>","protected":false},"excerpt":{"rendered":"<p>[vc_row full_width=&#8221;stretch_row_content&#8221; css=&#8221;.vc_custom_1744711949607{margin-top: -110px !important;}&#8221;][vc_column width=&#8221;1\/3&#8243; offset=&#8221;vc_hidden-sm&#8221;][vc_single_image image=&#8221;1724&#8243; img_size=&#8221;full&#8221; css=&#8221;.vc_custom_1744712270092{margin-right: -30px !important;margin-left: -19px !important;}&#8221;][\/vc_column][vc_column width=&#8221;1\/3&#8243;][vc_single_image image=&#8221;3910&#8243; img_size=&#8221;full&#8221; css=&#8221;.vc_custom_1744712215955{margin-right: -30px !important;margin-left: -30px !important;}&#8221;][\/vc_column][vc_column width=&#8221;1\/3&#8243; offset=&#8221;vc_hidden-sm&#8221;][vc_single_image image=&#8221;1710&#8243; img_size=&#8221;full&#8221; css=&#8221;.vc_custom_1744712260721{margin-right: -30px !important;margin-left: -19px !important;}&#8221;][\/vc_column][\/vc_row][vc_row][vc_column][vc_column_text css=&#8221;.vc_custom_1776082200850{margin-top: -20px !important;}&#8221;] St\u00e4ttaredsdagen Fredagen den 1 maj 2026 kl 11\u201315. [\/vc_column_text][vc_column_text css=&#8221;&#8221;] Vad \u00e4r St\u00e4ttaredsdagen? V\u00e4lkommen till St\u00e4ttaredsdagen \u2013 varje \u00e5r den 1&nbsp; <a href=\"https:\/\/www.4h.se\/stattared\/stattaredsdagen\/\">&hellip; Read more <i class=\"glyphicon glyphicon-arrow-right\"><\/i><\/a><\/p>\n","protected":false},"author":24,"featured_media":0,"parent":0,"menu_order":147,"comment_status":"closed","ping_status":"closed","template":"","meta":{"footnotes":""},"class_list":["post-1463","page","type-page","status-publish","hentry"],"yoast_head":"<!-- This site is optimized with the Yoast SEO plugin v27.4 - https:\/\/yoast.com\/product\/yoast-seo-wordpress\/ -->\n<title>St\u00e4ttaredsdagen - St\u00e4ttareds 4H-g\u00e5rd<\/title>\n<meta name=\"robots\" content=\"index, follow, max-snippet:-1, max-image-preview:large, max-video-preview:-1\" \/>\n<link rel=\"canonical\" href=\"https:\/\/www.4h.se\/stattared\/stattaredsdagen\/\" \/>\n<meta property=\"og:locale\" content=\"sv_SE\" \/>\n<meta property=\"og:type\" content=\"article\" \/>\n<meta property=\"og:title\" content=\"St\u00e4ttaredsdagen - St\u00e4ttareds 4H-g\u00e5rd\" \/>\n<meta property=\"og:description\" content=\"[vc_row full_width=&#8221;stretch_row_content&#8221; css=&#8221;.vc_custom_1744711949607{margin-top: -110px !important;}&#8221;][vc_column width=&#8221;1\/3&#8243; offset=&#8221;vc_hidden-sm&#8221;][vc_single_image image=&#8221;1724&#8243; img_size=&#8221;full&#8221; css=&#8221;.vc_custom_1744712270092{margin-right: -30px !important;margin-left: -19px !important;}&#8221;][\/vc_column][vc_column width=&#8221;1\/3&#8243;][vc_single_image image=&#8221;3910&#8243; img_size=&#8221;full&#8221; css=&#8221;.vc_custom_1744712215955{margin-right: -30px !important;margin-left: -30px !important;}&#8221;][\/vc_column][vc_column width=&#8221;1\/3&#8243; offset=&#8221;vc_hidden-sm&#8221;][vc_single_image image=&#8221;1710&#8243; img_size=&#8221;full&#8221; css=&#8221;.vc_custom_1744712260721{margin-right: -30px !important;margin-left: -19px !important;}&#8221;][\/vc_column][\/vc_row][vc_row][vc_column][vc_column_text css=&#8221;.vc_custom_1776082200850{margin-top: -20px !important;}&#8221;] St\u00e4ttaredsdagen Fredagen den 1 maj 2026 kl 11\u201315. [\/vc_column_text][vc_column_text css=&#8221;&#8221;] Vad \u00e4r St\u00e4ttaredsdagen? V\u00e4lkommen till St\u00e4ttaredsdagen \u2013 varje \u00e5r den 1&nbsp; &hellip; Read more\" \/>\n<meta property=\"og:url\" content=\"https:\/\/www.4h.se\/stattared\/stattaredsdagen\/\" \/>\n<meta property=\"og:site_name\" content=\"St\u00e4ttareds 4H-g\u00e5rd\" \/>\n<meta property=\"article:modified_time\" content=\"2026-04-15T09:11:46+00:00\" \/>\n<meta property=\"og:image\" content=\"https:\/\/www.4h.se\/stattared\/wp-content\/uploads\/sites\/77\/2026\/04\/Mr-Berger-Gycklaren-Ann-scaled.jpg\" \/>\n\t<meta property=\"og:image:width\" content=\"2560\" \/>\n\t<meta property=\"og:image:height\" content=\"2364\" \/>\n\t<meta property=\"og:image:type\" content=\"image\/jpeg\" \/>\n<meta name=\"twitter:card\" content=\"summary_large_image\" \/>\n<script type=\"application\/ld+json\" class=\"yoast-schema-graph\">{\"@context\":\"https:\\\/\\\/schema.org\",\"@graph\":[{\"@type\":\"WebPage\",\"@id\":\"https:\\\/\\\/www.4h.se\\\/stattared\\\/stattaredsdagen\\\/\",\"url\":\"https:\\\/\\\/www.4h.se\\\/stattared\\\/stattaredsdagen\\\/\",\"name\":\"St\u00e4ttaredsdagen - St\u00e4ttareds 4H-g\u00e5rd\",\"isPartOf\":{\"@id\":\"https:\\\/\\\/www.4h.se\\\/stattared\\\/#website\"},\"primaryImageOfPage\":{\"@id\":\"https:\\\/\\\/www.4h.se\\\/stattared\\\/stattaredsdagen\\\/#primaryimage\"},\"image\":{\"@id\":\"https:\\\/\\\/www.4h.se\\\/stattared\\\/stattaredsdagen\\\/#primaryimage\"},\"thumbnailUrl\":\"https:\\\/\\\/www.4h.se\\\/stattared\\\/wp-content\\\/uploads\\\/sites\\\/77\\\/2026\\\/04\\\/Mr-Berger-Gycklaren-Ann-162x150.jpg\",\"datePublished\":\"2020-04-24T15:14:19+00:00\",\"dateModified\":\"2026-04-15T09:11:46+00:00\",\"breadcrumb\":{\"@id\":\"https:\\\/\\\/www.4h.se\\\/stattared\\\/stattaredsdagen\\\/#breadcrumb\"},\"inLanguage\":\"sv-SE\",\"potentialAction\":[{\"@type\":\"ReadAction\",\"target\":[\"https:\\\/\\\/www.4h.se\\\/stattared\\\/stattaredsdagen\\\/\"]}]},{\"@type\":\"ImageObject\",\"inLanguage\":\"sv-SE\",\"@id\":\"https:\\\/\\\/www.4h.se\\\/stattared\\\/stattaredsdagen\\\/#primaryimage\",\"url\":\"https:\\\/\\\/www.4h.se\\\/stattared\\\/wp-content\\\/uploads\\\/sites\\\/77\\\/2026\\\/04\\\/Mr-Berger-Gycklaren-Ann-scaled.jpg\",\"contentUrl\":\"https:\\\/\\\/www.4h.se\\\/stattared\\\/wp-content\\\/uploads\\\/sites\\\/77\\\/2026\\\/04\\\/Mr-Berger-Gycklaren-Ann-scaled.jpg\",\"width\":2560,\"height\":2364},{\"@type\":\"BreadcrumbList\",\"@id\":\"https:\\\/\\\/www.4h.se\\\/stattared\\\/stattaredsdagen\\\/#breadcrumb\",\"itemListElement\":[{\"@type\":\"ListItem\",\"position\":1,\"name\":\"Hem\",\"item\":\"https:\\\/\\\/www.4h.se\\\/stattared\\\/\"},{\"@type\":\"ListItem\",\"position\":2,\"name\":\"St\u00e4ttaredsdagen\"}]},{\"@type\":\"WebSite\",\"@id\":\"https:\\\/\\\/www.4h.se\\\/stattared\\\/#website\",\"url\":\"https:\\\/\\\/www.4h.se\\\/stattared\\\/\",\"name\":\"St\u00e4ttareds 4H-g\u00e5rd\",\"description\":\"mer \u00e4n bara en g\u00e5rd\",\"potentialAction\":[{\"@type\":\"SearchAction\",\"target\":{\"@type\":\"EntryPoint\",\"urlTemplate\":\"https:\\\/\\\/www.4h.se\\\/stattared\\\/?s={search_term_string}\"},\"query-input\":{\"@type\":\"PropertyValueSpecification\",\"valueRequired\":true,\"valueName\":\"search_term_string\"}}],\"inLanguage\":\"sv-SE\"}]}<\/script>\n<!-- \/ Yoast SEO plugin. -->","yoast_head_json":{"title":"St\u00e4ttaredsdagen - St\u00e4ttareds 4H-g\u00e5rd","robots":{"index":"index","follow":"follow","max-snippet":"max-snippet:-1","max-image-preview":"max-image-preview:large","max-video-preview":"max-video-preview:-1"},"canonical":"https:\/\/www.4h.se\/stattared\/stattaredsdagen\/","og_locale":"sv_SE","og_type":"article","og_title":"St\u00e4ttaredsdagen - St\u00e4ttareds 4H-g\u00e5rd","og_description":"[vc_row full_width=&#8221;stretch_row_content&#8221; css=&#8221;.vc_custom_1744711949607{margin-top: -110px !important;}&#8221;][vc_column width=&#8221;1\/3&#8243; offset=&#8221;vc_hidden-sm&#8221;][vc_single_image image=&#8221;1724&#8243; img_size=&#8221;full&#8221; css=&#8221;.vc_custom_1744712270092{margin-right: -30px !important;margin-left: -19px !important;}&#8221;][\/vc_column][vc_column width=&#8221;1\/3&#8243;][vc_single_image image=&#8221;3910&#8243; img_size=&#8221;full&#8221; css=&#8221;.vc_custom_1744712215955{margin-right: -30px !important;margin-left: -30px !important;}&#8221;][\/vc_column][vc_column width=&#8221;1\/3&#8243; offset=&#8221;vc_hidden-sm&#8221;][vc_single_image image=&#8221;1710&#8243; img_size=&#8221;full&#8221; css=&#8221;.vc_custom_1744712260721{margin-right: -30px !important;margin-left: -19px !important;}&#8221;][\/vc_column][\/vc_row][vc_row][vc_column][vc_column_text css=&#8221;.vc_custom_1776082200850{margin-top: -20px !important;}&#8221;] St\u00e4ttaredsdagen Fredagen den 1 maj 2026 kl 11\u201315. [\/vc_column_text][vc_column_text css=&#8221;&#8221;] Vad \u00e4r St\u00e4ttaredsdagen? V\u00e4lkommen till St\u00e4ttaredsdagen \u2013 varje \u00e5r den 1&nbsp; &hellip; Read more","og_url":"https:\/\/www.4h.se\/stattared\/stattaredsdagen\/","og_site_name":"St\u00e4ttareds 4H-g\u00e5rd","article_modified_time":"2026-04-15T09:11:46+00:00","og_image":[{"width":2560,"height":2364,"url":"https:\/\/www.4h.se\/stattared\/wp-content\/uploads\/sites\/77\/2026\/04\/Mr-Berger-Gycklaren-Ann-scaled.jpg","type":"image\/jpeg"}],"twitter_card":"summary_large_image","schema":{"@context":"https:\/\/schema.org","@graph":[{"@type":"WebPage","@id":"https:\/\/www.4h.se\/stattared\/stattaredsdagen\/","url":"https:\/\/www.4h.se\/stattared\/stattaredsdagen\/","name":"St\u00e4ttaredsdagen - St\u00e4ttareds 4H-g\u00e5rd","isPartOf":{"@id":"https:\/\/www.4h.se\/stattared\/#website"},"primaryImageOfPage":{"@id":"https:\/\/www.4h.se\/stattared\/stattaredsdagen\/#primaryimage"},"image":{"@id":"https:\/\/www.4h.se\/stattared\/stattaredsdagen\/#primaryimage"},"thumbnailUrl":"https:\/\/www.4h.se\/stattared\/wp-content\/uploads\/sites\/77\/2026\/04\/Mr-Berger-Gycklaren-Ann-162x150.jpg","datePublished":"2020-04-24T15:14:19+00:00","dateModified":"2026-04-15T09:11:46+00:00","breadcrumb":{"@id":"https:\/\/www.4h.se\/stattared\/stattaredsdagen\/#breadcrumb"},"inLanguage":"sv-SE","potentialAction":[{"@type":"ReadAction","target":["https:\/\/www.4h.se\/stattared\/stattaredsdagen\/"]}]},{"@type":"ImageObject","inLanguage":"sv-SE","@id":"https:\/\/www.4h.se\/stattared\/stattaredsdagen\/#primaryimage","url":"https:\/\/www.4h.se\/stattared\/wp-content\/uploads\/sites\/77\/2026\/04\/Mr-Berger-Gycklaren-Ann-scaled.jpg","contentUrl":"https:\/\/www.4h.se\/stattared\/wp-content\/uploads\/sites\/77\/2026\/04\/Mr-Berger-Gycklaren-Ann-scaled.jpg","width":2560,"height":2364},{"@type":"BreadcrumbList","@id":"https:\/\/www.4h.se\/stattared\/stattaredsdagen\/#breadcrumb","itemListElement":[{"@type":"ListItem","position":1,"name":"Hem","item":"https:\/\/www.4h.se\/stattared\/"},{"@type":"ListItem","position":2,"name":"St\u00e4ttaredsdagen"}]},{"@type":"WebSite","@id":"https:\/\/www.4h.se\/stattared\/#website","url":"https:\/\/www.4h.se\/stattared\/","name":"St\u00e4ttareds 4H-g\u00e5rd","description":"mer \u00e4n bara en g\u00e5rd","potentialAction":[{"@type":"SearchAction","target":{"@type":"EntryPoint","urlTemplate":"https:\/\/www.4h.se\/stattared\/?s={search_term_string}"},"query-input":{"@type":"PropertyValueSpecification","valueRequired":true,"valueName":"search_term_string"}}],"inLanguage":"sv-SE"}]}},"_links":{"self":[{"href":"https:\/\/www.4h.se\/stattared\/wp-json\/wp\/v2\/pages\/1463","targetHints":{"allow":["GET"]}}],"collection":[{"href":"https:\/\/www.4h.se\/stattared\/wp-json\/wp\/v2\/pages"}],"about":[{"href":"https:\/\/www.4h.se\/stattared\/wp-json\/wp\/v2\/types\/page"}],"author":[{"embeddable":true,"href":"https:\/\/www.4h.se\/stattared\/wp-json\/wp\/v2\/users\/24"}],"replies":[{"embeddable":true,"href":"https:\/\/www.4h.se\/stattared\/wp-json\/wp\/v2\/comments?post=1463"}],"version-history":[{"count":0,"href":"https:\/\/www.4h.se\/stattared\/wp-json\/wp\/v2\/pages\/1463\/revisions"}],"wp:attachment":[{"href":"https:\/\/www.4h.se\/stattared\/wp-json\/wp\/v2\/media?parent=1463"}],"curies":[{"name":"wp","href":"https:\/\/api.w.org\/{rel}","templated":true}]}}