



{"id":689,"date":"2023-01-16T17:13:45","date_gmt":"2023-01-16T16:13:45","guid":{"rendered":"http:\/\/www.4h.se\/skalby\/?page_id=689"},"modified":"2026-03-08T11:12:43","modified_gmt":"2026-03-08T10:12:43","slug":"lager-under-sommaren","status":"publish","type":"page","link":"https:\/\/www.4h.se\/skalby\/lager-under-sommaren\/","title":{"rendered":"L\u00e4ger under sommaren"},"content":{"rendered":"<div class=\"wpb-content-wrapper\"><p>[vc_row][vc_column width=&#8221;2\/3&#8243;][vc_column_text css=&#8221;&#8221;]<\/p>\n<h2><\/h2>\n<h2><\/h2>\n<h2>V. 25 LAntg\u00e5rdsl\u00e4ger<\/h2>\n<p>4H:s l\u00e4ger \u00e4r fyllda av djur, lek och kompisar, och passar dig som gillar att vara ute i naturen. Under l\u00e4gret f\u00e5r du komma n\u00e4ra djuren p\u00e5 g\u00e5rden och l\u00e4ra dig hur man tar hand om dem enligt 4H:s motto&nbsp;<i>\u201cl\u00e4ra genom att g\u00f6ra\u201d<\/i>. Du f\u00e5r vara med i den dagliga sk\u00f6tseln n\u00e4r vi matar, mockar och tar hand om djuren men vi kan \u00e4ven prova p\u00e5 aktiviteter som att gosa med f\u00e5r, hoppa hinder med getterna eller g\u00e5 med kanin i koppel. Djuren du f\u00e5r tr\u00e4ffa p\u00e5 g\u00e5rden \u00e4r: h\u00e4star, f\u00e5r, getter, grisar, h\u00f6ns och kaniner, marsvin, katter och det finns roliga saker att hitta p\u00e5 med dem allihopa!<\/p>\n<p>4H \u00e4r dock mycket mer \u00e4n djur s\u00e5 f\u00f6rutom aktiviteter kring djuren brukar vi \u00e4ven pyssla och leka massa roliga lekar.<\/p>\n<p>&nbsp;<\/p>\n<p>&nbsp;[\/vc_column_text][vc_btn title=&#8221;Anm\u00e4l dig h\u00e4r!&#8221; color=&#8221;info&#8221; css=&#8221;&#8221; link=&#8221;url:https%3A%2F%2Fwww.antribe.com%2Forg%2F4h%2Fskalby-4h%2Fevent%2Fdjurskotarkurs-fran-7-ar-1-1-1&#8243;][\/vc_column][vc_column width=&#8221;1\/3&#8243;][vc_single_image image=&#8221;570&#8243; img_size=&#8221;medium&#8221;][\/vc_column][\/vc_row][vc_row][vc_column width=&#8221;2\/3&#8243;][vc_column_text][\/vc_column_text][\/vc_column][vc_column width=&#8221;1\/3&#8243;][\/vc_column][\/vc_row][vc_row][vc_column width=&#8221;2\/3&#8243;][vc_column_text css=&#8221;&#8221;]<\/p>\n<h2>V. 32 H\u00e4stsk\u00f6tarl\u00e4ger &#8211; med erfarenhet<\/h2>\n<p>Denna vecka \u00e4r f\u00f6r dig som har f\u00f6rkunskap och som vill l\u00e4ra dig mer om h\u00e4star b\u00e5de p\u00e5 marken och p\u00e5 h\u00e4stryggen. Du b\u00f6r kunna trava sj\u00e4lvst\u00e4ndigt men ocks\u00e5 fatta galopp.<\/p>\n<p>Under fyra dagar kommer ni tillsammans med h\u00e4starna p\u00e5 g\u00e5rden l\u00e4ra er om sk\u00f6tsel, hantering och ridning.<\/p>\n<p>&nbsp;<\/p>\n<p>&nbsp;[\/vc_column_text][vc_btn title=&#8221;Anm\u00e4l dig h\u00e4r!&#8221; color=&#8221;info&#8221; link=&#8221;url:https%3A%2F%2Fwww.antribe.com%2Forg%2F4h%2Fskalby-4h%2Fevent%2Fdjurskotarkurs-fran-7-ar-1-1-1-1-1&#8243;][\/vc_column][vc_column width=&#8221;1\/3&#8243;][vc_single_image image=&#8221;565&#8243; img_size=&#8221;medium&#8221;][\/vc_column][\/vc_row][vc_row][vc_column width=&#8221;2\/3&#8243;][vc_column_text css=&#8221;&#8221;]<\/p>\n<h2>V. 33 H\u00e4stsk\u00f6tarl\u00e4ger &#8211; nyb\u00f6rjare\/ viss erfarenhet<\/h2>\n<div class=\"x_elementToProof\" data-olk-copy-source=\"MessageBody\"><\/div>\n<div class=\"x_elementToProof\">Denna vecka \u00e4r f\u00f6r dig som \u00e4r helt nyb\u00f6rjare och vill l\u00e4ra dig mer eller f\u00f6r dig som har ridit lite innan och kan trava, men inte har testat galopp \u00e4n. Vi kommer vara uppdelade i tv\u00e5 grupper efter tidigare kunskap.<\/div>\n<p>&nbsp;<\/p>\n<p>&nbsp;[\/vc_column_text][vc_btn title=&#8221;Anm\u00e4l dig h\u00e4r!&#8221; color=&#8221;info&#8221; link=&#8221;url:https%3A%2F%2Fwww.antribe.com%2Forg%2F4h%2Fskalby-4h%2Fevent%2Fdjurskotarkurs-fran-7-ar-1-1-1-1&#8243;][\/vc_column][vc_column width=&#8221;1\/3&#8243;][vc_single_image image=&#8221;854&#8243; img_size=&#8221;medium&#8221; css=&#8221;&#8221;][\/vc_column][\/vc_row]<\/p>\n<\/div>","protected":false},"excerpt":{"rendered":"<p>[vc_row][vc_column width=&#8221;2\/3&#8243;][vc_column_text css=&#8221;&#8221;] V. 25 LAntg\u00e5rdsl\u00e4ger 4H:s l\u00e4ger \u00e4r fyllda av djur, lek och kompisar, och passar dig som gillar att vara ute i naturen. Under l\u00e4gret f\u00e5r du komma n\u00e4ra djuren p\u00e5 g\u00e5rden och l\u00e4ra dig hur man tar hand om dem enligt 4H:s motto&nbsp;\u201cl\u00e4ra genom att g\u00f6ra\u201d. Du f\u00e5r vara med i den&nbsp; <a href=\"https:\/\/www.4h.se\/skalby\/lager-under-sommaren\/\">&hellip; Read more <i class=\"glyphicon glyphicon-arrow-right\"><\/i><\/a><\/p>\n","protected":false},"author":204,"featured_media":0,"parent":0,"menu_order":0,"comment_status":"closed","ping_status":"closed","template":"","meta":{"_acf_changed":false,"footnotes":""},"class_list":["post-689","page","type-page","status-publish","hentry"],"acf":[],"yoast_head":"<!-- This site is optimized with the Yoast SEO plugin v27.5 - https:\/\/yoast.com\/product\/yoast-seo-wordpress\/ -->\n<title>L\u00e4ger under sommaren - Sk\u00e4lby 4H-g\u00e5rd<\/title>\n<meta name=\"robots\" content=\"index, follow, max-snippet:-1, max-image-preview:large, max-video-preview:-1\" \/>\n<link rel=\"canonical\" href=\"https:\/\/www.4h.se\/skalby\/lager-under-sommaren\/\" \/>\n<meta property=\"og:locale\" content=\"sv_SE\" \/>\n<meta property=\"og:type\" content=\"article\" \/>\n<meta property=\"og:title\" content=\"L\u00e4ger under sommaren - Sk\u00e4lby 4H-g\u00e5rd\" \/>\n<meta property=\"og:description\" content=\"[vc_row][vc_column width=&#8221;2\/3&#8243;][vc_column_text css=&#8221;&#8221;] V. 25 LAntg\u00e5rdsl\u00e4ger 4H:s l\u00e4ger \u00e4r fyllda av djur, lek och kompisar, och passar dig som gillar att vara ute i naturen. Under l\u00e4gret f\u00e5r du komma n\u00e4ra djuren p\u00e5 g\u00e5rden och l\u00e4ra dig hur man tar hand om dem enligt 4H:s motto&nbsp;\u201cl\u00e4ra genom att g\u00f6ra\u201d. Du f\u00e5r vara med i den&nbsp; &hellip; Read more\" \/>\n<meta property=\"og:url\" content=\"https:\/\/www.4h.se\/skalby\/lager-under-sommaren\/\" \/>\n<meta property=\"og:site_name\" content=\"Sk\u00e4lby 4H-g\u00e5rd\" \/>\n<meta property=\"article:modified_time\" content=\"2026-03-08T10:12:43+00:00\" \/>\n<meta name=\"twitter:card\" content=\"summary_large_image\" \/>\n<script type=\"application\/ld+json\" class=\"yoast-schema-graph\">{\"@context\":\"https:\\\/\\\/schema.org\",\"@graph\":[{\"@type\":\"WebPage\",\"@id\":\"https:\\\/\\\/www.4h.se\\\/skalby\\\/lager-under-sommaren\\\/\",\"url\":\"https:\\\/\\\/www.4h.se\\\/skalby\\\/lager-under-sommaren\\\/\",\"name\":\"L\u00e4ger under sommaren - Sk\u00e4lby 4H-g\u00e5rd\",\"isPartOf\":{\"@id\":\"https:\\\/\\\/www.4h.se\\\/skalby\\\/#website\"},\"datePublished\":\"2023-01-16T16:13:45+00:00\",\"dateModified\":\"2026-03-08T10:12:43+00:00\",\"breadcrumb\":{\"@id\":\"https:\\\/\\\/www.4h.se\\\/skalby\\\/lager-under-sommaren\\\/#breadcrumb\"},\"inLanguage\":\"sv-SE\",\"potentialAction\":[{\"@type\":\"ReadAction\",\"target\":[\"https:\\\/\\\/www.4h.se\\\/skalby\\\/lager-under-sommaren\\\/\"]}]},{\"@type\":\"BreadcrumbList\",\"@id\":\"https:\\\/\\\/www.4h.se\\\/skalby\\\/lager-under-sommaren\\\/#breadcrumb\",\"itemListElement\":[{\"@type\":\"ListItem\",\"position\":1,\"name\":\"Hem\",\"item\":\"https:\\\/\\\/www.4h.se\\\/skalby\\\/\"},{\"@type\":\"ListItem\",\"position\":2,\"name\":\"L\u00e4ger under sommaren\"}]},{\"@type\":\"WebSite\",\"@id\":\"https:\\\/\\\/www.4h.se\\\/skalby\\\/#website\",\"url\":\"https:\\\/\\\/www.4h.se\\\/skalby\\\/\",\"name\":\"Sk\u00e4lby 4H-g\u00e5rd\",\"description\":\"L\u00e4ra genom att g\u00f6ra\",\"potentialAction\":[{\"@type\":\"SearchAction\",\"target\":{\"@type\":\"EntryPoint\",\"urlTemplate\":\"https:\\\/\\\/www.4h.se\\\/skalby\\\/?s={search_term_string}\"},\"query-input\":{\"@type\":\"PropertyValueSpecification\",\"valueRequired\":true,\"valueName\":\"search_term_string\"}}],\"inLanguage\":\"sv-SE\"}]}<\/script>\n<!-- \/ Yoast SEO plugin. -->","yoast_head_json":{"title":"L\u00e4ger under sommaren - Sk\u00e4lby 4H-g\u00e5rd","robots":{"index":"index","follow":"follow","max-snippet":"max-snippet:-1","max-image-preview":"max-image-preview:large","max-video-preview":"max-video-preview:-1"},"canonical":"https:\/\/www.4h.se\/skalby\/lager-under-sommaren\/","og_locale":"sv_SE","og_type":"article","og_title":"L\u00e4ger under sommaren - Sk\u00e4lby 4H-g\u00e5rd","og_description":"[vc_row][vc_column width=&#8221;2\/3&#8243;][vc_column_text css=&#8221;&#8221;] V. 25 LAntg\u00e5rdsl\u00e4ger 4H:s l\u00e4ger \u00e4r fyllda av djur, lek och kompisar, och passar dig som gillar att vara ute i naturen. Under l\u00e4gret f\u00e5r du komma n\u00e4ra djuren p\u00e5 g\u00e5rden och l\u00e4ra dig hur man tar hand om dem enligt 4H:s motto&nbsp;\u201cl\u00e4ra genom att g\u00f6ra\u201d. Du f\u00e5r vara med i den&nbsp; &hellip; Read more","og_url":"https:\/\/www.4h.se\/skalby\/lager-under-sommaren\/","og_site_name":"Sk\u00e4lby 4H-g\u00e5rd","article_modified_time":"2026-03-08T10:12:43+00:00","twitter_card":"summary_large_image","schema":{"@context":"https:\/\/schema.org","@graph":[{"@type":"WebPage","@id":"https:\/\/www.4h.se\/skalby\/lager-under-sommaren\/","url":"https:\/\/www.4h.se\/skalby\/lager-under-sommaren\/","name":"L\u00e4ger under sommaren - Sk\u00e4lby 4H-g\u00e5rd","isPartOf":{"@id":"https:\/\/www.4h.se\/skalby\/#website"},"datePublished":"2023-01-16T16:13:45+00:00","dateModified":"2026-03-08T10:12:43+00:00","breadcrumb":{"@id":"https:\/\/www.4h.se\/skalby\/lager-under-sommaren\/#breadcrumb"},"inLanguage":"sv-SE","potentialAction":[{"@type":"ReadAction","target":["https:\/\/www.4h.se\/skalby\/lager-under-sommaren\/"]}]},{"@type":"BreadcrumbList","@id":"https:\/\/www.4h.se\/skalby\/lager-under-sommaren\/#breadcrumb","itemListElement":[{"@type":"ListItem","position":1,"name":"Hem","item":"https:\/\/www.4h.se\/skalby\/"},{"@type":"ListItem","position":2,"name":"L\u00e4ger under sommaren"}]},{"@type":"WebSite","@id":"https:\/\/www.4h.se\/skalby\/#website","url":"https:\/\/www.4h.se\/skalby\/","name":"Sk\u00e4lby 4H-g\u00e5rd","description":"L\u00e4ra genom att g\u00f6ra","potentialAction":[{"@type":"SearchAction","target":{"@type":"EntryPoint","urlTemplate":"https:\/\/www.4h.se\/skalby\/?s={search_term_string}"},"query-input":{"@type":"PropertyValueSpecification","valueRequired":true,"valueName":"search_term_string"}}],"inLanguage":"sv-SE"}]}},"_links":{"self":[{"href":"https:\/\/www.4h.se\/skalby\/wp-json\/wp\/v2\/pages\/689","targetHints":{"allow":["GET"]}}],"collection":[{"href":"https:\/\/www.4h.se\/skalby\/wp-json\/wp\/v2\/pages"}],"about":[{"href":"https:\/\/www.4h.se\/skalby\/wp-json\/wp\/v2\/types\/page"}],"author":[{"embeddable":true,"href":"https:\/\/www.4h.se\/skalby\/wp-json\/wp\/v2\/users\/204"}],"replies":[{"embeddable":true,"href":"https:\/\/www.4h.se\/skalby\/wp-json\/wp\/v2\/comments?post=689"}],"version-history":[{"count":0,"href":"https:\/\/www.4h.se\/skalby\/wp-json\/wp\/v2\/pages\/689\/revisions"}],"wp:attachment":[{"href":"https:\/\/www.4h.se\/skalby\/wp-json\/wp\/v2\/media?parent=689"}],"curies":[{"name":"wp","href":"https:\/\/api.w.org\/{rel}","templated":true}]}}