



{"id":628,"date":"2022-11-10T12:21:08","date_gmt":"2022-11-10T11:21:08","guid":{"rendered":"http:\/\/www.4h.se\/skalby\/?page_id=628"},"modified":"2026-02-18T16:09:59","modified_gmt":"2026-02-18T15:09:59","slug":"lager-pa-skalby-4h","status":"publish","type":"page","link":"https:\/\/www.4h.se\/skalby\/lager-pa-skalby-4h\/","title":{"rendered":"L\u00e4ger och aktiviteter p\u00e5 Soprtlovet"},"content":{"rendered":"<div class=\"wpb-content-wrapper\"><p>[vc_row][vc_column width=&#8221;2\/3&#8243;][vc_column_text css=&#8221;&#8221;]<\/p>\n<div class=\"vc_row wpb_row vc_inner vc_row-fluid\">\n<div class=\"wpb_column vc_column_container vc_col-sm-8\">\n<div class=\"vc_column-inner\">\n<div class=\"wpb_wrapper\">\n<div class=\"wpb_text_column wpb_content_element\">\n<div class=\"wpb_wrapper\">\n<h3>Djursk\u00f6tarl\u00e4ger 7-8 april<\/h3>\n<h4>F\u00f6r dig som inte kan v\u00e4lja djur- utan vill umg\u00e5s med alla!<\/h4>\n<p>4H:s l\u00e4ger \u00e4r fyllda av djur, lek och kompisar, och passar dig som gillar att vara ute i naturen. Under l\u00e4gret f\u00e5r du komma n\u00e4ra djuren p\u00e5 g\u00e5rden och l\u00e4ra dig hur man tar hand om dem enligt 4H:s motto&nbsp;<i>\u201cl\u00e4ra genom att g\u00f6ra\u201d<\/i>. Du f\u00e5r vara med i den dagliga sk\u00f6tseln n\u00e4r vi matar, mockar och tar hand om djuren men vi kan \u00e4ven prova p\u00e5 aktiviteter som att gosa med f\u00e5r, hoppa hinder med getterna eller g\u00e5 med kanin i koppel. Djuren du f\u00e5r tr\u00e4ffa p\u00e5 g\u00e5rden \u00e4r: h\u00e4star, f\u00e5r, getter, grisar, h\u00f6ns och kaniner, marsvin, katter och det finns roliga saker att hitta p\u00e5 med dem allihopa!<\/p>\n<p>4H \u00e4r dock mycket mer \u00e4n djur s\u00e5 f\u00f6rutom aktiviteter kring djuren brukar vi \u00e4ven pyssla och leka massa roliga lekar.<\/p>\n<\/div>\n<div class=\"wpb_wrapper\">\n<p><strong>Tider<\/strong>: kl. 9:00 \u2013 15:00<br \/>\n<strong>\u00c5lder<\/strong>: 7 \u00e5r och upp\u00e5t<br \/>\n<strong>Plats<\/strong>: Sk\u00e4lby 4H i Kalmar<\/p>\n<p>&nbsp;<\/p>\n<\/div>\n<p><a href=\"https:\/\/www.antribe.com\/org\/4h\/skalby-4h\/event\/djurskotarkurs-fran-7-ar-1-1\">Anm\u00e4l dig h\u00e4r!<\/a><\/p>\n<\/div>\n<\/div>\n<\/div>\n<\/div>\n<\/div>\n<p>[\/vc_column_text][vc_column_text css=&#8221;&#8221;]<\/p>\n<div class=\"vc_row wpb_row vc_inner vc_row-fluid\">\n<div class=\"wpb_column vc_column_container vc_col-sm-8\">\n<div class=\"vc_column-inner\">\n<div class=\"wpb_wrapper\">\n<div class=\"wpb_text_column wpb_content_element\">\n<div class=\"wpb_wrapper\">\n<h3>kaninl\u00e4ger 8-9 April<\/h3>\n<h4>F\u00f6r dig som bara vill h\u00e4nga med g\u00e5rden minsta djur!<\/h4>\n<p>Kaninl\u00e4gret \u00e4r f\u00f6r dig som har\/ ska f\u00e5 eller helt enkelt bara \u00e4lskar kaniner och vill l\u00e4ra dig allt om dem.<\/p>\n<p>Under l\u00e4gret kommer vi ta hand om g\u00e5rdens kaniner och marsvin. Se till s\u00e5 de har det fint om mysikgt d\u00e4r de bor. L\u00e4ra oss va de beh\u00f6ver f\u00f6r att m\u00e5 bra.<\/p>\n<p>S\u00e5klart kommer vi gosa och mya med dem ocks\u00e5. Har vi tur kan det ha kommit kaninungar vi kan kika p\u00e5 med.<\/p>\n<p><strong>Tider<\/strong>: kl. 9:00 \u2013 15:00<br \/>\n<strong>\u00c5lder<\/strong>: 7 \u00e5r och upp\u00e5t<br \/>\n<strong>Plats<\/strong>: Sk\u00e4lby 4H i Kalmar<\/div>\n<\/div>\n<\/div>\n<\/div>\n<\/div>\n<\/div>\n<p>[\/vc_column_text][vc_btn title=&#8221;Anm\u00e4l dig h\u00e4r!&#8221; color=&#8221;info&#8221; css=&#8221;&#8221; link=&#8221;url:https%3A%2F%2Fwww.antribe.com%2Forg%2F4h%2Fskalby-4h%2Fevent%2Fdjurskotarkurs-fran-7-ar-1-2&#8243;][vc_column_text css=&#8221;&#8221;]<\/p>\n<h3>H\u00e4stsk\u00f6tarl\u00e4ger 9-10 April<\/h3>\n<h4>Tycker du ocks\u00e5 h\u00e4st \u00e4r b\u00e4st? D\u00e5 \u00e4r v\u00e5rt h\u00e4stl\u00e4ger n\u00e5got f\u00f6r dig!<\/h4>\n<p><span class=\"TextRun SCXW252693250 BCX0\" lang=\"SV-SE\" xml:lang=\"SV-SE\"><span class=\"NormalTextRun SCXW252693250 BCX0\">H\u00e4stl\u00e4ger \u00e4r f\u00f6r dig som \u00e4lskar h\u00e4star och vill spendera hela dina l\u00e4gerdagar i stallet. Under l\u00e4gret&nbsp;<\/span><span class=\"NormalTextRun SCXW252693250 BCX0\">kommer du f\u00e5 g<\/span><span class=\"NormalTextRun SCXW252693250 BCX0\">\u00f6ra stallsysslor, rida och sj\u00e4lvklart umg\u00e5s massa med v\u00e5ra sn\u00e4lla h\u00e4star<\/span><span class=\"NormalTextRun SCXW252693250 BCX0\">.<\/span><\/span><span class=\"EOP SCXW252693250 BCX0\">&nbsp;L\u00e4gret riktar sig till dig som \u00e4r nyb\u00f6rjare eller har lite erfarenhet av h\u00e4star.<\/span><\/p>\n<p><strong>Tider<\/strong>: kl. 9:00 \u2013 15:00<br \/>\n<strong>\u00c5lder<\/strong>: 7 \u00e5r och upp\u00e5t<br \/>\n<strong>Plats<\/strong>: Sk\u00e4lby 4H i Kalmar[\/vc_column_text][vc_btn title=&#8221;Anm\u00e4l dig h\u00e4r!&#8221; color=&#8221;info&#8221; css=&#8221;&#8221; link=&#8221;url:https%3A%2F%2Fwww.antribe.com%2Forg%2F4h%2Fskalby-4h%2Fevent%2Fprova-pa-kaninskotarkurs-2-1&#8243;][\/vc_column][vc_column width=&#8221;1\/3&#8243;][vc_gallery interval=&#8221;3&#8243; images=&#8221;940,930&#8243; img_size=&#8221;300&#215;300&#8243; css=&#8221;&#8221;][vc_gallery interval=&#8221;3&#8243; images=&#8221;706,930&#8243; img_size=&#8221;300&#215;300&#8243; css=&#8221;&#8221;][vc_separator][vc_gallery interval=&#8221;3&#8243; images=&#8221;947,930&#8243; img_size=&#8221;300&#215;300&#8243; css=&#8221;&#8221;][\/vc_column][\/vc_row]<\/p>\n<\/div>","protected":false},"excerpt":{"rendered":"<p>[vc_row][vc_column width=&#8221;2\/3&#8243;][vc_column_text css=&#8221;&#8221;] Djursk\u00f6tarl\u00e4ger 7-8 april F\u00f6r dig som inte kan v\u00e4lja djur- utan vill umg\u00e5s med alla! 4H:s l\u00e4ger \u00e4r fyllda av djur, lek och kompisar, och passar dig som gillar att vara ute i naturen. Under l\u00e4gret f\u00e5r du komma n\u00e4ra djuren p\u00e5 g\u00e5rden och l\u00e4ra dig hur man tar hand om dem&nbsp; <a href=\"https:\/\/www.4h.se\/skalby\/lager-pa-skalby-4h\/\">&hellip; Read more <i class=\"glyphicon glyphicon-arrow-right\"><\/i><\/a><\/p>\n","protected":false},"author":204,"featured_media":0,"parent":0,"menu_order":0,"comment_status":"closed","ping_status":"closed","template":"","meta":{"footnotes":""},"class_list":["post-628","page","type-page","status-publish","hentry"],"yoast_head":"<!-- This site is optimized with the Yoast SEO plugin v27.4 - https:\/\/yoast.com\/product\/yoast-seo-wordpress\/ -->\n<title>L\u00e4ger och aktiviteter p\u00e5 Soprtlovet - Sk\u00e4lby 4H-g\u00e5rd<\/title>\n<meta name=\"robots\" content=\"index, follow, max-snippet:-1, max-image-preview:large, max-video-preview:-1\" \/>\n<link rel=\"canonical\" href=\"https:\/\/www.4h.se\/skalby\/lager-pa-skalby-4h\/\" \/>\n<meta property=\"og:locale\" content=\"sv_SE\" \/>\n<meta property=\"og:type\" content=\"article\" \/>\n<meta property=\"og:title\" content=\"L\u00e4ger och aktiviteter p\u00e5 Soprtlovet - Sk\u00e4lby 4H-g\u00e5rd\" \/>\n<meta property=\"og:description\" content=\"[vc_row][vc_column width=&#8221;2\/3&#8243;][vc_column_text css=&#8221;&#8221;] Djursk\u00f6tarl\u00e4ger 7-8 april F\u00f6r dig som inte kan v\u00e4lja djur- utan vill umg\u00e5s med alla! 4H:s l\u00e4ger \u00e4r fyllda av djur, lek och kompisar, och passar dig som gillar att vara ute i naturen. Under l\u00e4gret f\u00e5r du komma n\u00e4ra djuren p\u00e5 g\u00e5rden och l\u00e4ra dig hur man tar hand om dem&nbsp; &hellip; Read more\" \/>\n<meta property=\"og:url\" content=\"https:\/\/www.4h.se\/skalby\/lager-pa-skalby-4h\/\" \/>\n<meta property=\"og:site_name\" content=\"Sk\u00e4lby 4H-g\u00e5rd\" \/>\n<meta property=\"article:modified_time\" content=\"2026-02-18T15:09:59+00:00\" \/>\n<meta name=\"twitter:card\" content=\"summary_large_image\" \/>\n<script type=\"application\/ld+json\" class=\"yoast-schema-graph\">{\"@context\":\"https:\\\/\\\/schema.org\",\"@graph\":[{\"@type\":\"WebPage\",\"@id\":\"https:\\\/\\\/www.4h.se\\\/skalby\\\/lager-pa-skalby-4h\\\/\",\"url\":\"https:\\\/\\\/www.4h.se\\\/skalby\\\/lager-pa-skalby-4h\\\/\",\"name\":\"L\u00e4ger och aktiviteter p\u00e5 Soprtlovet - Sk\u00e4lby 4H-g\u00e5rd\",\"isPartOf\":{\"@id\":\"https:\\\/\\\/www.4h.se\\\/skalby\\\/#website\"},\"datePublished\":\"2022-11-10T11:21:08+00:00\",\"dateModified\":\"2026-02-18T15:09:59+00:00\",\"breadcrumb\":{\"@id\":\"https:\\\/\\\/www.4h.se\\\/skalby\\\/lager-pa-skalby-4h\\\/#breadcrumb\"},\"inLanguage\":\"sv-SE\",\"potentialAction\":[{\"@type\":\"ReadAction\",\"target\":[\"https:\\\/\\\/www.4h.se\\\/skalby\\\/lager-pa-skalby-4h\\\/\"]}]},{\"@type\":\"BreadcrumbList\",\"@id\":\"https:\\\/\\\/www.4h.se\\\/skalby\\\/lager-pa-skalby-4h\\\/#breadcrumb\",\"itemListElement\":[{\"@type\":\"ListItem\",\"position\":1,\"name\":\"Hem\",\"item\":\"https:\\\/\\\/www.4h.se\\\/skalby\\\/\"},{\"@type\":\"ListItem\",\"position\":2,\"name\":\"L\u00e4ger och aktiviteter p\u00e5 Soprtlovet\"}]},{\"@type\":\"WebSite\",\"@id\":\"https:\\\/\\\/www.4h.se\\\/skalby\\\/#website\",\"url\":\"https:\\\/\\\/www.4h.se\\\/skalby\\\/\",\"name\":\"Sk\u00e4lby 4H-g\u00e5rd\",\"description\":\"L\u00e4ra genom att g\u00f6ra\",\"potentialAction\":[{\"@type\":\"SearchAction\",\"target\":{\"@type\":\"EntryPoint\",\"urlTemplate\":\"https:\\\/\\\/www.4h.se\\\/skalby\\\/?s={search_term_string}\"},\"query-input\":{\"@type\":\"PropertyValueSpecification\",\"valueRequired\":true,\"valueName\":\"search_term_string\"}}],\"inLanguage\":\"sv-SE\"}]}<\/script>\n<!-- \/ Yoast SEO plugin. -->","yoast_head_json":{"title":"L\u00e4ger och aktiviteter p\u00e5 Soprtlovet - Sk\u00e4lby 4H-g\u00e5rd","robots":{"index":"index","follow":"follow","max-snippet":"max-snippet:-1","max-image-preview":"max-image-preview:large","max-video-preview":"max-video-preview:-1"},"canonical":"https:\/\/www.4h.se\/skalby\/lager-pa-skalby-4h\/","og_locale":"sv_SE","og_type":"article","og_title":"L\u00e4ger och aktiviteter p\u00e5 Soprtlovet - Sk\u00e4lby 4H-g\u00e5rd","og_description":"[vc_row][vc_column width=&#8221;2\/3&#8243;][vc_column_text css=&#8221;&#8221;] Djursk\u00f6tarl\u00e4ger 7-8 april F\u00f6r dig som inte kan v\u00e4lja djur- utan vill umg\u00e5s med alla! 4H:s l\u00e4ger \u00e4r fyllda av djur, lek och kompisar, och passar dig som gillar att vara ute i naturen. Under l\u00e4gret f\u00e5r du komma n\u00e4ra djuren p\u00e5 g\u00e5rden och l\u00e4ra dig hur man tar hand om dem&nbsp; &hellip; Read more","og_url":"https:\/\/www.4h.se\/skalby\/lager-pa-skalby-4h\/","og_site_name":"Sk\u00e4lby 4H-g\u00e5rd","article_modified_time":"2026-02-18T15:09:59+00:00","twitter_card":"summary_large_image","schema":{"@context":"https:\/\/schema.org","@graph":[{"@type":"WebPage","@id":"https:\/\/www.4h.se\/skalby\/lager-pa-skalby-4h\/","url":"https:\/\/www.4h.se\/skalby\/lager-pa-skalby-4h\/","name":"L\u00e4ger och aktiviteter p\u00e5 Soprtlovet - Sk\u00e4lby 4H-g\u00e5rd","isPartOf":{"@id":"https:\/\/www.4h.se\/skalby\/#website"},"datePublished":"2022-11-10T11:21:08+00:00","dateModified":"2026-02-18T15:09:59+00:00","breadcrumb":{"@id":"https:\/\/www.4h.se\/skalby\/lager-pa-skalby-4h\/#breadcrumb"},"inLanguage":"sv-SE","potentialAction":[{"@type":"ReadAction","target":["https:\/\/www.4h.se\/skalby\/lager-pa-skalby-4h\/"]}]},{"@type":"BreadcrumbList","@id":"https:\/\/www.4h.se\/skalby\/lager-pa-skalby-4h\/#breadcrumb","itemListElement":[{"@type":"ListItem","position":1,"name":"Hem","item":"https:\/\/www.4h.se\/skalby\/"},{"@type":"ListItem","position":2,"name":"L\u00e4ger och aktiviteter p\u00e5 Soprtlovet"}]},{"@type":"WebSite","@id":"https:\/\/www.4h.se\/skalby\/#website","url":"https:\/\/www.4h.se\/skalby\/","name":"Sk\u00e4lby 4H-g\u00e5rd","description":"L\u00e4ra genom att g\u00f6ra","potentialAction":[{"@type":"SearchAction","target":{"@type":"EntryPoint","urlTemplate":"https:\/\/www.4h.se\/skalby\/?s={search_term_string}"},"query-input":{"@type":"PropertyValueSpecification","valueRequired":true,"valueName":"search_term_string"}}],"inLanguage":"sv-SE"}]}},"_links":{"self":[{"href":"https:\/\/www.4h.se\/skalby\/wp-json\/wp\/v2\/pages\/628","targetHints":{"allow":["GET"]}}],"collection":[{"href":"https:\/\/www.4h.se\/skalby\/wp-json\/wp\/v2\/pages"}],"about":[{"href":"https:\/\/www.4h.se\/skalby\/wp-json\/wp\/v2\/types\/page"}],"author":[{"embeddable":true,"href":"https:\/\/www.4h.se\/skalby\/wp-json\/wp\/v2\/users\/204"}],"replies":[{"embeddable":true,"href":"https:\/\/www.4h.se\/skalby\/wp-json\/wp\/v2\/comments?post=628"}],"version-history":[{"count":0,"href":"https:\/\/www.4h.se\/skalby\/wp-json\/wp\/v2\/pages\/628\/revisions"}],"wp:attachment":[{"href":"https:\/\/www.4h.se\/skalby\/wp-json\/wp\/v2\/media?parent=628"}],"curies":[{"name":"wp","href":"https:\/\/api.w.org\/{rel}","templated":true}]}}