



{"id":478,"date":"2022-01-25T15:27:59","date_gmt":"2022-01-25T14:27:59","guid":{"rendered":"http:\/\/www.4h.se\/skalby\/?page_id=478"},"modified":"2025-04-17T10:31:50","modified_gmt":"2025-04-17T08:31:50","slug":"grisar","status":"publish","type":"page","link":"https:\/\/www.4h.se\/skalby\/grisar\/","title":{"rendered":"Grisar"},"content":{"rendered":"<div class=\"wpb-content-wrapper\"><p>[vc_row][vc_column][vc_column_text css=&#8221;&#8221;]<\/p>\n<h1>miniGrisar<\/h1>\n<p>&nbsp;[\/vc_column_text][\/vc_column][\/vc_row][vc_row][vc_column][vc_column_text css=&#8221;&#8221;]Den svenska minigrisens utseende, anv\u00e4ndningsomr\u00e5de, behov osv grundar sig p\u00e5 en historik fr\u00e5n Vietnamesiska h\u00e4ngbukssvin som exporterades till USA och Kanada f\u00f6r att<br \/>\nsen korsas med en m\u00e4ngd olika raser. Alla olika sorter\/raser av grisar h\u00e4rstammar ur n\u00e5gon av de m\u00e5nga olika vildsvins arterna.<\/p>\n<p>Du hittar grisarna p\u00e5 baksidan av caf\u00e9et och man kan g\u00e5 in och h\u00e4lsa p\u00e5 dem i hagen. Mata dem inte! Grisarna blir v\u00e4ldigt l\u00e4tt \u00f6verviktiga och det f\u00f6rkortar deras liv med m\u00e5nga \u00e5r. Men de tycker om att bli kliade.[\/vc_column_text][\/vc_column][\/vc_row][vc_row][vc_column width=&#8221;1\/3&#8243;][vc_single_image image=&#8221;819&#8243; img_size=&#8221;medium&#8221; style=&#8221;vc_box_circle_2&#8243; title=&#8221;Pippi&#8221;][\/vc_column][vc_column width=&#8221;1\/3&#8243;][vc_single_image image=&#8221;820&#8243; img_size=&#8221;medium&#8221; style=&#8221;vc_box_circle_2&#8243; title=&#8221;Tommy&#8221;][\/vc_column][vc_column width=&#8221;1\/3&#8243;][vc_single_image image=&#8221;818&#8243; img_size=&#8221;medium&#8221; style=&#8221;vc_box_circle_2&#8243; title=&#8221;Annika&#8221;][\/vc_column][\/vc_row]<\/p>\n<\/div>","protected":false},"excerpt":{"rendered":"<p>[vc_row][vc_column][vc_column_text css=&#8221;&#8221;] miniGrisar &nbsp;[\/vc_column_text][\/vc_column][\/vc_row][vc_row][vc_column][vc_column_text css=&#8221;&#8221;]Den svenska minigrisens utseende, anv\u00e4ndningsomr\u00e5de, behov osv grundar sig p\u00e5 en historik fr\u00e5n Vietnamesiska h\u00e4ngbukssvin som exporterades till USA och Kanada f\u00f6r att sen korsas med en m\u00e4ngd olika raser. Alla olika sorter\/raser av grisar h\u00e4rstammar ur n\u00e5gon av de m\u00e5nga olika vildsvins arterna. Du hittar grisarna p\u00e5 baksidan av caf\u00e9et&nbsp; <a href=\"https:\/\/www.4h.se\/skalby\/grisar\/\">&hellip; Read more <i class=\"glyphicon glyphicon-arrow-right\"><\/i><\/a><\/p>\n","protected":false},"author":204,"featured_media":0,"parent":0,"menu_order":9,"comment_status":"closed","ping_status":"closed","template":"","meta":{"_acf_changed":false,"footnotes":""},"class_list":["post-478","page","type-page","status-publish","hentry"],"acf":[],"yoast_head":"<!-- This site is optimized with the Yoast SEO plugin v27.5 - https:\/\/yoast.com\/product\/yoast-seo-wordpress\/ -->\n<title>Grisar - Sk\u00e4lby 4H-g\u00e5rd<\/title>\n<meta name=\"robots\" content=\"index, follow, max-snippet:-1, max-image-preview:large, max-video-preview:-1\" \/>\n<link rel=\"canonical\" href=\"https:\/\/www.4h.se\/skalby\/grisar\/\" \/>\n<meta property=\"og:locale\" content=\"sv_SE\" \/>\n<meta property=\"og:type\" content=\"article\" \/>\n<meta property=\"og:title\" content=\"Grisar - Sk\u00e4lby 4H-g\u00e5rd\" \/>\n<meta property=\"og:description\" content=\"[vc_row][vc_column][vc_column_text css=&#8221;&#8221;] miniGrisar &nbsp;[\/vc_column_text][\/vc_column][\/vc_row][vc_row][vc_column][vc_column_text css=&#8221;&#8221;]Den svenska minigrisens utseende, anv\u00e4ndningsomr\u00e5de, behov osv grundar sig p\u00e5 en historik fr\u00e5n Vietnamesiska h\u00e4ngbukssvin som exporterades till USA och Kanada f\u00f6r att sen korsas med en m\u00e4ngd olika raser. Alla olika sorter\/raser av grisar h\u00e4rstammar ur n\u00e5gon av de m\u00e5nga olika vildsvins arterna. Du hittar grisarna p\u00e5 baksidan av caf\u00e9et&nbsp; &hellip; Read more\" \/>\n<meta property=\"og:url\" content=\"https:\/\/www.4h.se\/skalby\/grisar\/\" \/>\n<meta property=\"og:site_name\" content=\"Sk\u00e4lby 4H-g\u00e5rd\" \/>\n<meta property=\"article:modified_time\" content=\"2025-04-17T08:31:50+00:00\" \/>\n<meta name=\"twitter:card\" content=\"summary_large_image\" \/>\n<meta name=\"twitter:label1\" content=\"Ber\u00e4knad l\u00e4stid\" \/>\n\t<meta name=\"twitter:data1\" content=\"1 minut\" \/>\n<script type=\"application\/ld+json\" class=\"yoast-schema-graph\">{\"@context\":\"https:\\\/\\\/schema.org\",\"@graph\":[{\"@type\":\"WebPage\",\"@id\":\"https:\\\/\\\/www.4h.se\\\/skalby\\\/grisar\\\/\",\"url\":\"https:\\\/\\\/www.4h.se\\\/skalby\\\/grisar\\\/\",\"name\":\"Grisar - Sk\u00e4lby 4H-g\u00e5rd\",\"isPartOf\":{\"@id\":\"https:\\\/\\\/www.4h.se\\\/skalby\\\/#website\"},\"datePublished\":\"2022-01-25T14:27:59+00:00\",\"dateModified\":\"2025-04-17T08:31:50+00:00\",\"breadcrumb\":{\"@id\":\"https:\\\/\\\/www.4h.se\\\/skalby\\\/grisar\\\/#breadcrumb\"},\"inLanguage\":\"sv-SE\",\"potentialAction\":[{\"@type\":\"ReadAction\",\"target\":[\"https:\\\/\\\/www.4h.se\\\/skalby\\\/grisar\\\/\"]}]},{\"@type\":\"BreadcrumbList\",\"@id\":\"https:\\\/\\\/www.4h.se\\\/skalby\\\/grisar\\\/#breadcrumb\",\"itemListElement\":[{\"@type\":\"ListItem\",\"position\":1,\"name\":\"Hem\",\"item\":\"https:\\\/\\\/www.4h.se\\\/skalby\\\/\"},{\"@type\":\"ListItem\",\"position\":2,\"name\":\"Grisar\"}]},{\"@type\":\"WebSite\",\"@id\":\"https:\\\/\\\/www.4h.se\\\/skalby\\\/#website\",\"url\":\"https:\\\/\\\/www.4h.se\\\/skalby\\\/\",\"name\":\"Sk\u00e4lby 4H-g\u00e5rd\",\"description\":\"L\u00e4ra genom att g\u00f6ra\",\"potentialAction\":[{\"@type\":\"SearchAction\",\"target\":{\"@type\":\"EntryPoint\",\"urlTemplate\":\"https:\\\/\\\/www.4h.se\\\/skalby\\\/?s={search_term_string}\"},\"query-input\":{\"@type\":\"PropertyValueSpecification\",\"valueRequired\":true,\"valueName\":\"search_term_string\"}}],\"inLanguage\":\"sv-SE\"}]}<\/script>\n<!-- \/ Yoast SEO plugin. -->","yoast_head_json":{"title":"Grisar - Sk\u00e4lby 4H-g\u00e5rd","robots":{"index":"index","follow":"follow","max-snippet":"max-snippet:-1","max-image-preview":"max-image-preview:large","max-video-preview":"max-video-preview:-1"},"canonical":"https:\/\/www.4h.se\/skalby\/grisar\/","og_locale":"sv_SE","og_type":"article","og_title":"Grisar - Sk\u00e4lby 4H-g\u00e5rd","og_description":"[vc_row][vc_column][vc_column_text css=&#8221;&#8221;] miniGrisar &nbsp;[\/vc_column_text][\/vc_column][\/vc_row][vc_row][vc_column][vc_column_text css=&#8221;&#8221;]Den svenska minigrisens utseende, anv\u00e4ndningsomr\u00e5de, behov osv grundar sig p\u00e5 en historik fr\u00e5n Vietnamesiska h\u00e4ngbukssvin som exporterades till USA och Kanada f\u00f6r att sen korsas med en m\u00e4ngd olika raser. Alla olika sorter\/raser av grisar h\u00e4rstammar ur n\u00e5gon av de m\u00e5nga olika vildsvins arterna. Du hittar grisarna p\u00e5 baksidan av caf\u00e9et&nbsp; &hellip; Read more","og_url":"https:\/\/www.4h.se\/skalby\/grisar\/","og_site_name":"Sk\u00e4lby 4H-g\u00e5rd","article_modified_time":"2025-04-17T08:31:50+00:00","twitter_card":"summary_large_image","twitter_misc":{"Ber\u00e4knad l\u00e4stid":"1 minut"},"schema":{"@context":"https:\/\/schema.org","@graph":[{"@type":"WebPage","@id":"https:\/\/www.4h.se\/skalby\/grisar\/","url":"https:\/\/www.4h.se\/skalby\/grisar\/","name":"Grisar - Sk\u00e4lby 4H-g\u00e5rd","isPartOf":{"@id":"https:\/\/www.4h.se\/skalby\/#website"},"datePublished":"2022-01-25T14:27:59+00:00","dateModified":"2025-04-17T08:31:50+00:00","breadcrumb":{"@id":"https:\/\/www.4h.se\/skalby\/grisar\/#breadcrumb"},"inLanguage":"sv-SE","potentialAction":[{"@type":"ReadAction","target":["https:\/\/www.4h.se\/skalby\/grisar\/"]}]},{"@type":"BreadcrumbList","@id":"https:\/\/www.4h.se\/skalby\/grisar\/#breadcrumb","itemListElement":[{"@type":"ListItem","position":1,"name":"Hem","item":"https:\/\/www.4h.se\/skalby\/"},{"@type":"ListItem","position":2,"name":"Grisar"}]},{"@type":"WebSite","@id":"https:\/\/www.4h.se\/skalby\/#website","url":"https:\/\/www.4h.se\/skalby\/","name":"Sk\u00e4lby 4H-g\u00e5rd","description":"L\u00e4ra genom att g\u00f6ra","potentialAction":[{"@type":"SearchAction","target":{"@type":"EntryPoint","urlTemplate":"https:\/\/www.4h.se\/skalby\/?s={search_term_string}"},"query-input":{"@type":"PropertyValueSpecification","valueRequired":true,"valueName":"search_term_string"}}],"inLanguage":"sv-SE"}]}},"_links":{"self":[{"href":"https:\/\/www.4h.se\/skalby\/wp-json\/wp\/v2\/pages\/478","targetHints":{"allow":["GET"]}}],"collection":[{"href":"https:\/\/www.4h.se\/skalby\/wp-json\/wp\/v2\/pages"}],"about":[{"href":"https:\/\/www.4h.se\/skalby\/wp-json\/wp\/v2\/types\/page"}],"author":[{"embeddable":true,"href":"https:\/\/www.4h.se\/skalby\/wp-json\/wp\/v2\/users\/204"}],"replies":[{"embeddable":true,"href":"https:\/\/www.4h.se\/skalby\/wp-json\/wp\/v2\/comments?post=478"}],"version-history":[{"count":0,"href":"https:\/\/www.4h.se\/skalby\/wp-json\/wp\/v2\/pages\/478\/revisions"}],"wp:attachment":[{"href":"https:\/\/www.4h.se\/skalby\/wp-json\/wp\/v2\/media?parent=478"}],"curies":[{"name":"wp","href":"https:\/\/api.w.org\/{rel}","templated":true}]}}