



{"id":549,"date":"2023-02-16T15:13:32","date_gmt":"2023-02-16T14:13:32","guid":{"rendered":"https:\/\/www.4h.se\/riddersvik\/?page_id=549"},"modified":"2026-03-11T11:58:00","modified_gmt":"2026-03-11T10:58:00","slug":"godsel","status":"publish","type":"page","link":"https:\/\/www.4h.se\/riddersvik\/godsel\/","title":{"rendered":"G\u00f6dsel"},"content":{"rendered":"<div class=\"wpb-content-wrapper\"><p>[vc_row][vc_column width=&#8221;1\/2&#8243;][vc_column_text css=&#8221;&#8221;]<\/p>\n<div class=\"wpb_text_column wpb_content_element \">\n<div class=\"wpb_wrapper\">\n<h2><span style=\"color: #215229;\">K\u00f6pa g\u00f6dsel<\/span><\/h2>\n<\/div>\n<\/div>\n<div class=\"wpb_text_column wpb_content_element \">\n<div class=\"wpb_wrapper\">\n<p>Vi s\u00e4ljer s\u00e4ckar med en blandning av<strong> f\u00e4rsk h\u00e4stg\u00f6dsel och torv.<\/strong><\/p>\n<p>S\u00e4ckarna inneh\u00e5ller ca 35 liter.<\/p>\n<p>En s\u00e4ck kostar 40 kr.<\/p>\n<p>Fyll i formul\u00e4ret f\u00f6r att boka s\u00e4ckar.<\/p>\n<p>&nbsp;<\/p>\n<p><strong>Utk\u00f6rning med h\u00e4st:<\/strong><\/p>\n<p>Vi kan k\u00f6ra ut g\u00f6dsel med h\u00e4st och vagn i n\u00e4romr\u00e5det. Kontakta oss f\u00f6r mer information och pris<\/p>\n<\/div>\n<\/div>\n<p>[\/vc_column_text][vc_separator color=&#8221;green&#8221; style=&#8221;shadow&#8221; border_width=&#8221;4&#8243;][vc_column_text]<\/p>\n<div class=\"wpb_text_column wpb_content_element \">\n<div class=\"wpb_wrapper\"><\/div>\n<\/div>\n<div class=\"wpb_text_column wpb_content_element \">\n<div class=\"wpb_wrapper\">\n<p>&nbsp;<\/p>\n<p>&nbsp;<\/p>\n<p><strong>Varf\u00f6r h\u00e4stg\u00f6dsel \u00e4r bra:<\/strong><\/p>\n<p>H\u00e4stg\u00f6dsel \u00e4r i komposterad form ganska milt och inneh\u00e5ller mindre kv\u00e4ve \u00e4n ko- och h\u00f6nsg\u00f6dsel, s\u00e4rskilt skonsam \u00e4r den n\u00e4r den blandats med kolrikt str\u00f6 fr\u00e5n stallgolvet. Vill du kompostera h\u00e4stg\u00f6dsel tar det cirka 18 m\u00e5nader, d\u00e4refter kan n\u00e4ringskr\u00e4vande v\u00e4xter odlas direkt i materialet.<\/p>\n<p>F\u00e4rsk h\u00e4stg\u00f6dsel \u00e4r starkare, men fortfarande inte lika kv\u00e4verikt som h\u00f6nsg\u00f6dsel eller kog\u00f6dsel. Det kan med f\u00f6rdel anv\u00e4ndas i varmb\u00e4nkar, d\u00e4r du kan odla tidigare p\u00e5 s\u00e4songen tack vare v\u00e4rmen som uppst\u00e5r vid nedbrytningen. Men kom ih\u00e5g att nedbrytning av f\u00e4rsk g\u00f6dsel ocks\u00e5 kr\u00e4ver kv\u00e4ve och den tas fr\u00e5n omkringliggande jord. Anv\u00e4nder du f\u00e4rsk g\u00f6dsel beh\u00f6ver du d\u00e4rf\u00f6r ofta komplettera med kv\u00e4ve fr\u00e5n annat h\u00e5ll.<\/p>\n<p>H\u00e4star idisslar inte och det inneb\u00e4r att det finns st\u00f6rre bitar i det relativt torra g\u00f6dslet vilket \u00e4r bra f\u00f6r jordstrukturen, s\u00e4rskilt om det \u00e4r uppblandat med torv eller halm.<br \/>\n(fr\u00e5n plantagen.se)<\/p>\n<p>&nbsp;<\/p>\n<p>V\u00e5ra h\u00e4star f\u00e5r svenskt foder men vi kan inte garantera att g\u00f6dslet \u00e4r fritt fr\u00e5n pyralider som i vissa falla anv\u00e4nds som bek\u00e4mpningsmedel p\u00e5 olika s\u00e4desslag och kan ge skador p\u00e5 vissa k\u00e4nsliga v\u00e4xter som tex chili.<\/p><\/div>\n<\/div>\n<p>[\/vc_column_text][\/vc_column][vc_column width=&#8221;1\/2&#8243;][vc_column_text]<\/p>\n<h2 style=\"text-align: center\"><strong><span style=\"color: #215229\">K\u00f6pa ull<\/span><\/strong><\/h2>\n<p>Ullen s\u00e4ljes i sm\u00e5 pappersp\u00e5sar<\/p>\n<p>P\u00e5sarna kostar 30kr\/st<\/p>\n<p>Vi s\u00e4ljer mindre pappersp\u00e5sar med ull som kan anv\u00e4ndas i tr\u00e4dg\u00e5rden vid t\u00e4ckodling, ull anv\u00e4nds ocks\u00e5 av m\u00e5nga f\u00f6r att avvisa r\u00e5djur och harar fr\u00e5n att \u00e4ta av tr\u00e4dg\u00e5rden.[\/vc_column_text][vc_separator color=&#8221;green&#8221; style=&#8221;shadow&#8221;][vc_column_text css=&#8221;&#8221;]<\/p>\n<h3><span style=\"color: #215229;\">Fyll i formul\u00e4ret nedan f\u00f6r att best\u00e4lla g\u00f6dsel eller ull<\/span><\/h3>\n<p>&nbsp;<\/p>\n<div class=\"frm_forms  with_frm_style frm_style_formidable-style\" id=\"frm_form_20_container\" data-token=\"e400c75e6ff744fa999651a63cde43a8\">\n<form enctype=\"multipart\/form-data\" method=\"post\" class=\"frm-show-form \" id=\"form_ull-godsel\" data-token=\"e400c75e6ff744fa999651a63cde43a8\">\n<div class=\"frm_form_fields \">\n<fieldset>\n<legend class=\"frm_screen_reader\">Ull\/G\u00f6dsel<\/legend>\r\n\r\n<div class=\"frm_fields_container\">\n<input type=\"hidden\" name=\"frm_action\" value=\"create\" \/>\n<input type=\"hidden\" name=\"form_id\" value=\"20\" \/>\n<input type=\"hidden\" name=\"frm_hide_fields_20\" id=\"frm_hide_fields_20\" value=\"\" \/>\n<input type=\"hidden\" name=\"form_key\" value=\"ull-godsel\" \/>\n<input type=\"hidden\" name=\"item_meta[0]\" value=\"\" \/>\n<input type=\"hidden\" id=\"frm_submit_entry_20\" name=\"frm_submit_entry_20\" value=\"69a222b19c\" \/><input type=\"hidden\" name=\"_wp_http_referer\" value=\"\/riddersvik\/wp-json\/wp\/v2\/pages\/549\" \/><div id=\"frm_field_152_container\" class=\"frm_form_field form-field  frm_required_field frm_top_container\">\r\n\t<label for=\"field_7ea54\" id=\"field_7ea54_label\" class=\"frm_primary_label\">Namn\r\n\t\t<span class=\"frm_required\" aria-hidden=\"true\">*<\/span>\r\n\t<\/label>\r\n\t<input type=\"text\" id=\"field_7ea54\" name=\"item_meta[152]\" value=\"\"  data-reqmsg=\"Namn kan inte vara tom.\" aria-required=\"true\" data-invmsg=\"Namn \u00e4r ogiltigt\" aria-invalid=\"false\"  \/>\r\n\t\r\n\t\r\n<\/div>\n<div id=\"frm_field_153_container\" class=\"frm_form_field form-field  frm_required_field frm_top_container\">\r\n\t<label for=\"field_mx9ms\" id=\"field_mx9ms_label\" class=\"frm_primary_label\">E-post\r\n\t\t<span class=\"frm_required\" aria-hidden=\"true\">*<\/span>\r\n\t<\/label>\r\n\t<input type=\"email\" id=\"field_mx9ms\" name=\"item_meta[153]\" value=\"\"  data-reqmsg=\"E-post kan inte vara tom.\" aria-required=\"true\" data-invmsg=\"E-post \u00e4r ogiltigt\" aria-invalid=\"false\"  \/>\r\n\t\r\n\t\r\n<\/div>\n<div id=\"frm_field_154_container\" class=\"frm_form_field form-field  frm_required_field frm_top_container\">\r\n\t<label for=\"field_k1aqi\" id=\"field_k1aqi_label\" class=\"frm_primary_label\">Hur m\u00e5nga s\u00e4ckar\/p\u00e5sar vill du k\u00f6pa?\r\n\t\t<span class=\"frm_required\" aria-hidden=\"true\">*<\/span>\r\n\t<\/label>\r\n\t<input type=\"text\" id=\"field_k1aqi\" name=\"item_meta[154]\" value=\"\"  data-reqmsg=\"Hur m\u00e5nga s\u00e4ckar\/p\u00e5sar vill du k\u00f6pa? kan inte vara tom.\" aria-required=\"true\" data-invmsg=\"Hur m\u00e5nga s\u00e4ckar\/p\u00e5sar vill du k\u00f6pa? \u00e4r ogiltigt\" aria-invalid=\"false\"  \/>\r\n\t\r\n\t\r\n<\/div>\n<div id=\"frm_field_155_container\" class=\"frm_form_field form-field  frm_required_field frm_top_container vertical_radio\">\r\n\t<div id=\"field_hqas5_label\" class=\"frm_primary_label\">Vad vill du k\u00f6pa\r\n\t\t<span class=\"frm_required\" aria-hidden=\"true\">*<\/span>\r\n\t<\/div>\r\n\t<div class=\"frm_opt_container\" role=\"group\">\t\t<div class=\"frm_checkbox\" id=\"frm_checkbox_155-0\">\t\t\t<label  for=\"field_hqas5-0\">\n\t\t\t<input type=\"checkbox\" name=\"item_meta[155][]\" id=\"field_hqas5-0\" value=\"H\u00e4stg\u00f6dsel\"  data-reqmsg=\"Vad vill du k\u00f6pa kan inte vara tom.\" data-invmsg=\"Vad vill du k\u00f6pa \u00e4r ogiltigt\"   aria-required=\"true\"  \/> H\u00e4stg\u00f6dsel<\/label><\/div>\n\t\t<div class=\"frm_checkbox\" id=\"frm_checkbox_155-1\">\t\t\t<label  for=\"field_hqas5-1\">\n\t\t\t<input type=\"checkbox\" name=\"item_meta[155][]\" id=\"field_hqas5-1\" value=\"Ull\"  data-reqmsg=\"Vad vill du k\u00f6pa kan inte vara tom.\" data-invmsg=\"Vad vill du k\u00f6pa \u00e4r ogiltigt\"   \/> Ull<\/label><\/div>\n<\/div>\r\n\t\r\n\t\r\n<\/div>\n<div id=\"frm_field_160_container\" class=\"frm_form_field form-field  frm_top_container\">\r\n\t<label for=\"field_14mwn\" id=\"field_14mwn_label\" class=\"frm_primary_label\">Vilken dag vill du h\u00e4mta?\r\n\t\t<span class=\"frm_required\" aria-hidden=\"true\"><\/span>\r\n\t<\/label>\r\n\t<input type=\"text\" id=\"field_14mwn\" name=\"item_meta[160]\" value=\"\"  data-invmsg=\"Vilken dag vill du h\u00e4mta? \u00e4r ogiltigt\" aria-invalid=\"false\"   aria-describedby=\"frm_desc_field_14mwn\"\/>\r\n\t<div class=\"frm_description\" id=\"frm_desc_field_14mwn\">OBS! Man kan inte h\u00e4mta samma dag som best\u00e4llning d\u00e5 vi g\u00f6r iordning s\u00e4ckarna efter man best\u00e4llt. Beroende p\u00e5 hur m\u00e5nga s\u00e4ckar man vill ha kan det ta n\u00e5gra dagar innan man kan h\u00e4mta.<\/div>\r\n\t\r\n<\/div>\n<div id=\"frm_field_151_container\" class=\"frm_form_field form-field \">\r\n\t<div class=\"frm_submit frm_flex\">\r\n<button class=\"frm_button_submit\" type=\"submit\" >Skicka<\/button>\r\n\r\n\r\n\r\n<\/div>\r\n<\/div>\n\t<input type=\"hidden\" name=\"item_key\" value=\"\" \/>\n\t\t\t<div id=\"frm_field_161_container\">\n\t\t\t<label for=\"field_1bfgn\" >\n\t\t\t\tOm du \u00e4r m\u00e4nsklig, l\u00e4mna det h\u00e4r f\u00e4ltet tomt.\t\t\t<\/label>\n\t\t\t<input  id=\"field_1bfgn\" type=\"text\" class=\"frm_form_field form-field frm_verify\" name=\"item_meta[161]\" value=\"\"  \/>\n\t\t<\/div>\n\t\t<input name=\"frm_state\" type=\"hidden\" value=\"12ytXK0Ygu8kJvLGC19anpVnffAFoJb7tIf8o1PGt38=\" \/><\/div>\n<\/fieldset>\n<\/div>\n\n<\/form>\n<\/div>\n[\/vc_column_text][\/vc_column][\/vc_row]<\/p>\n<\/div>","protected":false},"excerpt":{"rendered":"<p>[vc_row][vc_column width=&#8221;1\/2&#8243;][vc_column_text css=&#8221;&#8221;] K\u00f6pa g\u00f6dsel Vi s\u00e4ljer s\u00e4ckar med en blandning av f\u00e4rsk h\u00e4stg\u00f6dsel och torv. S\u00e4ckarna inneh\u00e5ller ca 35 liter. En s\u00e4ck kostar 40 kr. Fyll i formul\u00e4ret f\u00f6r att boka s\u00e4ckar. &nbsp; Utk\u00f6rning med h\u00e4st: Vi kan k\u00f6ra ut g\u00f6dsel med h\u00e4st och vagn i n\u00e4romr\u00e5det. Kontakta oss f\u00f6r mer information och pris&nbsp; <a href=\"https:\/\/www.4h.se\/riddersvik\/godsel\/\">&hellip; Read more <i class=\"glyphicon glyphicon-arrow-right\"><\/i><\/a><\/p>\n","protected":false},"author":222,"featured_media":0,"parent":0,"menu_order":2,"comment_status":"closed","ping_status":"closed","template":"","meta":{"_acf_changed":false,"footnotes":""},"class_list":["post-549","page","type-page","status-publish","hentry"],"acf":[],"yoast_head":"<!-- This site is optimized with the Yoast SEO plugin v27.4 - https:\/\/yoast.com\/product\/yoast-seo-wordpress\/ -->\n<title>G\u00f6dsel - Riddersviks 4H-g\u00e5rd<\/title>\n<meta name=\"robots\" content=\"index, follow, max-snippet:-1, max-image-preview:large, max-video-preview:-1\" \/>\n<link rel=\"canonical\" href=\"https:\/\/www.4h.se\/riddersvik\/godsel\/\" \/>\n<meta property=\"og:locale\" content=\"sv_SE\" \/>\n<meta property=\"og:type\" content=\"article\" \/>\n<meta property=\"og:title\" content=\"G\u00f6dsel - Riddersviks 4H-g\u00e5rd\" \/>\n<meta property=\"og:description\" content=\"[vc_row][vc_column width=&#8221;1\/2&#8243;][vc_column_text css=&#8221;&#8221;] K\u00f6pa g\u00f6dsel Vi s\u00e4ljer s\u00e4ckar med en blandning av f\u00e4rsk h\u00e4stg\u00f6dsel och torv. S\u00e4ckarna inneh\u00e5ller ca 35 liter. En s\u00e4ck kostar 40 kr. Fyll i formul\u00e4ret f\u00f6r att boka s\u00e4ckar. &nbsp; Utk\u00f6rning med h\u00e4st: Vi kan k\u00f6ra ut g\u00f6dsel med h\u00e4st och vagn i n\u00e4romr\u00e5det. Kontakta oss f\u00f6r mer information och pris&nbsp; &hellip; Read more\" \/>\n<meta property=\"og:url\" content=\"https:\/\/www.4h.se\/riddersvik\/godsel\/\" \/>\n<meta property=\"og:site_name\" content=\"Riddersviks 4H-g\u00e5rd\" \/>\n<meta property=\"article:modified_time\" content=\"2026-03-11T10:58:00+00:00\" \/>\n<meta name=\"twitter:card\" content=\"summary_large_image\" \/>\n<meta name=\"twitter:label1\" content=\"Ber\u00e4knad l\u00e4stid\" \/>\n\t<meta name=\"twitter:data1\" content=\"2 minuter\" \/>\n<script type=\"application\/ld+json\" class=\"yoast-schema-graph\">{\"@context\":\"https:\\\/\\\/schema.org\",\"@graph\":[{\"@type\":\"WebPage\",\"@id\":\"https:\\\/\\\/www.4h.se\\\/riddersvik\\\/godsel\\\/\",\"url\":\"https:\\\/\\\/www.4h.se\\\/riddersvik\\\/godsel\\\/\",\"name\":\"G\u00f6dsel - Riddersviks 4H-g\u00e5rd\",\"isPartOf\":{\"@id\":\"https:\\\/\\\/www.4h.se\\\/riddersvik\\\/#website\"},\"datePublished\":\"2023-02-16T14:13:32+00:00\",\"dateModified\":\"2026-03-11T10:58:00+00:00\",\"breadcrumb\":{\"@id\":\"https:\\\/\\\/www.4h.se\\\/riddersvik\\\/godsel\\\/#breadcrumb\"},\"inLanguage\":\"sv-SE\",\"potentialAction\":[{\"@type\":\"ReadAction\",\"target\":[\"https:\\\/\\\/www.4h.se\\\/riddersvik\\\/godsel\\\/\"]}]},{\"@type\":\"BreadcrumbList\",\"@id\":\"https:\\\/\\\/www.4h.se\\\/riddersvik\\\/godsel\\\/#breadcrumb\",\"itemListElement\":[{\"@type\":\"ListItem\",\"position\":1,\"name\":\"Hem\",\"item\":\"https:\\\/\\\/www.4h.se\\\/riddersvik\\\/\"},{\"@type\":\"ListItem\",\"position\":2,\"name\":\"G\u00f6dsel\"}]},{\"@type\":\"WebSite\",\"@id\":\"https:\\\/\\\/www.4h.se\\\/riddersvik\\\/#website\",\"url\":\"https:\\\/\\\/www.4h.se\\\/riddersvik\\\/\",\"name\":\"Riddersviks 4H-g\u00e5rd\",\"description\":\"\",\"potentialAction\":[{\"@type\":\"SearchAction\",\"target\":{\"@type\":\"EntryPoint\",\"urlTemplate\":\"https:\\\/\\\/www.4h.se\\\/riddersvik\\\/?s={search_term_string}\"},\"query-input\":{\"@type\":\"PropertyValueSpecification\",\"valueRequired\":true,\"valueName\":\"search_term_string\"}}],\"inLanguage\":\"sv-SE\"}]}<\/script>\n<!-- \/ Yoast SEO plugin. -->","yoast_head_json":{"title":"G\u00f6dsel - Riddersviks 4H-g\u00e5rd","robots":{"index":"index","follow":"follow","max-snippet":"max-snippet:-1","max-image-preview":"max-image-preview:large","max-video-preview":"max-video-preview:-1"},"canonical":"https:\/\/www.4h.se\/riddersvik\/godsel\/","og_locale":"sv_SE","og_type":"article","og_title":"G\u00f6dsel - Riddersviks 4H-g\u00e5rd","og_description":"[vc_row][vc_column width=&#8221;1\/2&#8243;][vc_column_text css=&#8221;&#8221;] K\u00f6pa g\u00f6dsel Vi s\u00e4ljer s\u00e4ckar med en blandning av f\u00e4rsk h\u00e4stg\u00f6dsel och torv. S\u00e4ckarna inneh\u00e5ller ca 35 liter. En s\u00e4ck kostar 40 kr. Fyll i formul\u00e4ret f\u00f6r att boka s\u00e4ckar. &nbsp; Utk\u00f6rning med h\u00e4st: Vi kan k\u00f6ra ut g\u00f6dsel med h\u00e4st och vagn i n\u00e4romr\u00e5det. Kontakta oss f\u00f6r mer information och pris&nbsp; &hellip; Read more","og_url":"https:\/\/www.4h.se\/riddersvik\/godsel\/","og_site_name":"Riddersviks 4H-g\u00e5rd","article_modified_time":"2026-03-11T10:58:00+00:00","twitter_card":"summary_large_image","twitter_misc":{"Ber\u00e4knad l\u00e4stid":"2 minuter"},"schema":{"@context":"https:\/\/schema.org","@graph":[{"@type":"WebPage","@id":"https:\/\/www.4h.se\/riddersvik\/godsel\/","url":"https:\/\/www.4h.se\/riddersvik\/godsel\/","name":"G\u00f6dsel - Riddersviks 4H-g\u00e5rd","isPartOf":{"@id":"https:\/\/www.4h.se\/riddersvik\/#website"},"datePublished":"2023-02-16T14:13:32+00:00","dateModified":"2026-03-11T10:58:00+00:00","breadcrumb":{"@id":"https:\/\/www.4h.se\/riddersvik\/godsel\/#breadcrumb"},"inLanguage":"sv-SE","potentialAction":[{"@type":"ReadAction","target":["https:\/\/www.4h.se\/riddersvik\/godsel\/"]}]},{"@type":"BreadcrumbList","@id":"https:\/\/www.4h.se\/riddersvik\/godsel\/#breadcrumb","itemListElement":[{"@type":"ListItem","position":1,"name":"Hem","item":"https:\/\/www.4h.se\/riddersvik\/"},{"@type":"ListItem","position":2,"name":"G\u00f6dsel"}]},{"@type":"WebSite","@id":"https:\/\/www.4h.se\/riddersvik\/#website","url":"https:\/\/www.4h.se\/riddersvik\/","name":"Riddersviks 4H-g\u00e5rd","description":"","potentialAction":[{"@type":"SearchAction","target":{"@type":"EntryPoint","urlTemplate":"https:\/\/www.4h.se\/riddersvik\/?s={search_term_string}"},"query-input":{"@type":"PropertyValueSpecification","valueRequired":true,"valueName":"search_term_string"}}],"inLanguage":"sv-SE"}]}},"_links":{"self":[{"href":"https:\/\/www.4h.se\/riddersvik\/wp-json\/wp\/v2\/pages\/549","targetHints":{"allow":["GET"]}}],"collection":[{"href":"https:\/\/www.4h.se\/riddersvik\/wp-json\/wp\/v2\/pages"}],"about":[{"href":"https:\/\/www.4h.se\/riddersvik\/wp-json\/wp\/v2\/types\/page"}],"author":[{"embeddable":true,"href":"https:\/\/www.4h.se\/riddersvik\/wp-json\/wp\/v2\/users\/222"}],"replies":[{"embeddable":true,"href":"https:\/\/www.4h.se\/riddersvik\/wp-json\/wp\/v2\/comments?post=549"}],"version-history":[{"count":0,"href":"https:\/\/www.4h.se\/riddersvik\/wp-json\/wp\/v2\/pages\/549\/revisions"}],"wp:attachment":[{"href":"https:\/\/www.4h.se\/riddersvik\/wp-json\/wp\/v2\/media?parent=549"}],"curies":[{"name":"wp","href":"https:\/\/api.w.org\/{rel}","templated":true}]}}