



{"id":39,"date":"2014-12-09T20:10:35","date_gmt":"2014-12-09T19:10:35","guid":{"rendered":"http:\/\/www.4h.se\/rix16\/?page_id=39"},"modified":"2025-03-10T12:51:55","modified_gmt":"2025-03-10T11:51:55","slug":"hem","status":"publish","type":"page","link":"https:\/\/www.4h.se\/overjarva\/","title":{"rendered":"Startsida"},"content":{"rendered":"<div class=\"wpb-content-wrapper\"><p>[vc_row][vc_column width=&#8221;2\/3&#8243;][vc_single_image image=&#8221;424&#8243; img_size=&#8221;full&#8221;][vc_column_text]<\/p>\n<h1>V\u00e4lkommen till \u00f6verj\u00e4rva 4h-klubbs Hemsida!<\/h1>\n<p>[\/vc_column_text][vc_column_text css=&#8221;&#8221;]\u00d6verj\u00e4rva 4H-klubb startades April 2024 p\u00e5 \u00d6verj\u00e4rva g\u00e5rd i Solna.<\/p>\n<p>Klubben har som inriktning natur-och-kulturhistoria med m\u00e5l att h\u00e5lla i kultur-dagar, friluftsaktiviteter och l\u00e4ger. L\u00e5ngsiktigt planerar vi p\u00e5 att h\u00e5lla kurser f\u00f6r barn och ungdomar, evenemang f\u00f6r allm\u00e4nheten och ideell verksamhet inom djurh\u00e5llning.[\/vc_column_text][\/vc_column][vc_column width=&#8221;1\/3&#8243;][vc_wp_posts number=&#8221;5&#8243;][vc_column_text]<div id=\"calendar-4h\" class=\"widget widget_4h_calendar\"><script type=\"text\/javascript\">var ajaxurl = \"https:\/\/www.4h.se\/overjarva\/wp-admin\/admin-ajax.php\";<\/script><div id=\"calendar_div\"><!-- mainCalender() saknas --><\/div><\/div>[\/vc_column_text][\/vc_column][\/vc_row]<\/p>\n<\/div>","protected":false},"excerpt":{"rendered":"<p>[vc_row][vc_column width=&#8221;2\/3&#8243;][vc_single_image image=&#8221;424&#8243; img_size=&#8221;full&#8221;][vc_column_text] V\u00e4lkommen till \u00f6verj\u00e4rva 4h-klubbs Hemsida! [\/vc_column_text][vc_column_text css=&#8221;&#8221;]\u00d6verj\u00e4rva 4H-klubb startades April 2024 p\u00e5 \u00d6verj\u00e4rva g\u00e5rd i Solna. Klubben har som inriktning natur-och-kulturhistoria med m\u00e5l att h\u00e5lla i kultur-dagar, friluftsaktiviteter och l\u00e4ger. L\u00e5ngsiktigt planerar vi p\u00e5 att h\u00e5lla kurser f\u00f6r barn och ungdomar, evenemang f\u00f6r allm\u00e4nheten och ideell verksamhet inom djurh\u00e5llning.[\/vc_column_text][\/vc_column][vc_column width=&#8221;1\/3&#8243;][vc_wp_posts number=&#8221;5&#8243;][vc_column_text][\/vc_column_text][\/vc_column][\/vc_row]<\/p>\n","protected":false},"author":1,"featured_media":0,"parent":0,"menu_order":8,"comment_status":"closed","ping_status":"closed","template":"","meta":{"footnotes":""},"class_list":["post-39","page","type-page","status-publish","hentry"],"yoast_head":"<!-- This site is optimized with the Yoast SEO plugin v27.4 - https:\/\/yoast.com\/product\/yoast-seo-wordpress\/ -->\n<title>Startsida - \u00d6verjarva 4H-klubb<\/title>\n<meta name=\"description\" content=\"\u00d6verj\u00e4rva 4H-klubb startades April 2024 p\u00e5 \u00d6verj\u00e4rva g\u00e5rd i Solna.Klubben har som inriktning natur-och-kulturhistoria med m\u00e5l att h\u00e5lla i kultur-dagar, friluftsaktiviteter och l\u00e4ger. L\u00e5ngsiktigt planerar vi p\u00e5 att \u00f6ppna \u00d6verj\u00e4rva som bes\u00f6ksg\u00e5rd med kurser f\u00f6r barn och ungdomar, evenemang f\u00f6r allm\u00e4nheten och ideell verksamhet inom djurh\u00e5llning.\" \/>\n<meta name=\"robots\" content=\"index, follow, max-snippet:-1, max-image-preview:large, max-video-preview:-1\" \/>\n<link rel=\"canonical\" href=\"https:\/\/www.4h.se\/overjarva\/\" \/>\n<meta property=\"og:locale\" content=\"sv_SE\" \/>\n<meta property=\"og:type\" content=\"article\" \/>\n<meta property=\"og:title\" content=\"Startsida - \u00d6verjarva 4H-klubb\" \/>\n<meta property=\"og:description\" content=\"\u00d6verj\u00e4rva 4H-klubb startades April 2024 p\u00e5 \u00d6verj\u00e4rva g\u00e5rd i Solna.Klubben har som inriktning natur-och-kulturhistoria med m\u00e5l att h\u00e5lla i kultur-dagar, friluftsaktiviteter och l\u00e4ger. L\u00e5ngsiktigt planerar vi p\u00e5 att \u00f6ppna \u00d6verj\u00e4rva som bes\u00f6ksg\u00e5rd med kurser f\u00f6r barn och ungdomar, evenemang f\u00f6r allm\u00e4nheten och ideell verksamhet inom djurh\u00e5llning.\" \/>\n<meta property=\"og:url\" content=\"https:\/\/www.4h.se\/overjarva\/\" \/>\n<meta property=\"og:site_name\" content=\"\u00d6verjarva 4H-klubb\" \/>\n<meta property=\"article:modified_time\" content=\"2025-03-10T11:51:55+00:00\" \/>\n<meta name=\"twitter:card\" content=\"summary_large_image\" \/>\n<script type=\"application\/ld+json\" class=\"yoast-schema-graph\">{\"@context\":\"https:\\\/\\\/schema.org\",\"@graph\":[{\"@type\":\"WebPage\",\"@id\":\"https:\\\/\\\/www.4h.se\\\/overjarva\\\/\",\"url\":\"https:\\\/\\\/www.4h.se\\\/overjarva\\\/\",\"name\":\"Startsida - \u00d6verjarva 4H-klubb\",\"isPartOf\":{\"@id\":\"https:\\\/\\\/www.4h.se\\\/overjarva\\\/#website\"},\"datePublished\":\"2014-12-09T19:10:35+00:00\",\"dateModified\":\"2025-03-10T11:51:55+00:00\",\"description\":\"\u00d6verj\u00e4rva 4H-klubb startades April 2024 p\u00e5 \u00d6verj\u00e4rva g\u00e5rd i Solna.Klubben har som inriktning natur-och-kulturhistoria med m\u00e5l att h\u00e5lla i kultur-dagar, friluftsaktiviteter och l\u00e4ger. L\u00e5ngsiktigt planerar vi p\u00e5 att \u00f6ppna \u00d6verj\u00e4rva som bes\u00f6ksg\u00e5rd med kurser f\u00f6r barn och ungdomar, evenemang f\u00f6r allm\u00e4nheten och ideell verksamhet inom djurh\u00e5llning.\",\"breadcrumb\":{\"@id\":\"https:\\\/\\\/www.4h.se\\\/overjarva\\\/#breadcrumb\"},\"inLanguage\":\"sv-SE\",\"potentialAction\":[{\"@type\":\"ReadAction\",\"target\":[\"https:\\\/\\\/www.4h.se\\\/overjarva\\\/\"]}]},{\"@type\":\"BreadcrumbList\",\"@id\":\"https:\\\/\\\/www.4h.se\\\/overjarva\\\/#breadcrumb\",\"itemListElement\":[{\"@type\":\"ListItem\",\"position\":1,\"name\":\"Hem\",\"item\":\"https:\\\/\\\/www.4h.se\\\/overjarva\\\/\"},{\"@type\":\"ListItem\",\"position\":2,\"name\":\"Startsida\"}]},{\"@type\":\"WebSite\",\"@id\":\"https:\\\/\\\/www.4h.se\\\/overjarva\\\/#website\",\"url\":\"https:\\\/\\\/www.4h.se\\\/overjarva\\\/\",\"name\":\"\u00d6verjarva 4H-klubb\",\"description\":\"\",\"potentialAction\":[{\"@type\":\"SearchAction\",\"target\":{\"@type\":\"EntryPoint\",\"urlTemplate\":\"https:\\\/\\\/www.4h.se\\\/overjarva\\\/?s={search_term_string}\"},\"query-input\":{\"@type\":\"PropertyValueSpecification\",\"valueRequired\":true,\"valueName\":\"search_term_string\"}}],\"inLanguage\":\"sv-SE\"}]}<\/script>\n<!-- \/ Yoast SEO plugin. -->","yoast_head_json":{"title":"Startsida - \u00d6verjarva 4H-klubb","description":"\u00d6verj\u00e4rva 4H-klubb startades April 2024 p\u00e5 \u00d6verj\u00e4rva g\u00e5rd i Solna.Klubben har som inriktning natur-och-kulturhistoria med m\u00e5l att h\u00e5lla i kultur-dagar, friluftsaktiviteter och l\u00e4ger. L\u00e5ngsiktigt planerar vi p\u00e5 att \u00f6ppna \u00d6verj\u00e4rva som bes\u00f6ksg\u00e5rd med kurser f\u00f6r barn och ungdomar, evenemang f\u00f6r allm\u00e4nheten och ideell verksamhet inom djurh\u00e5llning.","robots":{"index":"index","follow":"follow","max-snippet":"max-snippet:-1","max-image-preview":"max-image-preview:large","max-video-preview":"max-video-preview:-1"},"canonical":"https:\/\/www.4h.se\/overjarva\/","og_locale":"sv_SE","og_type":"article","og_title":"Startsida - \u00d6verjarva 4H-klubb","og_description":"\u00d6verj\u00e4rva 4H-klubb startades April 2024 p\u00e5 \u00d6verj\u00e4rva g\u00e5rd i Solna.Klubben har som inriktning natur-och-kulturhistoria med m\u00e5l att h\u00e5lla i kultur-dagar, friluftsaktiviteter och l\u00e4ger. L\u00e5ngsiktigt planerar vi p\u00e5 att \u00f6ppna \u00d6verj\u00e4rva som bes\u00f6ksg\u00e5rd med kurser f\u00f6r barn och ungdomar, evenemang f\u00f6r allm\u00e4nheten och ideell verksamhet inom djurh\u00e5llning.","og_url":"https:\/\/www.4h.se\/overjarva\/","og_site_name":"\u00d6verjarva 4H-klubb","article_modified_time":"2025-03-10T11:51:55+00:00","twitter_card":"summary_large_image","schema":{"@context":"https:\/\/schema.org","@graph":[{"@type":"WebPage","@id":"https:\/\/www.4h.se\/overjarva\/","url":"https:\/\/www.4h.se\/overjarva\/","name":"Startsida - \u00d6verjarva 4H-klubb","isPartOf":{"@id":"https:\/\/www.4h.se\/overjarva\/#website"},"datePublished":"2014-12-09T19:10:35+00:00","dateModified":"2025-03-10T11:51:55+00:00","description":"\u00d6verj\u00e4rva 4H-klubb startades April 2024 p\u00e5 \u00d6verj\u00e4rva g\u00e5rd i Solna.Klubben har som inriktning natur-och-kulturhistoria med m\u00e5l att h\u00e5lla i kultur-dagar, friluftsaktiviteter och l\u00e4ger. L\u00e5ngsiktigt planerar vi p\u00e5 att \u00f6ppna \u00d6verj\u00e4rva som bes\u00f6ksg\u00e5rd med kurser f\u00f6r barn och ungdomar, evenemang f\u00f6r allm\u00e4nheten och ideell verksamhet inom djurh\u00e5llning.","breadcrumb":{"@id":"https:\/\/www.4h.se\/overjarva\/#breadcrumb"},"inLanguage":"sv-SE","potentialAction":[{"@type":"ReadAction","target":["https:\/\/www.4h.se\/overjarva\/"]}]},{"@type":"BreadcrumbList","@id":"https:\/\/www.4h.se\/overjarva\/#breadcrumb","itemListElement":[{"@type":"ListItem","position":1,"name":"Hem","item":"https:\/\/www.4h.se\/overjarva\/"},{"@type":"ListItem","position":2,"name":"Startsida"}]},{"@type":"WebSite","@id":"https:\/\/www.4h.se\/overjarva\/#website","url":"https:\/\/www.4h.se\/overjarva\/","name":"\u00d6verjarva 4H-klubb","description":"","potentialAction":[{"@type":"SearchAction","target":{"@type":"EntryPoint","urlTemplate":"https:\/\/www.4h.se\/overjarva\/?s={search_term_string}"},"query-input":{"@type":"PropertyValueSpecification","valueRequired":true,"valueName":"search_term_string"}}],"inLanguage":"sv-SE"}]}},"_links":{"self":[{"href":"https:\/\/www.4h.se\/overjarva\/wp-json\/wp\/v2\/pages\/39","targetHints":{"allow":["GET"]}}],"collection":[{"href":"https:\/\/www.4h.se\/overjarva\/wp-json\/wp\/v2\/pages"}],"about":[{"href":"https:\/\/www.4h.se\/overjarva\/wp-json\/wp\/v2\/types\/page"}],"author":[{"embeddable":true,"href":"https:\/\/www.4h.se\/overjarva\/wp-json\/wp\/v2\/users\/1"}],"replies":[{"embeddable":true,"href":"https:\/\/www.4h.se\/overjarva\/wp-json\/wp\/v2\/comments?post=39"}],"version-history":[{"count":0,"href":"https:\/\/www.4h.se\/overjarva\/wp-json\/wp\/v2\/pages\/39\/revisions"}],"wp:attachment":[{"href":"https:\/\/www.4h.se\/overjarva\/wp-json\/wp\/v2\/media?parent=39"}],"curies":[{"name":"wp","href":"https:\/\/api.w.org\/{rel}","templated":true}]}}