



{"id":355,"date":"2015-12-16T23:13:52","date_gmt":"2015-12-16T22:13:52","guid":{"rendered":"http:\/\/www.4h.se\/mall\/?page_id=355"},"modified":"2025-01-13T17:46:20","modified_gmt":"2025-01-13T16:46:20","slug":"hitta-hit","status":"publish","type":"page","link":"https:\/\/www.4h.se\/overjarva\/hitta-hit\/","title":{"rendered":"Hitta hit"},"content":{"rendered":"<div class=\"wpb-content-wrapper\"><p>[vc_row][vc_column][vc_column_text css=&#8221;&#8221;]<\/p>\n<h1>Hitta till v\u00e5r 4H-klubb<\/h1>\n<p>F\u00f6r tillf\u00e4llet har \u00d6verj\u00e4rva 4H-klubb inget fast s\u00e4te p\u00e5 g\u00e5rden, d\u00e4remot kan man bes\u00f6ka \u00d6verj\u00e4rva g\u00e5rds friluftsmuseum, kaf\u00e9, naturskola, och byggv\u00e5rd samt antik handlare.[\/vc_column_text][\/vc_column][\/vc_row][vc_row][vc_column width=&#8221;1\/2&#8243;][vc_column_text]Till \u00d6verj\u00e4rva g\u00e5rd kan du enklast ta dig via pendelt\u00e5g eller buss till Ulriksdal station och sen \u00e4r det en 15 minuter promenad till g\u00e5rden.[\/vc_column_text][\/vc_column][\/vc_row][vc_row][vc_column][vc_gmaps link=&#8221;#E-8_JTNDaWZyYW1lJTIwc3JjJTNEJTIyaHR0cHMlM0ElMkYlMkZ3d3cuZ29vZ2xlLmNvbSUyRm1hcHMlMkZlbWJlZCUzRnBiJTNEJTIxMW0xOCUyMTFtMTIlMjExbTMlMjExZDIwMzEuNjgyNjM2MDM3NDIzNyUyMTJkMTcuOTkyOTU5MzA4NTQyMDc2JTIxM2Q1OS4zODgzMjI3Njk2MDEyOSUyMTJtMyUyMTFmMCUyMTJmMCUyMTNmMCUyMTNtMiUyMTFpMTAyNCUyMTJpNzY4JTIxNGYxMy4xJTIxM20zJTIxMW0yJTIxMXMweDQ2NWY5ZDlmNGNmMTljZGIlMjUzQTB4YzZkZjhiMjE1OTdiYzdhYyUyMTJ6dzVaMlpYSnF3NlJ5ZG1FZ1o4T2xjbVElMjE1ZTAlMjEzbTIlMjExc2VuJTIxMnNzZSUyMTR2MTcxMzk0NjE2Mjc0OCUyMTVtMiUyMTFzZW4lMjEyc3NlJTIyJTIwd2lkdGglM0QlMjI2MDAlMjIlMjBoZWlnaHQlM0QlMjI0NTAlMjIlMjBzdHlsZSUzRCUyMmJvcmRlciUzQTAlM0IlMjIlMjBhbGxvd2Z1bGxzY3JlZW4lM0QlMjIlMjIlMjBsb2FkaW5nJTNEJTIybGF6eSUyMiUyMHJlZmVycmVycG9saWN5JTNEJTIybm8tcmVmZXJyZXItd2hlbi1kb3duZ3JhZGUlMjIlM0UlM0MlMkZpZnJhbWUlM0U=&#8221;][\/vc_column][\/vc_row]<\/p>\n<\/div>","protected":false},"excerpt":{"rendered":"<p>[vc_row][vc_column][vc_column_text css=&#8221;&#8221;] Hitta till v\u00e5r 4H-klubb F\u00f6r tillf\u00e4llet har \u00d6verj\u00e4rva 4H-klubb inget fast s\u00e4te p\u00e5 g\u00e5rden, d\u00e4remot kan man bes\u00f6ka \u00d6verj\u00e4rva g\u00e5rds friluftsmuseum, kaf\u00e9, naturskola, och byggv\u00e5rd samt antik handlare.[\/vc_column_text][\/vc_column][\/vc_row][vc_row][vc_column width=&#8221;1\/2&#8243;][vc_column_text]Till \u00d6verj\u00e4rva g\u00e5rd kan du enklast ta dig via pendelt\u00e5g eller buss till Ulriksdal station och sen \u00e4r det en 15 minuter promenad till g\u00e5rden.[\/vc_column_text][\/vc_column][\/vc_row][vc_row][vc_column][vc_gmaps&nbsp; <a href=\"https:\/\/www.4h.se\/overjarva\/hitta-hit\/\">&hellip; Read more <i class=\"glyphicon glyphicon-arrow-right\"><\/i><\/a><\/p>\n","protected":false},"author":36,"featured_media":0,"parent":0,"menu_order":2,"comment_status":"closed","ping_status":"closed","template":"","meta":{"footnotes":""},"class_list":["post-355","page","type-page","status-publish","hentry"],"yoast_head":"<!-- This site is optimized with the Yoast SEO plugin v27.4 - https:\/\/yoast.com\/product\/yoast-seo-wordpress\/ -->\n<title>Hitta hit - \u00d6verjarva 4H-klubb<\/title>\n<meta name=\"robots\" content=\"index, follow, max-snippet:-1, max-image-preview:large, max-video-preview:-1\" \/>\n<link rel=\"canonical\" href=\"https:\/\/www.4h.se\/overjarva\/hitta-hit\/\" \/>\n<meta property=\"og:locale\" content=\"sv_SE\" \/>\n<meta property=\"og:type\" content=\"article\" \/>\n<meta property=\"og:title\" content=\"Hitta hit - \u00d6verjarva 4H-klubb\" \/>\n<meta property=\"og:description\" content=\"[vc_row][vc_column][vc_column_text css=&#8221;&#8221;] Hitta till v\u00e5r 4H-klubb F\u00f6r tillf\u00e4llet har \u00d6verj\u00e4rva 4H-klubb inget fast s\u00e4te p\u00e5 g\u00e5rden, d\u00e4remot kan man bes\u00f6ka \u00d6verj\u00e4rva g\u00e5rds friluftsmuseum, kaf\u00e9, naturskola, och byggv\u00e5rd samt antik handlare.[\/vc_column_text][\/vc_column][\/vc_row][vc_row][vc_column width=&#8221;1\/2&#8243;][vc_column_text]Till \u00d6verj\u00e4rva g\u00e5rd kan du enklast ta dig via pendelt\u00e5g eller buss till Ulriksdal station och sen \u00e4r det en 15 minuter promenad till g\u00e5rden.[\/vc_column_text][\/vc_column][\/vc_row][vc_row][vc_column][vc_gmaps&nbsp; &hellip; Read more\" \/>\n<meta property=\"og:url\" content=\"https:\/\/www.4h.se\/overjarva\/hitta-hit\/\" \/>\n<meta property=\"og:site_name\" content=\"\u00d6verjarva 4H-klubb\" \/>\n<meta property=\"article:modified_time\" content=\"2025-01-13T16:46:20+00:00\" \/>\n<meta name=\"twitter:card\" content=\"summary_large_image\" \/>\n<meta name=\"twitter:label1\" content=\"Ber\u00e4knad l\u00e4stid\" \/>\n\t<meta name=\"twitter:data1\" content=\"1 minut\" \/>\n<script type=\"application\/ld+json\" class=\"yoast-schema-graph\">{\"@context\":\"https:\\\/\\\/schema.org\",\"@graph\":[{\"@type\":\"WebPage\",\"@id\":\"https:\\\/\\\/www.4h.se\\\/overjarva\\\/hitta-hit\\\/\",\"url\":\"https:\\\/\\\/www.4h.se\\\/overjarva\\\/hitta-hit\\\/\",\"name\":\"Hitta hit - \u00d6verjarva 4H-klubb\",\"isPartOf\":{\"@id\":\"https:\\\/\\\/www.4h.se\\\/overjarva\\\/#website\"},\"datePublished\":\"2015-12-16T22:13:52+00:00\",\"dateModified\":\"2025-01-13T16:46:20+00:00\",\"breadcrumb\":{\"@id\":\"https:\\\/\\\/www.4h.se\\\/overjarva\\\/hitta-hit\\\/#breadcrumb\"},\"inLanguage\":\"sv-SE\",\"potentialAction\":[{\"@type\":\"ReadAction\",\"target\":[\"https:\\\/\\\/www.4h.se\\\/overjarva\\\/hitta-hit\\\/\"]}]},{\"@type\":\"BreadcrumbList\",\"@id\":\"https:\\\/\\\/www.4h.se\\\/overjarva\\\/hitta-hit\\\/#breadcrumb\",\"itemListElement\":[{\"@type\":\"ListItem\",\"position\":1,\"name\":\"Hem\",\"item\":\"https:\\\/\\\/www.4h.se\\\/overjarva\\\/\"},{\"@type\":\"ListItem\",\"position\":2,\"name\":\"Hitta hit\"}]},{\"@type\":\"WebSite\",\"@id\":\"https:\\\/\\\/www.4h.se\\\/overjarva\\\/#website\",\"url\":\"https:\\\/\\\/www.4h.se\\\/overjarva\\\/\",\"name\":\"\u00d6verjarva 4H-klubb\",\"description\":\"\",\"potentialAction\":[{\"@type\":\"SearchAction\",\"target\":{\"@type\":\"EntryPoint\",\"urlTemplate\":\"https:\\\/\\\/www.4h.se\\\/overjarva\\\/?s={search_term_string}\"},\"query-input\":{\"@type\":\"PropertyValueSpecification\",\"valueRequired\":true,\"valueName\":\"search_term_string\"}}],\"inLanguage\":\"sv-SE\"}]}<\/script>\n<!-- \/ Yoast SEO plugin. -->","yoast_head_json":{"title":"Hitta hit - \u00d6verjarva 4H-klubb","robots":{"index":"index","follow":"follow","max-snippet":"max-snippet:-1","max-image-preview":"max-image-preview:large","max-video-preview":"max-video-preview:-1"},"canonical":"https:\/\/www.4h.se\/overjarva\/hitta-hit\/","og_locale":"sv_SE","og_type":"article","og_title":"Hitta hit - \u00d6verjarva 4H-klubb","og_description":"[vc_row][vc_column][vc_column_text css=&#8221;&#8221;] Hitta till v\u00e5r 4H-klubb F\u00f6r tillf\u00e4llet har \u00d6verj\u00e4rva 4H-klubb inget fast s\u00e4te p\u00e5 g\u00e5rden, d\u00e4remot kan man bes\u00f6ka \u00d6verj\u00e4rva g\u00e5rds friluftsmuseum, kaf\u00e9, naturskola, och byggv\u00e5rd samt antik handlare.[\/vc_column_text][\/vc_column][\/vc_row][vc_row][vc_column width=&#8221;1\/2&#8243;][vc_column_text]Till \u00d6verj\u00e4rva g\u00e5rd kan du enklast ta dig via pendelt\u00e5g eller buss till Ulriksdal station och sen \u00e4r det en 15 minuter promenad till g\u00e5rden.[\/vc_column_text][\/vc_column][\/vc_row][vc_row][vc_column][vc_gmaps&nbsp; &hellip; Read more","og_url":"https:\/\/www.4h.se\/overjarva\/hitta-hit\/","og_site_name":"\u00d6verjarva 4H-klubb","article_modified_time":"2025-01-13T16:46:20+00:00","twitter_card":"summary_large_image","twitter_misc":{"Ber\u00e4knad l\u00e4stid":"1 minut"},"schema":{"@context":"https:\/\/schema.org","@graph":[{"@type":"WebPage","@id":"https:\/\/www.4h.se\/overjarva\/hitta-hit\/","url":"https:\/\/www.4h.se\/overjarva\/hitta-hit\/","name":"Hitta hit - \u00d6verjarva 4H-klubb","isPartOf":{"@id":"https:\/\/www.4h.se\/overjarva\/#website"},"datePublished":"2015-12-16T22:13:52+00:00","dateModified":"2025-01-13T16:46:20+00:00","breadcrumb":{"@id":"https:\/\/www.4h.se\/overjarva\/hitta-hit\/#breadcrumb"},"inLanguage":"sv-SE","potentialAction":[{"@type":"ReadAction","target":["https:\/\/www.4h.se\/overjarva\/hitta-hit\/"]}]},{"@type":"BreadcrumbList","@id":"https:\/\/www.4h.se\/overjarva\/hitta-hit\/#breadcrumb","itemListElement":[{"@type":"ListItem","position":1,"name":"Hem","item":"https:\/\/www.4h.se\/overjarva\/"},{"@type":"ListItem","position":2,"name":"Hitta hit"}]},{"@type":"WebSite","@id":"https:\/\/www.4h.se\/overjarva\/#website","url":"https:\/\/www.4h.se\/overjarva\/","name":"\u00d6verjarva 4H-klubb","description":"","potentialAction":[{"@type":"SearchAction","target":{"@type":"EntryPoint","urlTemplate":"https:\/\/www.4h.se\/overjarva\/?s={search_term_string}"},"query-input":{"@type":"PropertyValueSpecification","valueRequired":true,"valueName":"search_term_string"}}],"inLanguage":"sv-SE"}]}},"_links":{"self":[{"href":"https:\/\/www.4h.se\/overjarva\/wp-json\/wp\/v2\/pages\/355","targetHints":{"allow":["GET"]}}],"collection":[{"href":"https:\/\/www.4h.se\/overjarva\/wp-json\/wp\/v2\/pages"}],"about":[{"href":"https:\/\/www.4h.se\/overjarva\/wp-json\/wp\/v2\/types\/page"}],"author":[{"embeddable":true,"href":"https:\/\/www.4h.se\/overjarva\/wp-json\/wp\/v2\/users\/36"}],"replies":[{"embeddable":true,"href":"https:\/\/www.4h.se\/overjarva\/wp-json\/wp\/v2\/comments?post=355"}],"version-history":[{"count":0,"href":"https:\/\/www.4h.se\/overjarva\/wp-json\/wp\/v2\/pages\/355\/revisions"}],"wp:attachment":[{"href":"https:\/\/www.4h.se\/overjarva\/wp-json\/wp\/v2\/media?parent=355"}],"curies":[{"name":"wp","href":"https:\/\/api.w.org\/{rel}","templated":true}]}}