



{"id":669,"date":"2025-05-27T11:31:07","date_gmt":"2025-05-27T09:31:07","guid":{"rendered":"https:\/\/www.4h.se\/otorn\/?page_id=669"},"modified":"2026-01-15T15:10:30","modified_gmt":"2026-01-15T14:10:30","slug":"sponsorer","status":"publish","type":"page","link":"https:\/\/www.4h.se\/otorn\/sponsorer\/","title":{"rendered":"Sponsorer"},"content":{"rendered":"<div class=\"wpb-content-wrapper\"><p>[vc_row][vc_column width=&#8221;1\/2&#8243;][vc_column_text css=&#8221;&#8221;]<\/p>\n<h3><span style=\"color: #008000;\">Sponsorskap<\/span><\/h3>\n<p>[\/vc_column_text][\/vc_column][vc_column width=&#8221;1\/2&#8243;][vc_column_text css=&#8221;&#8221;]<\/p>\n<h3><span style=\"color: #008000;\">SPONSORER 2025<\/span><\/h3>\n<p>[\/vc_column_text][\/vc_column][\/vc_row][vc_row][vc_column width=&#8221;1\/2&#8243;][vc_column_text css=&#8221;&#8221;]<\/p>\n<h4><span style=\"color: #008000;\">DIAMANTSPONSOR-<span style=\"color: #000000;\">\u00c5RSKOSTNAD F\u00d6R ETT DJUR<\/span><\/span><\/h4>\n<h4><span style=\"color: #008000;\">GULDSPONSOR-<span style=\"color: #000000;\">HALV\u00c5RSKOSTNAD F\u00d6R ETT DJUR<\/span><\/span><\/h4>\n<h4><span style=\"color: #008000;\">SILVERSPONSOR-<span style=\"color: #000000;\">VALFRI SUMMA<\/span><\/span><\/h4>\n<h4><span style=\"color: #008000;\">Kontakta otorn@4h.se eller skicka ett sms till 0730798392<\/span><\/h4>\n<h4><span style=\"color: #008000;\">SWISH NUMMER 1233570249<\/span><\/h4>\n<p>[\/vc_column_text][vc_column_text css=&#8221;&#8221;]<\/p>\n<h3><span style=\"color: #008000;\">\u00c5RSKOSTNADER F\u00d6R DJUREN<\/span><\/h3>\n<h5><span style=\"color: #000000;\">Inkluderar:Foder, str\u00f6material, f\u00f6rs\u00e4kring, vaccinationer och \u00f6vrigt g\u00e4llande djurslag tex. hovslagare.<\/span><\/h5>\n<h4><span style=\"color: #008000;\">PONNYS<\/span><\/h4>\n<h5><span style=\"color: #000000;\">Maia A-ponny: 10.000 kr\/\u00e5r<\/span><br \/>\n<span style=\"color: #000000;\">Gullan A-ponny: 10.000 kr\/\u00e5r<\/span><br \/>\n<span style=\"color: #000000;\">Ulla B-ponny: 15.000 kr\/\u00e5r<\/span><\/h5>\n<h4><span style=\"color: #008000;\">Getter<\/span><\/h4>\n<h5>Lilla-My: 1200 kr\/\u00e5r<br \/>\nMalinka: 1200 kr\/\u00e5r<\/h5>\n<h4><span style=\"color: #008000;\">F\u00e5r<\/span><\/h4>\n<h5><span style=\"color: #000000;\">ELLIE: 2000 kr\/\u00e5r<br \/>\nHilda: 2000 kr\/\u00e5r<br \/>\nAPRILIA: 2000Kr\/\u00c5r<\/span><\/h5>\n<h4><span style=\"color: #008000;\">H\u00f6ns<\/span><\/h4>\n<h5><span style=\"color: #000000;\">H\u00f6ns &amp; Tuppe: 300 kr\/\u00e5r<\/span><\/h5>\n<h4><span style=\"color: #008000;\">Kaniner<\/span><\/h4>\n<h5><span style=\"color: #000000;\">Zigge Fransk V\u00e4dur: 2000 kr\/\u00e5r<br \/>\nBacon Dv\u00e4rgv\u00e4dur: 1300 kr\/\u00e5r<\/span><\/h5>\n<p>[\/vc_column_text][\/vc_column][vc_column width=&#8221;1\/2&#8243;][vc_column_text css=&#8221;&#8221;]<\/p>\n<h4><span style=\"color: #008000;\">DIAMANTSPONSOR<\/span><\/h4>\n<h5><\/h5>\n<h4><span style=\"color: #008000;\">SILVERSPONSOR<\/span><\/h4>\n<h5><span style=\"color: #003300;\">coop-fl\u00f6jtv\u00e4gen Lund sponsrar hela caf\u00e9t &amp; grillning p\u00e5 4h-dagen och bidrar med f\u00e4rska gr\u00f6nsaker till v\u00e5ra djur<\/span><\/h5>\n<p>&nbsp;[\/vc_column_text][\/vc_column][\/vc_row]<\/p>\n<\/div>","protected":false},"excerpt":{"rendered":"<p>[vc_row][vc_column width=&#8221;1\/2&#8243;][vc_column_text css=&#8221;&#8221;] Sponsorskap [\/vc_column_text][\/vc_column][vc_column width=&#8221;1\/2&#8243;][vc_column_text css=&#8221;&#8221;] SPONSORER 2025 [\/vc_column_text][\/vc_column][\/vc_row][vc_row][vc_column width=&#8221;1\/2&#8243;][vc_column_text css=&#8221;&#8221;] DIAMANTSPONSOR-\u00c5RSKOSTNAD F\u00d6R ETT DJUR GULDSPONSOR-HALV\u00c5RSKOSTNAD F\u00d6R ETT DJUR SILVERSPONSOR-VALFRI SUMMA Kontakta otorn@4h.se eller skicka ett sms till 0730798392 SWISH NUMMER 1233570249 [\/vc_column_text][vc_column_text css=&#8221;&#8221;] \u00c5RSKOSTNADER F\u00d6R DJUREN Inkluderar:Foder, str\u00f6material, f\u00f6rs\u00e4kring, vaccinationer och \u00f6vrigt g\u00e4llande djurslag tex. hovslagare. PONNYS Maia A-ponny: 10.000 kr\/\u00e5r Gullan A-ponny:&nbsp; <a href=\"https:\/\/www.4h.se\/otorn\/sponsorer\/\">&hellip; Read more <i class=\"glyphicon glyphicon-arrow-right\"><\/i><\/a><\/p>\n","protected":false},"author":117,"featured_media":0,"parent":0,"menu_order":0,"comment_status":"closed","ping_status":"closed","template":"","meta":{"_acf_changed":false,"footnotes":""},"class_list":["post-669","page","type-page","status-publish","hentry"],"acf":[],"yoast_head":"<!-- This site is optimized with the Yoast SEO plugin v27.5 - https:\/\/yoast.com\/product\/yoast-seo-wordpress\/ -->\n<title>Sponsorer - \u00d6stra Torns 4H G\u00e5rd<\/title>\n<meta name=\"robots\" content=\"index, follow, max-snippet:-1, max-image-preview:large, max-video-preview:-1\" \/>\n<link rel=\"canonical\" href=\"https:\/\/www.4h.se\/otorn\/sponsorer\/\" \/>\n<meta property=\"og:locale\" content=\"sv_SE\" \/>\n<meta property=\"og:type\" content=\"article\" \/>\n<meta property=\"og:title\" content=\"Sponsorer - \u00d6stra Torns 4H G\u00e5rd\" \/>\n<meta property=\"og:description\" content=\"[vc_row][vc_column width=&#8221;1\/2&#8243;][vc_column_text css=&#8221;&#8221;] Sponsorskap [\/vc_column_text][\/vc_column][vc_column width=&#8221;1\/2&#8243;][vc_column_text css=&#8221;&#8221;] SPONSORER 2025 [\/vc_column_text][\/vc_column][\/vc_row][vc_row][vc_column width=&#8221;1\/2&#8243;][vc_column_text css=&#8221;&#8221;] DIAMANTSPONSOR-\u00c5RSKOSTNAD F\u00d6R ETT DJUR GULDSPONSOR-HALV\u00c5RSKOSTNAD F\u00d6R ETT DJUR SILVERSPONSOR-VALFRI SUMMA Kontakta otorn@4h.se eller skicka ett sms till 0730798392 SWISH NUMMER 1233570249 [\/vc_column_text][vc_column_text css=&#8221;&#8221;] \u00c5RSKOSTNADER F\u00d6R DJUREN Inkluderar:Foder, str\u00f6material, f\u00f6rs\u00e4kring, vaccinationer och \u00f6vrigt g\u00e4llande djurslag tex. hovslagare. PONNYS Maia A-ponny: 10.000 kr\/\u00e5r Gullan A-ponny:&nbsp; &hellip; Read more\" \/>\n<meta property=\"og:url\" content=\"https:\/\/www.4h.se\/otorn\/sponsorer\/\" \/>\n<meta property=\"og:site_name\" content=\"\u00d6stra Torns 4H G\u00e5rd\" \/>\n<meta property=\"article:modified_time\" content=\"2026-01-15T14:10:30+00:00\" \/>\n<meta name=\"twitter:card\" content=\"summary_large_image\" \/>\n<script type=\"application\/ld+json\" class=\"yoast-schema-graph\">{\"@context\":\"https:\\\/\\\/schema.org\",\"@graph\":[{\"@type\":\"WebPage\",\"@id\":\"https:\\\/\\\/www.4h.se\\\/otorn\\\/sponsorer\\\/\",\"url\":\"https:\\\/\\\/www.4h.se\\\/otorn\\\/sponsorer\\\/\",\"name\":\"Sponsorer - \u00d6stra Torns 4H G\u00e5rd\",\"isPartOf\":{\"@id\":\"https:\\\/\\\/www.4h.se\\\/otorn\\\/#website\"},\"datePublished\":\"2025-05-27T09:31:07+00:00\",\"dateModified\":\"2026-01-15T14:10:30+00:00\",\"breadcrumb\":{\"@id\":\"https:\\\/\\\/www.4h.se\\\/otorn\\\/sponsorer\\\/#breadcrumb\"},\"inLanguage\":\"sv-SE\",\"potentialAction\":[{\"@type\":\"ReadAction\",\"target\":[\"https:\\\/\\\/www.4h.se\\\/otorn\\\/sponsorer\\\/\"]}]},{\"@type\":\"BreadcrumbList\",\"@id\":\"https:\\\/\\\/www.4h.se\\\/otorn\\\/sponsorer\\\/#breadcrumb\",\"itemListElement\":[{\"@type\":\"ListItem\",\"position\":1,\"name\":\"Hem\",\"item\":\"https:\\\/\\\/www.4h.se\\\/otorn\\\/\"},{\"@type\":\"ListItem\",\"position\":2,\"name\":\"Sponsorer\"}]},{\"@type\":\"WebSite\",\"@id\":\"https:\\\/\\\/www.4h.se\\\/otorn\\\/#website\",\"url\":\"https:\\\/\\\/www.4h.se\\\/otorn\\\/\",\"name\":\"\u00d6stra Torns 4H G\u00e5rd\",\"description\":\"\",\"potentialAction\":[{\"@type\":\"SearchAction\",\"target\":{\"@type\":\"EntryPoint\",\"urlTemplate\":\"https:\\\/\\\/www.4h.se\\\/otorn\\\/?s={search_term_string}\"},\"query-input\":{\"@type\":\"PropertyValueSpecification\",\"valueRequired\":true,\"valueName\":\"search_term_string\"}}],\"inLanguage\":\"sv-SE\"}]}<\/script>\n<!-- \/ Yoast SEO plugin. -->","yoast_head_json":{"title":"Sponsorer - \u00d6stra Torns 4H G\u00e5rd","robots":{"index":"index","follow":"follow","max-snippet":"max-snippet:-1","max-image-preview":"max-image-preview:large","max-video-preview":"max-video-preview:-1"},"canonical":"https:\/\/www.4h.se\/otorn\/sponsorer\/","og_locale":"sv_SE","og_type":"article","og_title":"Sponsorer - \u00d6stra Torns 4H G\u00e5rd","og_description":"[vc_row][vc_column width=&#8221;1\/2&#8243;][vc_column_text css=&#8221;&#8221;] Sponsorskap [\/vc_column_text][\/vc_column][vc_column width=&#8221;1\/2&#8243;][vc_column_text css=&#8221;&#8221;] SPONSORER 2025 [\/vc_column_text][\/vc_column][\/vc_row][vc_row][vc_column width=&#8221;1\/2&#8243;][vc_column_text css=&#8221;&#8221;] DIAMANTSPONSOR-\u00c5RSKOSTNAD F\u00d6R ETT DJUR GULDSPONSOR-HALV\u00c5RSKOSTNAD F\u00d6R ETT DJUR SILVERSPONSOR-VALFRI SUMMA Kontakta otorn@4h.se eller skicka ett sms till 0730798392 SWISH NUMMER 1233570249 [\/vc_column_text][vc_column_text css=&#8221;&#8221;] \u00c5RSKOSTNADER F\u00d6R DJUREN Inkluderar:Foder, str\u00f6material, f\u00f6rs\u00e4kring, vaccinationer och \u00f6vrigt g\u00e4llande djurslag tex. hovslagare. PONNYS Maia A-ponny: 10.000 kr\/\u00e5r Gullan A-ponny:&nbsp; &hellip; Read more","og_url":"https:\/\/www.4h.se\/otorn\/sponsorer\/","og_site_name":"\u00d6stra Torns 4H G\u00e5rd","article_modified_time":"2026-01-15T14:10:30+00:00","twitter_card":"summary_large_image","schema":{"@context":"https:\/\/schema.org","@graph":[{"@type":"WebPage","@id":"https:\/\/www.4h.se\/otorn\/sponsorer\/","url":"https:\/\/www.4h.se\/otorn\/sponsorer\/","name":"Sponsorer - \u00d6stra Torns 4H G\u00e5rd","isPartOf":{"@id":"https:\/\/www.4h.se\/otorn\/#website"},"datePublished":"2025-05-27T09:31:07+00:00","dateModified":"2026-01-15T14:10:30+00:00","breadcrumb":{"@id":"https:\/\/www.4h.se\/otorn\/sponsorer\/#breadcrumb"},"inLanguage":"sv-SE","potentialAction":[{"@type":"ReadAction","target":["https:\/\/www.4h.se\/otorn\/sponsorer\/"]}]},{"@type":"BreadcrumbList","@id":"https:\/\/www.4h.se\/otorn\/sponsorer\/#breadcrumb","itemListElement":[{"@type":"ListItem","position":1,"name":"Hem","item":"https:\/\/www.4h.se\/otorn\/"},{"@type":"ListItem","position":2,"name":"Sponsorer"}]},{"@type":"WebSite","@id":"https:\/\/www.4h.se\/otorn\/#website","url":"https:\/\/www.4h.se\/otorn\/","name":"\u00d6stra Torns 4H G\u00e5rd","description":"","potentialAction":[{"@type":"SearchAction","target":{"@type":"EntryPoint","urlTemplate":"https:\/\/www.4h.se\/otorn\/?s={search_term_string}"},"query-input":{"@type":"PropertyValueSpecification","valueRequired":true,"valueName":"search_term_string"}}],"inLanguage":"sv-SE"}]}},"_links":{"self":[{"href":"https:\/\/www.4h.se\/otorn\/wp-json\/wp\/v2\/pages\/669","targetHints":{"allow":["GET"]}}],"collection":[{"href":"https:\/\/www.4h.se\/otorn\/wp-json\/wp\/v2\/pages"}],"about":[{"href":"https:\/\/www.4h.se\/otorn\/wp-json\/wp\/v2\/types\/page"}],"author":[{"embeddable":true,"href":"https:\/\/www.4h.se\/otorn\/wp-json\/wp\/v2\/users\/117"}],"replies":[{"embeddable":true,"href":"https:\/\/www.4h.se\/otorn\/wp-json\/wp\/v2\/comments?post=669"}],"version-history":[{"count":0,"href":"https:\/\/www.4h.se\/otorn\/wp-json\/wp\/v2\/pages\/669\/revisions"}],"wp:attachment":[{"href":"https:\/\/www.4h.se\/otorn\/wp-json\/wp\/v2\/media?parent=669"}],"curies":[{"name":"wp","href":"https:\/\/api.w.org\/{rel}","templated":true}]}}