



{"id":638,"date":"2025-01-23T13:30:30","date_gmt":"2025-01-23T12:30:30","guid":{"rendered":"https:\/\/www.4h.se\/otorn\/?page_id=638"},"modified":"2026-01-12T15:05:34","modified_gmt":"2026-01-12T14:05:34","slug":"oppettider","status":"publish","type":"page","link":"https:\/\/www.4h.se\/otorn\/oppettider\/","title":{"rendered":"\u00d6ppettider"},"content":{"rendered":"<div class=\"wpb-content-wrapper\"><p>[vc_row][vc_column][vc_column_text css=&#8221;.vc_custom_1768218432654{padding-top: 1px !important;padding-right: 1px !important;padding-bottom: 1px !important;padding-left: 1px !important;border-color: #158810 !important;}&#8221;]<\/p>\n<h3 style=\"text-align: center;\" align=\"CENTER\"><span style=\"color: #008000;\">\u00d6PPETTIDER<br \/>\n<\/span><\/h3>\n<h4 style=\"text-align: center;\" align=\"LEFT\"><span style=\"color: #008000;\">Studiebes\u00f6k bokar ni p\u00e5: <a style=\"color: #008000;\" href=\"mailto:otorn@4h.se\">otorn@4h.se&nbsp;<\/a><\/span><\/h4>\n<p>[\/vc_column_text][\/vc_column][\/vc_row][vc_row][vc_column width=&#8221;1\/3&#8243;][vc_column_text css=&#8221;&#8221;]<\/p>\n<h4 style=\"text-align: center;\" align=\"LEFT\"><span style=\"color: #000000;\"><strong>ALLM\u00c4NHETen<\/strong><br \/>\n<\/span><\/h4>\n<h4 style=\"text-align: center;\" align=\"LEFT\"><span style=\"color: #000000;\">M\u00e5ndag: 13:00-16:00<br \/>\nTisdag: 13:00-18:00<br \/>\n<\/span><span style=\"color: #000000;\">Onsdag: 13:00-18:00<span style=\"color: #ff0000;\"><br \/>\n<\/span><\/span><span style=\"color: #000000;\">Torsdag: 13:00-17:00<br \/>\n<\/span><span style=\"color: #000000;\">FREDAg;13:00-16:00<br \/>\n<\/span><span style=\"color: #000000;\">l\u00f6rdag &amp; S\u00f6ndag: 10:00-12:00<\/span><\/h4>\n<p>[\/vc_column_text][\/vc_column][vc_column width=&#8221;1\/3&#8243;][vc_column_text css=&#8221;&#8221;]<\/p>\n<h4 style=\"text-align: center;\" align=\"LEFT\"><strong><span style=\"color: #008000;\">MEDLEMMAR<\/span><\/strong><\/h4>\n<h4 style=\"text-align: center;\" align=\"LEFT\"><span style=\"color: #008000;\">medlemmar kan komma fr\u00e5n 10:00 och stanna till anvisad tid.<br \/>\nP\u00e5 skolloven har vi \u00f6ppet fram till 16:00.<\/span><\/h4>\n<p>[\/vc_column_text][\/vc_column][vc_column width=&#8221;1\/3&#8243;][vc_column_text css=&#8221;&#8221;]<\/p>\n<h4 style=\"text-align: center;\"><span style=\"color: #000000;\"><strong>\u00d6VRIGA\/Avvikande TIDER<\/strong><\/span><\/h4>\n<h4 style=\"text-align: center;\">L\u00e4ggs upp p\u00e5 sociala medier!<\/h4>\n<p>&nbsp;[\/vc_column_text][\/vc_column][\/vc_row][vc_row][vc_column][vc_column_text css=&#8221;&#8221;]<\/p>\n<h5 style=\"text-align: center;\" align=\"CENTER\"><em><strong>Vi ber alla v\u00e5ra bes\u00f6kare att l\u00e4sa igenom:<\/strong><\/em><\/h5>\n<h5 style=\"text-align: center;\" align=\"CENTER\"><span style=\"color: #008000;\"><a style=\"background-color: #ffffff; color: #008000;\" href=\"https:\/\/www.4h.se\/otorn\/besok\/\"><em><strong>-INFO TILL DIG SOM \u00c4R P\u00c5 BES\u00d6K-<\/strong><\/em><\/a><\/span><\/h5>\n<h4 style=\"text-align: center;\"><span style=\"color: #008000;\"><em>Alla \u00e4r v\u00e4lkomna att titta p\u00e5 v\u00e5ra djur som \u00e4r ute i sina hagar.<\/em><\/span><\/h4>\n<h5 style=\"text-align: center;\" align=\"CENTER\"><span style=\"color: #008000;\">Under skolloven st\u00e4nger vi stallarna kl kl 16 p\u00e5 vardagar &amp; kl 12 p\u00e5 helgen. Under helgerna sk\u00f6ts g\u00e5rdens djur av medlemmar och ingen ordinarie personal \u00e4r p\u00e5 plats.<\/span><\/h5>\n<h5 style=\"text-align: center;\"><span style=\"color: #008000;\">Det \u00e4r viktigt att allm\u00e4nheten f\u00f6ljer v\u00e5ra bes\u00f6kstider d\u00e5 vi vissa F\u00d6RMIDdagar har bes\u00f6k av individer med s\u00e4rskilda behov.<\/span><\/h5>\n<h5 style=\"text-align: center;\"><span style=\"color: #008000;\">\u00c4r ni stora grupper s\u00e5 kontakta oss p\u00e5 otorn@4h.se innan ert bes\u00f6k s\u00e5 det inte krockar med \u00f6vrig verksamhet.<\/span><\/h5>\n<p>[\/vc_column_text][\/vc_column][\/vc_row]<\/p>\n<\/div>","protected":false},"excerpt":{"rendered":"<p>[vc_row][vc_column][vc_column_text css=&#8221;.vc_custom_1768218432654{padding-top: 1px !important;padding-right: 1px !important;padding-bottom: 1px !important;padding-left: 1px !important;border-color: #158810 !important;}&#8221;] \u00d6PPETTIDER Studiebes\u00f6k bokar ni p\u00e5: otorn@4h.se&nbsp; [\/vc_column_text][\/vc_column][\/vc_row][vc_row][vc_column width=&#8221;1\/3&#8243;][vc_column_text css=&#8221;&#8221;] ALLM\u00c4NHETen M\u00e5ndag: 13:00-16:00 Tisdag: 13:00-18:00 Onsdag: 13:00-18:00 Torsdag: 13:00-17:00 FREDAg;13:00-16:00 l\u00f6rdag &amp; S\u00f6ndag: 10:00-12:00 [\/vc_column_text][\/vc_column][vc_column width=&#8221;1\/3&#8243;][vc_column_text css=&#8221;&#8221;] MEDLEMMAR medlemmar kan komma fr\u00e5n 10:00 och stanna till anvisad tid. P\u00e5 skolloven har vi \u00f6ppet fram&nbsp; <a href=\"https:\/\/www.4h.se\/otorn\/oppettider\/\">&hellip; Read more <i class=\"glyphicon glyphicon-arrow-right\"><\/i><\/a><\/p>\n","protected":false},"author":117,"featured_media":0,"parent":0,"menu_order":0,"comment_status":"closed","ping_status":"closed","template":"","meta":{"_acf_changed":false,"footnotes":""},"class_list":["post-638","page","type-page","status-publish","hentry"],"acf":[],"yoast_head":"<!-- This site is optimized with the Yoast SEO plugin v27.5 - https:\/\/yoast.com\/product\/yoast-seo-wordpress\/ -->\n<title>\u00d6ppettider - \u00d6stra Torns 4H G\u00e5rd<\/title>\n<meta name=\"robots\" content=\"index, follow, max-snippet:-1, max-image-preview:large, max-video-preview:-1\" \/>\n<link rel=\"canonical\" href=\"https:\/\/www.4h.se\/otorn\/oppettider\/\" \/>\n<meta property=\"og:locale\" content=\"sv_SE\" \/>\n<meta property=\"og:type\" content=\"article\" \/>\n<meta property=\"og:title\" content=\"\u00d6ppettider - \u00d6stra Torns 4H G\u00e5rd\" \/>\n<meta property=\"og:description\" content=\"[vc_row][vc_column][vc_column_text css=&#8221;.vc_custom_1768218432654{padding-top: 1px !important;padding-right: 1px !important;padding-bottom: 1px !important;padding-left: 1px !important;border-color: #158810 !important;}&#8221;] \u00d6PPETTIDER Studiebes\u00f6k bokar ni p\u00e5: otorn@4h.se&nbsp; [\/vc_column_text][\/vc_column][\/vc_row][vc_row][vc_column width=&#8221;1\/3&#8243;][vc_column_text css=&#8221;&#8221;] ALLM\u00c4NHETen M\u00e5ndag: 13:00-16:00 Tisdag: 13:00-18:00 Onsdag: 13:00-18:00 Torsdag: 13:00-17:00 FREDAg;13:00-16:00 l\u00f6rdag &amp; S\u00f6ndag: 10:00-12:00 [\/vc_column_text][\/vc_column][vc_column width=&#8221;1\/3&#8243;][vc_column_text css=&#8221;&#8221;] MEDLEMMAR medlemmar kan komma fr\u00e5n 10:00 och stanna till anvisad tid. P\u00e5 skolloven har vi \u00f6ppet fram&nbsp; &hellip; Read more\" \/>\n<meta property=\"og:url\" content=\"https:\/\/www.4h.se\/otorn\/oppettider\/\" \/>\n<meta property=\"og:site_name\" content=\"\u00d6stra Torns 4H G\u00e5rd\" \/>\n<meta property=\"article:modified_time\" content=\"2026-01-12T14:05:34+00:00\" \/>\n<meta name=\"twitter:card\" content=\"summary_large_image\" \/>\n<script type=\"application\/ld+json\" class=\"yoast-schema-graph\">{\"@context\":\"https:\\\/\\\/schema.org\",\"@graph\":[{\"@type\":\"WebPage\",\"@id\":\"https:\\\/\\\/www.4h.se\\\/otorn\\\/oppettider\\\/\",\"url\":\"https:\\\/\\\/www.4h.se\\\/otorn\\\/oppettider\\\/\",\"name\":\"\u00d6ppettider - \u00d6stra Torns 4H G\u00e5rd\",\"isPartOf\":{\"@id\":\"https:\\\/\\\/www.4h.se\\\/otorn\\\/#website\"},\"datePublished\":\"2025-01-23T12:30:30+00:00\",\"dateModified\":\"2026-01-12T14:05:34+00:00\",\"breadcrumb\":{\"@id\":\"https:\\\/\\\/www.4h.se\\\/otorn\\\/oppettider\\\/#breadcrumb\"},\"inLanguage\":\"sv-SE\",\"potentialAction\":[{\"@type\":\"ReadAction\",\"target\":[\"https:\\\/\\\/www.4h.se\\\/otorn\\\/oppettider\\\/\"]}]},{\"@type\":\"BreadcrumbList\",\"@id\":\"https:\\\/\\\/www.4h.se\\\/otorn\\\/oppettider\\\/#breadcrumb\",\"itemListElement\":[{\"@type\":\"ListItem\",\"position\":1,\"name\":\"Hem\",\"item\":\"https:\\\/\\\/www.4h.se\\\/otorn\\\/\"},{\"@type\":\"ListItem\",\"position\":2,\"name\":\"\u00d6ppettider\"}]},{\"@type\":\"WebSite\",\"@id\":\"https:\\\/\\\/www.4h.se\\\/otorn\\\/#website\",\"url\":\"https:\\\/\\\/www.4h.se\\\/otorn\\\/\",\"name\":\"\u00d6stra Torns 4H G\u00e5rd\",\"description\":\"\",\"potentialAction\":[{\"@type\":\"SearchAction\",\"target\":{\"@type\":\"EntryPoint\",\"urlTemplate\":\"https:\\\/\\\/www.4h.se\\\/otorn\\\/?s={search_term_string}\"},\"query-input\":{\"@type\":\"PropertyValueSpecification\",\"valueRequired\":true,\"valueName\":\"search_term_string\"}}],\"inLanguage\":\"sv-SE\"}]}<\/script>\n<!-- \/ Yoast SEO plugin. -->","yoast_head_json":{"title":"\u00d6ppettider - \u00d6stra Torns 4H G\u00e5rd","robots":{"index":"index","follow":"follow","max-snippet":"max-snippet:-1","max-image-preview":"max-image-preview:large","max-video-preview":"max-video-preview:-1"},"canonical":"https:\/\/www.4h.se\/otorn\/oppettider\/","og_locale":"sv_SE","og_type":"article","og_title":"\u00d6ppettider - \u00d6stra Torns 4H G\u00e5rd","og_description":"[vc_row][vc_column][vc_column_text css=&#8221;.vc_custom_1768218432654{padding-top: 1px !important;padding-right: 1px !important;padding-bottom: 1px !important;padding-left: 1px !important;border-color: #158810 !important;}&#8221;] \u00d6PPETTIDER Studiebes\u00f6k bokar ni p\u00e5: otorn@4h.se&nbsp; [\/vc_column_text][\/vc_column][\/vc_row][vc_row][vc_column width=&#8221;1\/3&#8243;][vc_column_text css=&#8221;&#8221;] ALLM\u00c4NHETen M\u00e5ndag: 13:00-16:00 Tisdag: 13:00-18:00 Onsdag: 13:00-18:00 Torsdag: 13:00-17:00 FREDAg;13:00-16:00 l\u00f6rdag &amp; S\u00f6ndag: 10:00-12:00 [\/vc_column_text][\/vc_column][vc_column width=&#8221;1\/3&#8243;][vc_column_text css=&#8221;&#8221;] MEDLEMMAR medlemmar kan komma fr\u00e5n 10:00 och stanna till anvisad tid. P\u00e5 skolloven har vi \u00f6ppet fram&nbsp; &hellip; Read more","og_url":"https:\/\/www.4h.se\/otorn\/oppettider\/","og_site_name":"\u00d6stra Torns 4H G\u00e5rd","article_modified_time":"2026-01-12T14:05:34+00:00","twitter_card":"summary_large_image","schema":{"@context":"https:\/\/schema.org","@graph":[{"@type":"WebPage","@id":"https:\/\/www.4h.se\/otorn\/oppettider\/","url":"https:\/\/www.4h.se\/otorn\/oppettider\/","name":"\u00d6ppettider - \u00d6stra Torns 4H G\u00e5rd","isPartOf":{"@id":"https:\/\/www.4h.se\/otorn\/#website"},"datePublished":"2025-01-23T12:30:30+00:00","dateModified":"2026-01-12T14:05:34+00:00","breadcrumb":{"@id":"https:\/\/www.4h.se\/otorn\/oppettider\/#breadcrumb"},"inLanguage":"sv-SE","potentialAction":[{"@type":"ReadAction","target":["https:\/\/www.4h.se\/otorn\/oppettider\/"]}]},{"@type":"BreadcrumbList","@id":"https:\/\/www.4h.se\/otorn\/oppettider\/#breadcrumb","itemListElement":[{"@type":"ListItem","position":1,"name":"Hem","item":"https:\/\/www.4h.se\/otorn\/"},{"@type":"ListItem","position":2,"name":"\u00d6ppettider"}]},{"@type":"WebSite","@id":"https:\/\/www.4h.se\/otorn\/#website","url":"https:\/\/www.4h.se\/otorn\/","name":"\u00d6stra Torns 4H G\u00e5rd","description":"","potentialAction":[{"@type":"SearchAction","target":{"@type":"EntryPoint","urlTemplate":"https:\/\/www.4h.se\/otorn\/?s={search_term_string}"},"query-input":{"@type":"PropertyValueSpecification","valueRequired":true,"valueName":"search_term_string"}}],"inLanguage":"sv-SE"}]}},"_links":{"self":[{"href":"https:\/\/www.4h.se\/otorn\/wp-json\/wp\/v2\/pages\/638","targetHints":{"allow":["GET"]}}],"collection":[{"href":"https:\/\/www.4h.se\/otorn\/wp-json\/wp\/v2\/pages"}],"about":[{"href":"https:\/\/www.4h.se\/otorn\/wp-json\/wp\/v2\/types\/page"}],"author":[{"embeddable":true,"href":"https:\/\/www.4h.se\/otorn\/wp-json\/wp\/v2\/users\/117"}],"replies":[{"embeddable":true,"href":"https:\/\/www.4h.se\/otorn\/wp-json\/wp\/v2\/comments?post=638"}],"version-history":[{"count":0,"href":"https:\/\/www.4h.se\/otorn\/wp-json\/wp\/v2\/pages\/638\/revisions"}],"wp:attachment":[{"href":"https:\/\/www.4h.se\/otorn\/wp-json\/wp\/v2\/media?parent=638"}],"curies":[{"name":"wp","href":"https:\/\/api.w.org\/{rel}","templated":true}]}}