



{"id":121,"date":"2015-01-23T20:08:12","date_gmt":"2015-01-23T19:08:12","guid":{"rendered":"http:\/\/www.4h.se\/rix16\/?page_id=121"},"modified":"2026-01-16T13:08:49","modified_gmt":"2026-01-16T12:08:49","slug":"kontakta-oss","status":"publish","type":"page","link":"https:\/\/www.4h.se\/otorn\/kontakta-oss\/","title":{"rendered":"Kontakta oss"},"content":{"rendered":"<div class=\"wpb-content-wrapper\"><p>[vc_row][vc_column width=&#8221;1\/2&#8243;][vc_column_text]<\/p>\n<h3><span style=\"color: #008000;\"><strong>Kontakta oss<\/strong><\/span><\/h3>\n<p><strong>E-mail:<\/strong> otorn@4h.se<\/p>\n<p><em>Vi kontrollerar mailen dagligen.<\/em><\/p>\n<p><strong>Telefon:<\/strong> 0730-798392<\/p>\n<p>Svarar endast vardagar\u00a09:00-16:00 i m\u00e5n av tid.[\/vc_column_text][vc_single_image image=&#8221;544&#8243; img_size=&#8221;medium&#8221;][\/vc_column][vc_column width=&#8221;1\/2&#8243;][vc_column_text css=&#8221;&#8221;]<\/p>\n<h3 style=\"text-align: left;\" align=\"CENTER\"><span style=\"color: #008000;\">\u00d6PPETTIDER<\/span><\/h3>\n<p style=\"text-align: left;\" align=\"CENTER\">(Under skolloven st\u00e4nger vi kl 16 alla dagar)<\/p>\n<p align=\"LEFT\"><strong><span style=\"color: #008000;\">ALLM\u00c4NHET&nbsp; &nbsp; &nbsp; &nbsp; &nbsp; &nbsp; &nbsp; &nbsp; &nbsp; &nbsp; &nbsp;<\/span><span style=\"color: #008000;\">&nbsp;<\/span><\/strong><br \/>\nM\u00e5ndag 13:00-16:00<\/p>\n<p align=\"LEFT\">Tisdag 13:00-18:00&nbsp; &nbsp; &nbsp; &nbsp; &nbsp; &nbsp; &nbsp;<span style=\"color: #008000;\">&nbsp;<\/span><\/p>\n<p align=\"LEFT\">Onsdag 13:00-18:00<\/p>\n<p align=\"LEFT\">Torsdag 13:00-17:00<\/p>\n<p align=\"LEFT\">Fredag 13:00-16:00<\/p>\n<p align=\"LEFT\">L\u00f6rdag 10:00-12:00<\/p>\n<p align=\"LEFT\">S\u00f6ndag 10:00-12:00<\/p>\n<p style=\"text-align: left;\" align=\"CENTER\">Vi ber alla v\u00e5ra bes\u00f6kare att l\u00e4sa igenom:<br \/>\n<span style=\"color: #008000;\">-INFO TILL DIG SOM \u00c4R P\u00c5 BES\u00d6K-<\/span><\/p>\n<p align=\"LEFT\">Under helgerna sk\u00f6ts g\u00e5rdens djur av medlemmar och ingen ordinarie personal \u00e4r p\u00e5 plats.<br \/>\nVi ber stora bes\u00f6ksgrupper att bes\u00f6ka oss under veckodagar och anm\u00e4la att ni kommer p\u00e5 <a href=\"mailto:otorn@4h.se\">otorn@4h.se<\/a><\/p>\n<p align=\"LEFT\">Personal tel: 0730798392 Endast vardagar 9-16<br \/>\n(Vi svarar i m\u00e5n av tid, skicka g\u00e4rna sms eller mail s\u00e5 svarar vi s\u00e5 fort vi kan. Titta g\u00e4rna in p\u00e5 v\u00e5r hemsida f\u00f6r info om g\u00e5rden www.4h.se\/otorn)<\/p>\n<p>&nbsp;<\/p>\n<p>&nbsp;<\/p>\n<p>&nbsp;[\/vc_column_text][\/vc_column][\/vc_row]<\/p>\n<\/div>","protected":false},"excerpt":{"rendered":"<p>[vc_row][vc_column width=&#8221;1\/2&#8243;][vc_column_text] Kontakta oss E-mail: otorn@4h.se Vi kontrollerar mailen dagligen. Telefon: 0730-798392 Svarar endast vardagar\u00a09:00-16:00 i m\u00e5n av tid.[\/vc_column_text][vc_single_image image=&#8221;544&#8243; img_size=&#8221;medium&#8221;][\/vc_column][vc_column width=&#8221;1\/2&#8243;][vc_column_text css=&#8221;&#8221;] \u00d6PPETTIDER (Under skolloven st\u00e4nger vi kl 16 alla dagar) ALLM\u00c4NHET&nbsp; &nbsp; &nbsp; &nbsp; &nbsp; &nbsp; &nbsp; &nbsp; &nbsp; &nbsp; &nbsp;&nbsp; M\u00e5ndag 13:00-16:00 Tisdag 13:00-18:00&nbsp; &nbsp; &nbsp; &nbsp; &nbsp; &nbsp; &nbsp;&nbsp; Onsdag 13:00-18:00&nbsp; <a href=\"https:\/\/www.4h.se\/otorn\/kontakta-oss\/\">&hellip; Read more <i class=\"glyphicon glyphicon-arrow-right\"><\/i><\/a><\/p>\n","protected":false},"author":1,"featured_media":0,"parent":0,"menu_order":5,"comment_status":"closed","ping_status":"closed","template":"","meta":{"_acf_changed":false,"footnotes":""},"class_list":["post-121","page","type-page","status-publish","hentry"],"acf":[],"yoast_head":"<!-- This site is optimized with the Yoast SEO plugin v27.5 - https:\/\/yoast.com\/product\/yoast-seo-wordpress\/ -->\n<title>Kontakta oss - \u00d6stra Torns 4H G\u00e5rd<\/title>\n<meta name=\"robots\" content=\"index, follow, max-snippet:-1, max-image-preview:large, max-video-preview:-1\" \/>\n<link rel=\"canonical\" href=\"https:\/\/www.4h.se\/otorn\/kontakta-oss\/\" \/>\n<meta property=\"og:locale\" content=\"sv_SE\" \/>\n<meta property=\"og:type\" content=\"article\" \/>\n<meta property=\"og:title\" content=\"Kontakta oss - \u00d6stra Torns 4H G\u00e5rd\" \/>\n<meta property=\"og:description\" content=\"[vc_row][vc_column width=&#8221;1\/2&#8243;][vc_column_text] Kontakta oss E-mail: otorn@4h.se Vi kontrollerar mailen dagligen. Telefon: 0730-798392 Svarar endast vardagar\u00a09:00-16:00 i m\u00e5n av tid.[\/vc_column_text][vc_single_image image=&#8221;544&#8243; img_size=&#8221;medium&#8221;][\/vc_column][vc_column width=&#8221;1\/2&#8243;][vc_column_text css=&#8221;&#8221;] \u00d6PPETTIDER (Under skolloven st\u00e4nger vi kl 16 alla dagar) ALLM\u00c4NHET&nbsp; &nbsp; &nbsp; &nbsp; &nbsp; &nbsp; &nbsp; &nbsp; &nbsp; &nbsp; &nbsp;&nbsp; M\u00e5ndag 13:00-16:00 Tisdag 13:00-18:00&nbsp; &nbsp; &nbsp; &nbsp; &nbsp; &nbsp; &nbsp;&nbsp; Onsdag 13:00-18:00&nbsp; &hellip; Read more\" \/>\n<meta property=\"og:url\" content=\"https:\/\/www.4h.se\/otorn\/kontakta-oss\/\" \/>\n<meta property=\"og:site_name\" content=\"\u00d6stra Torns 4H G\u00e5rd\" \/>\n<meta property=\"article:modified_time\" content=\"2026-01-16T12:08:49+00:00\" \/>\n<meta name=\"twitter:card\" content=\"summary_large_image\" \/>\n<meta name=\"twitter:label1\" content=\"Ber\u00e4knad l\u00e4stid\" \/>\n\t<meta name=\"twitter:data1\" content=\"1 minut\" \/>\n<script type=\"application\/ld+json\" class=\"yoast-schema-graph\">{\"@context\":\"https:\\\/\\\/schema.org\",\"@graph\":[{\"@type\":\"WebPage\",\"@id\":\"https:\\\/\\\/www.4h.se\\\/otorn\\\/kontakta-oss\\\/\",\"url\":\"https:\\\/\\\/www.4h.se\\\/otorn\\\/kontakta-oss\\\/\",\"name\":\"Kontakta oss - \u00d6stra Torns 4H G\u00e5rd\",\"isPartOf\":{\"@id\":\"https:\\\/\\\/www.4h.se\\\/otorn\\\/#website\"},\"datePublished\":\"2015-01-23T19:08:12+00:00\",\"dateModified\":\"2026-01-16T12:08:49+00:00\",\"breadcrumb\":{\"@id\":\"https:\\\/\\\/www.4h.se\\\/otorn\\\/kontakta-oss\\\/#breadcrumb\"},\"inLanguage\":\"sv-SE\",\"potentialAction\":[{\"@type\":\"ReadAction\",\"target\":[\"https:\\\/\\\/www.4h.se\\\/otorn\\\/kontakta-oss\\\/\"]}]},{\"@type\":\"BreadcrumbList\",\"@id\":\"https:\\\/\\\/www.4h.se\\\/otorn\\\/kontakta-oss\\\/#breadcrumb\",\"itemListElement\":[{\"@type\":\"ListItem\",\"position\":1,\"name\":\"Hem\",\"item\":\"https:\\\/\\\/www.4h.se\\\/otorn\\\/\"},{\"@type\":\"ListItem\",\"position\":2,\"name\":\"Kontakta oss\"}]},{\"@type\":\"WebSite\",\"@id\":\"https:\\\/\\\/www.4h.se\\\/otorn\\\/#website\",\"url\":\"https:\\\/\\\/www.4h.se\\\/otorn\\\/\",\"name\":\"\u00d6stra Torns 4H G\u00e5rd\",\"description\":\"\",\"potentialAction\":[{\"@type\":\"SearchAction\",\"target\":{\"@type\":\"EntryPoint\",\"urlTemplate\":\"https:\\\/\\\/www.4h.se\\\/otorn\\\/?s={search_term_string}\"},\"query-input\":{\"@type\":\"PropertyValueSpecification\",\"valueRequired\":true,\"valueName\":\"search_term_string\"}}],\"inLanguage\":\"sv-SE\"}]}<\/script>\n<!-- \/ Yoast SEO plugin. -->","yoast_head_json":{"title":"Kontakta oss - \u00d6stra Torns 4H G\u00e5rd","robots":{"index":"index","follow":"follow","max-snippet":"max-snippet:-1","max-image-preview":"max-image-preview:large","max-video-preview":"max-video-preview:-1"},"canonical":"https:\/\/www.4h.se\/otorn\/kontakta-oss\/","og_locale":"sv_SE","og_type":"article","og_title":"Kontakta oss - \u00d6stra Torns 4H G\u00e5rd","og_description":"[vc_row][vc_column width=&#8221;1\/2&#8243;][vc_column_text] Kontakta oss E-mail: otorn@4h.se Vi kontrollerar mailen dagligen. Telefon: 0730-798392 Svarar endast vardagar\u00a09:00-16:00 i m\u00e5n av tid.[\/vc_column_text][vc_single_image image=&#8221;544&#8243; img_size=&#8221;medium&#8221;][\/vc_column][vc_column width=&#8221;1\/2&#8243;][vc_column_text css=&#8221;&#8221;] \u00d6PPETTIDER (Under skolloven st\u00e4nger vi kl 16 alla dagar) ALLM\u00c4NHET&nbsp; &nbsp; &nbsp; &nbsp; &nbsp; &nbsp; &nbsp; &nbsp; &nbsp; &nbsp; &nbsp;&nbsp; M\u00e5ndag 13:00-16:00 Tisdag 13:00-18:00&nbsp; &nbsp; &nbsp; &nbsp; &nbsp; &nbsp; &nbsp;&nbsp; Onsdag 13:00-18:00&nbsp; &hellip; Read more","og_url":"https:\/\/www.4h.se\/otorn\/kontakta-oss\/","og_site_name":"\u00d6stra Torns 4H G\u00e5rd","article_modified_time":"2026-01-16T12:08:49+00:00","twitter_card":"summary_large_image","twitter_misc":{"Ber\u00e4knad l\u00e4stid":"1 minut"},"schema":{"@context":"https:\/\/schema.org","@graph":[{"@type":"WebPage","@id":"https:\/\/www.4h.se\/otorn\/kontakta-oss\/","url":"https:\/\/www.4h.se\/otorn\/kontakta-oss\/","name":"Kontakta oss - \u00d6stra Torns 4H G\u00e5rd","isPartOf":{"@id":"https:\/\/www.4h.se\/otorn\/#website"},"datePublished":"2015-01-23T19:08:12+00:00","dateModified":"2026-01-16T12:08:49+00:00","breadcrumb":{"@id":"https:\/\/www.4h.se\/otorn\/kontakta-oss\/#breadcrumb"},"inLanguage":"sv-SE","potentialAction":[{"@type":"ReadAction","target":["https:\/\/www.4h.se\/otorn\/kontakta-oss\/"]}]},{"@type":"BreadcrumbList","@id":"https:\/\/www.4h.se\/otorn\/kontakta-oss\/#breadcrumb","itemListElement":[{"@type":"ListItem","position":1,"name":"Hem","item":"https:\/\/www.4h.se\/otorn\/"},{"@type":"ListItem","position":2,"name":"Kontakta oss"}]},{"@type":"WebSite","@id":"https:\/\/www.4h.se\/otorn\/#website","url":"https:\/\/www.4h.se\/otorn\/","name":"\u00d6stra Torns 4H G\u00e5rd","description":"","potentialAction":[{"@type":"SearchAction","target":{"@type":"EntryPoint","urlTemplate":"https:\/\/www.4h.se\/otorn\/?s={search_term_string}"},"query-input":{"@type":"PropertyValueSpecification","valueRequired":true,"valueName":"search_term_string"}}],"inLanguage":"sv-SE"}]}},"_links":{"self":[{"href":"https:\/\/www.4h.se\/otorn\/wp-json\/wp\/v2\/pages\/121","targetHints":{"allow":["GET"]}}],"collection":[{"href":"https:\/\/www.4h.se\/otorn\/wp-json\/wp\/v2\/pages"}],"about":[{"href":"https:\/\/www.4h.se\/otorn\/wp-json\/wp\/v2\/types\/page"}],"author":[{"embeddable":true,"href":"https:\/\/www.4h.se\/otorn\/wp-json\/wp\/v2\/users\/1"}],"replies":[{"embeddable":true,"href":"https:\/\/www.4h.se\/otorn\/wp-json\/wp\/v2\/comments?post=121"}],"version-history":[{"count":0,"href":"https:\/\/www.4h.se\/otorn\/wp-json\/wp\/v2\/pages\/121\/revisions"}],"wp:attachment":[{"href":"https:\/\/www.4h.se\/otorn\/wp-json\/wp\/v2\/media?parent=121"}],"curies":[{"name":"wp","href":"https:\/\/api.w.org\/{rel}","templated":true}]}}