



{"id":1019,"date":"2022-03-10T14:24:18","date_gmt":"2022-03-10T13:24:18","guid":{"rendered":"https:\/\/www.4h.se\/odenslund\/?page_id=1019"},"modified":"2025-11-12T15:34:24","modified_gmt":"2025-11-12T14:34:24","slug":"om-garden","status":"publish","type":"page","link":"https:\/\/www.4h.se\/odenslund\/om-garden\/","title":{"rendered":"Om g\u00e5rden"},"content":{"rendered":"<div class=\"wpb-content-wrapper\"><p>[vc_row][vc_column width=&#8221;1\/2&#8243;][vc_column_text css=&#8221;&#8221;]<span data-contrast=\"auto\">Odenslunds 4H-g\u00e5rd har funnits p\u00e5 H\u00e4ssleholmen i Bor\u00e5s sen 1982. De f\u00f6rsta 11 \u00e5ren h\u00f6ll verksamheten till i de gula huset med sm\u00e5 djur i k\u00e4llaren. Under somrarna hade man l\u00e4ger och djuren kunde bo i tempor\u00e4ra l\u00f6sningar och hagar p\u00e5 g\u00e5rden. 1995 byggdes ladug\u00e5rden och \u00e5ret runt verksamheten med djuren blommade p\u00e5 riktigt.&nbsp;<\/span><span data-ccp-props=\"{&quot;201341983&quot;:0,&quot;335559739&quot;:160,&quot;335559740&quot;:259}\">&nbsp;<\/span><\/p>\n<p><span data-contrast=\"auto\">P\u00e5 g\u00e5rden finns det idag h\u00e4star, f\u00e5r, getter, kaniner, h\u00f6ns och katter.<\/span><span data-ccp-props=\"{&quot;201341983&quot;:0,&quot;335559739&quot;:160,&quot;335559740&quot;:259}\">&nbsp;Vi bedriver verksamhet f\u00f6r barn och unga. L\u00e4gerverksamhet p\u00e5 alla lov, fritidsaktiviteter och kurser p\u00e5 terminerna.&nbsp;<\/span><\/p>\n<p>G\u00e5rden \u00e4r \u00f6ppen alla dagar \u00e5ret runt 10-16.<br \/>\nMellan 22 December &#8211; 4 Januari har g\u00e5rden \u00f6ppet mellan 9-14.[\/vc_column_text][\/vc_column][vc_column width=&#8221;1\/2&#8243;][vc_single_image image=&#8221;889&#8243; img_size=&#8221;medium&#8221;][\/vc_column][\/vc_row]<\/p>\n<\/div>","protected":false},"excerpt":{"rendered":"<p>[vc_row][vc_column width=&#8221;1\/2&#8243;][vc_column_text css=&#8221;&#8221;]Odenslunds 4H-g\u00e5rd har funnits p\u00e5 H\u00e4ssleholmen i Bor\u00e5s sen 1982. De f\u00f6rsta 11 \u00e5ren h\u00f6ll verksamheten till i de gula huset med sm\u00e5 djur i k\u00e4llaren. Under somrarna hade man l\u00e4ger och djuren kunde bo i tempor\u00e4ra l\u00f6sningar och hagar p\u00e5 g\u00e5rden. 1995 byggdes ladug\u00e5rden och \u00e5ret runt verksamheten med djuren blommade p\u00e5&nbsp; <a href=\"https:\/\/www.4h.se\/odenslund\/om-garden\/\">&hellip; Read more <i class=\"glyphicon glyphicon-arrow-right\"><\/i><\/a><\/p>\n","protected":false},"author":24,"featured_media":0,"parent":0,"menu_order":18,"comment_status":"closed","ping_status":"closed","template":"","meta":{"_acf_changed":false,"footnotes":""},"class_list":["post-1019","page","type-page","status-publish","hentry"],"acf":[],"yoast_head":"<!-- This site is optimized with the Yoast SEO plugin v27.5 - https:\/\/yoast.com\/product\/yoast-seo-wordpress\/ -->\n<title>Om g\u00e5rden - Odenslunds 4H-g\u00e5rd<\/title>\n<meta name=\"robots\" content=\"index, follow, max-snippet:-1, max-image-preview:large, max-video-preview:-1\" \/>\n<link rel=\"canonical\" href=\"https:\/\/www.4h.se\/odenslund\/om-garden\/\" \/>\n<meta property=\"og:locale\" content=\"sv_SE\" \/>\n<meta property=\"og:type\" content=\"article\" \/>\n<meta property=\"og:title\" content=\"Om g\u00e5rden - Odenslunds 4H-g\u00e5rd\" \/>\n<meta property=\"og:description\" content=\"[vc_row][vc_column width=&#8221;1\/2&#8243;][vc_column_text css=&#8221;&#8221;]Odenslunds 4H-g\u00e5rd har funnits p\u00e5 H\u00e4ssleholmen i Bor\u00e5s sen 1982. De f\u00f6rsta 11 \u00e5ren h\u00f6ll verksamheten till i de gula huset med sm\u00e5 djur i k\u00e4llaren. Under somrarna hade man l\u00e4ger och djuren kunde bo i tempor\u00e4ra l\u00f6sningar och hagar p\u00e5 g\u00e5rden. 1995 byggdes ladug\u00e5rden och \u00e5ret runt verksamheten med djuren blommade p\u00e5&nbsp; &hellip; Read more\" \/>\n<meta property=\"og:url\" content=\"https:\/\/www.4h.se\/odenslund\/om-garden\/\" \/>\n<meta property=\"og:site_name\" content=\"Odenslunds 4H-g\u00e5rd\" \/>\n<meta property=\"article:modified_time\" content=\"2025-11-12T14:34:24+00:00\" \/>\n<meta name=\"twitter:card\" content=\"summary_large_image\" \/>\n<meta name=\"twitter:label1\" content=\"Ber\u00e4knad l\u00e4stid\" \/>\n\t<meta name=\"twitter:data1\" content=\"1 minut\" \/>\n<script type=\"application\/ld+json\" class=\"yoast-schema-graph\">{\"@context\":\"https:\\\/\\\/schema.org\",\"@graph\":[{\"@type\":\"WebPage\",\"@id\":\"https:\\\/\\\/www.4h.se\\\/odenslund\\\/om-garden\\\/\",\"url\":\"https:\\\/\\\/www.4h.se\\\/odenslund\\\/om-garden\\\/\",\"name\":\"Om g\u00e5rden - Odenslunds 4H-g\u00e5rd\",\"isPartOf\":{\"@id\":\"https:\\\/\\\/www.4h.se\\\/odenslund\\\/#website\"},\"datePublished\":\"2022-03-10T13:24:18+00:00\",\"dateModified\":\"2025-11-12T14:34:24+00:00\",\"breadcrumb\":{\"@id\":\"https:\\\/\\\/www.4h.se\\\/odenslund\\\/om-garden\\\/#breadcrumb\"},\"inLanguage\":\"sv-SE\",\"potentialAction\":[{\"@type\":\"ReadAction\",\"target\":[\"https:\\\/\\\/www.4h.se\\\/odenslund\\\/om-garden\\\/\"]}]},{\"@type\":\"BreadcrumbList\",\"@id\":\"https:\\\/\\\/www.4h.se\\\/odenslund\\\/om-garden\\\/#breadcrumb\",\"itemListElement\":[{\"@type\":\"ListItem\",\"position\":1,\"name\":\"Hem\",\"item\":\"https:\\\/\\\/www.4h.se\\\/odenslund\\\/\"},{\"@type\":\"ListItem\",\"position\":2,\"name\":\"Om g\u00e5rden\"}]},{\"@type\":\"WebSite\",\"@id\":\"https:\\\/\\\/www.4h.se\\\/odenslund\\\/#website\",\"url\":\"https:\\\/\\\/www.4h.se\\\/odenslund\\\/\",\"name\":\"Odenslunds 4H-g\u00e5rd\",\"description\":\"Av unga f\u00f6r unga\",\"potentialAction\":[{\"@type\":\"SearchAction\",\"target\":{\"@type\":\"EntryPoint\",\"urlTemplate\":\"https:\\\/\\\/www.4h.se\\\/odenslund\\\/?s={search_term_string}\"},\"query-input\":{\"@type\":\"PropertyValueSpecification\",\"valueRequired\":true,\"valueName\":\"search_term_string\"}}],\"inLanguage\":\"sv-SE\"}]}<\/script>\n<!-- \/ Yoast SEO plugin. -->","yoast_head_json":{"title":"Om g\u00e5rden - Odenslunds 4H-g\u00e5rd","robots":{"index":"index","follow":"follow","max-snippet":"max-snippet:-1","max-image-preview":"max-image-preview:large","max-video-preview":"max-video-preview:-1"},"canonical":"https:\/\/www.4h.se\/odenslund\/om-garden\/","og_locale":"sv_SE","og_type":"article","og_title":"Om g\u00e5rden - Odenslunds 4H-g\u00e5rd","og_description":"[vc_row][vc_column width=&#8221;1\/2&#8243;][vc_column_text css=&#8221;&#8221;]Odenslunds 4H-g\u00e5rd har funnits p\u00e5 H\u00e4ssleholmen i Bor\u00e5s sen 1982. De f\u00f6rsta 11 \u00e5ren h\u00f6ll verksamheten till i de gula huset med sm\u00e5 djur i k\u00e4llaren. Under somrarna hade man l\u00e4ger och djuren kunde bo i tempor\u00e4ra l\u00f6sningar och hagar p\u00e5 g\u00e5rden. 1995 byggdes ladug\u00e5rden och \u00e5ret runt verksamheten med djuren blommade p\u00e5&nbsp; &hellip; Read more","og_url":"https:\/\/www.4h.se\/odenslund\/om-garden\/","og_site_name":"Odenslunds 4H-g\u00e5rd","article_modified_time":"2025-11-12T14:34:24+00:00","twitter_card":"summary_large_image","twitter_misc":{"Ber\u00e4knad l\u00e4stid":"1 minut"},"schema":{"@context":"https:\/\/schema.org","@graph":[{"@type":"WebPage","@id":"https:\/\/www.4h.se\/odenslund\/om-garden\/","url":"https:\/\/www.4h.se\/odenslund\/om-garden\/","name":"Om g\u00e5rden - Odenslunds 4H-g\u00e5rd","isPartOf":{"@id":"https:\/\/www.4h.se\/odenslund\/#website"},"datePublished":"2022-03-10T13:24:18+00:00","dateModified":"2025-11-12T14:34:24+00:00","breadcrumb":{"@id":"https:\/\/www.4h.se\/odenslund\/om-garden\/#breadcrumb"},"inLanguage":"sv-SE","potentialAction":[{"@type":"ReadAction","target":["https:\/\/www.4h.se\/odenslund\/om-garden\/"]}]},{"@type":"BreadcrumbList","@id":"https:\/\/www.4h.se\/odenslund\/om-garden\/#breadcrumb","itemListElement":[{"@type":"ListItem","position":1,"name":"Hem","item":"https:\/\/www.4h.se\/odenslund\/"},{"@type":"ListItem","position":2,"name":"Om g\u00e5rden"}]},{"@type":"WebSite","@id":"https:\/\/www.4h.se\/odenslund\/#website","url":"https:\/\/www.4h.se\/odenslund\/","name":"Odenslunds 4H-g\u00e5rd","description":"Av unga f\u00f6r unga","potentialAction":[{"@type":"SearchAction","target":{"@type":"EntryPoint","urlTemplate":"https:\/\/www.4h.se\/odenslund\/?s={search_term_string}"},"query-input":{"@type":"PropertyValueSpecification","valueRequired":true,"valueName":"search_term_string"}}],"inLanguage":"sv-SE"}]}},"_links":{"self":[{"href":"https:\/\/www.4h.se\/odenslund\/wp-json\/wp\/v2\/pages\/1019","targetHints":{"allow":["GET"]}}],"collection":[{"href":"https:\/\/www.4h.se\/odenslund\/wp-json\/wp\/v2\/pages"}],"about":[{"href":"https:\/\/www.4h.se\/odenslund\/wp-json\/wp\/v2\/types\/page"}],"author":[{"embeddable":true,"href":"https:\/\/www.4h.se\/odenslund\/wp-json\/wp\/v2\/users\/24"}],"replies":[{"embeddable":true,"href":"https:\/\/www.4h.se\/odenslund\/wp-json\/wp\/v2\/comments?post=1019"}],"version-history":[{"count":0,"href":"https:\/\/www.4h.se\/odenslund\/wp-json\/wp\/v2\/pages\/1019\/revisions"}],"wp:attachment":[{"href":"https:\/\/www.4h.se\/odenslund\/wp-json\/wp\/v2\/media?parent=1019"}],"curies":[{"name":"wp","href":"https:\/\/api.w.org\/{rel}","templated":true}]}}