



{"id":877,"date":"2023-09-21T12:04:34","date_gmt":"2023-09-21T10:04:34","guid":{"rendered":"https:\/\/www.4h.se\/naturhjaltarna\/?page_id=877"},"modified":"2024-09-25T13:13:44","modified_gmt":"2024-09-25T11:13:44","slug":"gruppbesok","status":"publish","type":"page","link":"https:\/\/www.4h.se\/naturhjaltarna\/gruppbesok\/","title":{"rendered":"Gruppbes\u00f6k"},"content":{"rendered":"<div class=\"wpb-content-wrapper\"><p>[vc_row][vc_column][vc_column_text css=&#8221;&#8221;]P\u00e5 Bj\u00f6rkmuren erbjuder vi flera olika aktiviteter f\u00f6r grupper, passande olika \u00e5ldrar och inriktningar. Vi tar g\u00e4rna emot \u00f6nskem\u00e5l och anpassar oss efter era behov, v\u00e4lkommen att kontakta oss!<\/p>\n<p>&nbsp;<\/p>\n<h3><strong>G\u00e5rdsbes\u00f6k f\u00f6r st\u00f6rre grupper<\/strong><\/h3>\n<p>G\u00e5rdsbes\u00f6k, djurvisning och anv\u00e4ndning av grillplats (inkl. ved) ing\u00e5r. Tillg\u00e5ng till ramp, toalett med sk\u00f6tbord, fullt utrustat k\u00f6k med mikrov\u00e5gsugn och vattenkokare finns.<\/p>\n<p>Max 5 timmars bes\u00f6k.\u00a0Ej mer \u00e4n 20 bilar, buss g\u00e5r bra.<\/p>\n<p>Kostnad p\u00e5 faktura, inkl. moms; 2000 kr f\u00f6r upp till 50 barn.<\/p>\n<h4><\/h4>\n<h4><strong>Bokningsbara extra-aktiviteter<\/strong><\/h4>\n<ul>\n<li>Ridtur i skogen (och h\u00e4st &amp; vagn), max 20 barn 1600 kr<\/li>\n<li>Ridning p\u00e5 g\u00e5rden f\u00f6r barn under 5 \u00e5r, max 20 barn 600 kr<\/li>\n<li>H\u00e4st &amp; vagnstur, 10-15 personer 800 kr<\/li>\n<li>Pyssellada, 600 kr<\/li>\n<li>Fika, 30 kr \/ person<\/li>\n<\/ul>\n<p>&nbsp;<\/p>\n<h4><strong>Pedagogiska bes\u00f6k<\/strong><\/h4>\n<p><strong>Kretsloppsbes\u00f6k<\/strong><\/p>\n<p>Vi l\u00e4r oss om naturens kretslopp med hj\u00e4lp av g\u00e5rdens vaktelh\u00f6nor. Vi matar h\u00f6norna med solrosfr\u00f6n och plockar \u00e4gg som vi bakar muffins av. Av h\u00f6nskomposten f\u00e5r vi fin jord att odla nya solrosfr\u00f6n i.\u00a0Kostnad p\u00e5 faktura, inkl. moms; 600 kr f\u00f6r upp till 10 barn, inkl. fika och 1 solroskruka\/barn.<\/p>\n<p><strong>Tomten Ture<\/strong><\/p>\n<p>Hj\u00e4lp tomten Ture att ta hand om g\u00e5rden och samla nycklar. Ett interaktivt \u00e4ventyr d\u00e4r utomhuspedagogik blandas med matematik, naturl\u00e4ra och probleml\u00f6sning p\u00e5 ett roligt och lekfullt vis.\u00a0Kostnad p\u00e5 faktura, inkl. moms; 450 kr f\u00f6r upp till 10 barn.<\/p>\n<p><strong>Allemansr\u00e4tten med Pim och Pella<\/strong><\/p>\n<p>L\u00e4r er om allemansr\u00e4tten p\u00e5 ett roligt och engagerande vis. Starta i klassrummet och g\u00e5 sedan v\u00e5r allemansr\u00e4ttsstig samt tr\u00e4ffa g\u00e5rdens djur. Handledarmaterial, ljudbok, video och s\u00e5nger ing\u00e5r.\u00a0Kostnad p\u00e5 faktura, inkl. moms; 500 kr f\u00f6r upp till 15 barn.<\/p>\n<p>&nbsp;<\/p>\n<p><strong>Helgl\u00e4ger<\/strong><\/p>\n<p>Hyra av hus med \u00f6vernattning i sovsal (2 n\u00e4tter) inkl. frukost, lunch, middag och fika samt guidning av g\u00e5rdens djur. Anv\u00e4ndning av eldstad utomhus och ved ing\u00e5r.<\/p>\n<p>Kostnad p\u00e5 faktura, inkl. moms; 850 kr\/person, max 10-25 personer. Begr\u00e4nsad tillg\u00e4nglighet, boka i god tid.<\/p>\n<p>&nbsp;<\/p>\n<p><strong>Hj\u00e4rtligt v\u00e4lkomna \u00f6nskar personalen<\/strong><\/p>\n<p>Skicka f\u00f6rfr\u00e5gan till gavleborg@4h.se<\/p>\n<p>&nbsp;<\/p>\n<p>&nbsp;[\/vc_column_text][\/vc_column][\/vc_row]<\/p>\n<\/div>","protected":false},"excerpt":{"rendered":"<p>[vc_row][vc_column][vc_column_text css=&#8221;&#8221;]P\u00e5 Bj\u00f6rkmuren erbjuder vi flera olika aktiviteter f\u00f6r grupper, passande olika \u00e5ldrar och inriktningar. Vi tar g\u00e4rna emot \u00f6nskem\u00e5l och anpassar oss efter era behov, v\u00e4lkommen att kontakta oss! &nbsp; G\u00e5rdsbes\u00f6k f\u00f6r st\u00f6rre grupper G\u00e5rdsbes\u00f6k, djurvisning och anv\u00e4ndning av grillplats (inkl. ved) ing\u00e5r. Tillg\u00e5ng till ramp, toalett med sk\u00f6tbord, fullt utrustat k\u00f6k med mikrov\u00e5gsugn&nbsp; <a href=\"https:\/\/www.4h.se\/naturhjaltarna\/gruppbesok\/\">&hellip; Read more <i class=\"glyphicon glyphicon-arrow-right\"><\/i><\/a><\/p>\n","protected":false},"author":177,"featured_media":0,"parent":0,"menu_order":9,"comment_status":"closed","ping_status":"closed","template":"","meta":{"_acf_changed":false,"footnotes":""},"class_list":["post-877","page","type-page","status-publish","hentry"],"acf":[],"yoast_head":"<!-- This site is optimized with the Yoast SEO plugin v27.5 - https:\/\/yoast.com\/product\/yoast-seo-wordpress\/ -->\n<title>Gruppbes\u00f6k - Bj\u00f6rkmuren 4H-g\u00e5rd och region G\u00e4vleborgs 4H-klubbar<\/title>\n<meta name=\"description\" content=\"Erbjuande till grupper som bes\u00f6ker 4H g\u00e5rden\" \/>\n<meta name=\"robots\" content=\"index, follow, max-snippet:-1, max-image-preview:large, max-video-preview:-1\" \/>\n<link rel=\"canonical\" href=\"https:\/\/www.4h.se\/naturhjaltarna\/gruppbesok\/\" \/>\n<meta property=\"og:locale\" content=\"sv_SE\" \/>\n<meta property=\"og:type\" content=\"article\" \/>\n<meta property=\"og:title\" content=\"Gruppbes\u00f6k - Bj\u00f6rkmuren 4H-g\u00e5rd och region G\u00e4vleborgs 4H-klubbar\" \/>\n<meta property=\"og:description\" content=\"Erbjuande till grupper som bes\u00f6ker 4H g\u00e5rden\" \/>\n<meta property=\"og:url\" content=\"https:\/\/www.4h.se\/naturhjaltarna\/gruppbesok\/\" \/>\n<meta property=\"og:site_name\" content=\"Bj\u00f6rkmuren 4H-g\u00e5rd och region G\u00e4vleborgs 4H-klubbar\" \/>\n<meta property=\"article:publisher\" content=\"https:\/\/www.facebook.com\/groups\/374576939303680\/\" \/>\n<meta property=\"article:modified_time\" content=\"2024-09-25T11:13:44+00:00\" \/>\n<meta name=\"twitter:card\" content=\"summary_large_image\" \/>\n<script type=\"application\/ld+json\" class=\"yoast-schema-graph\">{\"@context\":\"https:\\\/\\\/schema.org\",\"@graph\":[{\"@type\":\"WebPage\",\"@id\":\"https:\\\/\\\/www.4h.se\\\/naturhjaltarna\\\/gruppbesok\\\/\",\"url\":\"https:\\\/\\\/www.4h.se\\\/naturhjaltarna\\\/gruppbesok\\\/\",\"name\":\"Gruppbes\u00f6k - Bj\u00f6rkmuren 4H-g\u00e5rd och region G\u00e4vleborgs 4H-klubbar\",\"isPartOf\":{\"@id\":\"https:\\\/\\\/www.4h.se\\\/naturhjaltarna\\\/#website\"},\"datePublished\":\"2023-09-21T10:04:34+00:00\",\"dateModified\":\"2024-09-25T11:13:44+00:00\",\"description\":\"Erbjuande till grupper som bes\u00f6ker 4H g\u00e5rden\",\"breadcrumb\":{\"@id\":\"https:\\\/\\\/www.4h.se\\\/naturhjaltarna\\\/gruppbesok\\\/#breadcrumb\"},\"inLanguage\":\"sv-SE\",\"potentialAction\":[{\"@type\":\"ReadAction\",\"target\":[\"https:\\\/\\\/www.4h.se\\\/naturhjaltarna\\\/gruppbesok\\\/\"]}]},{\"@type\":\"BreadcrumbList\",\"@id\":\"https:\\\/\\\/www.4h.se\\\/naturhjaltarna\\\/gruppbesok\\\/#breadcrumb\",\"itemListElement\":[{\"@type\":\"ListItem\",\"position\":1,\"name\":\"Hem\",\"item\":\"https:\\\/\\\/www.4h.se\\\/naturhjaltarna\\\/\"},{\"@type\":\"ListItem\",\"position\":2,\"name\":\"Gruppbes\u00f6k\"}]},{\"@type\":\"WebSite\",\"@id\":\"https:\\\/\\\/www.4h.se\\\/naturhjaltarna\\\/#website\",\"url\":\"https:\\\/\\\/www.4h.se\\\/naturhjaltarna\\\/\",\"name\":\"Bj\u00f6rkmuren 4H-g\u00e5rd och region G\u00e4vleborgs 4H-klubbar\",\"description\":\"L\u00e4ra genom att g\u00f6ra\",\"potentialAction\":[{\"@type\":\"SearchAction\",\"target\":{\"@type\":\"EntryPoint\",\"urlTemplate\":\"https:\\\/\\\/www.4h.se\\\/naturhjaltarna\\\/?s={search_term_string}\"},\"query-input\":{\"@type\":\"PropertyValueSpecification\",\"valueRequired\":true,\"valueName\":\"search_term_string\"}}],\"inLanguage\":\"sv-SE\"}]}<\/script>\n<!-- \/ Yoast SEO plugin. -->","yoast_head_json":{"title":"Gruppbes\u00f6k - Bj\u00f6rkmuren 4H-g\u00e5rd och region G\u00e4vleborgs 4H-klubbar","description":"Erbjuande till grupper som bes\u00f6ker 4H g\u00e5rden","robots":{"index":"index","follow":"follow","max-snippet":"max-snippet:-1","max-image-preview":"max-image-preview:large","max-video-preview":"max-video-preview:-1"},"canonical":"https:\/\/www.4h.se\/naturhjaltarna\/gruppbesok\/","og_locale":"sv_SE","og_type":"article","og_title":"Gruppbes\u00f6k - Bj\u00f6rkmuren 4H-g\u00e5rd och region G\u00e4vleborgs 4H-klubbar","og_description":"Erbjuande till grupper som bes\u00f6ker 4H g\u00e5rden","og_url":"https:\/\/www.4h.se\/naturhjaltarna\/gruppbesok\/","og_site_name":"Bj\u00f6rkmuren 4H-g\u00e5rd och region G\u00e4vleborgs 4H-klubbar","article_publisher":"https:\/\/www.facebook.com\/groups\/374576939303680\/","article_modified_time":"2024-09-25T11:13:44+00:00","twitter_card":"summary_large_image","schema":{"@context":"https:\/\/schema.org","@graph":[{"@type":"WebPage","@id":"https:\/\/www.4h.se\/naturhjaltarna\/gruppbesok\/","url":"https:\/\/www.4h.se\/naturhjaltarna\/gruppbesok\/","name":"Gruppbes\u00f6k - Bj\u00f6rkmuren 4H-g\u00e5rd och region G\u00e4vleborgs 4H-klubbar","isPartOf":{"@id":"https:\/\/www.4h.se\/naturhjaltarna\/#website"},"datePublished":"2023-09-21T10:04:34+00:00","dateModified":"2024-09-25T11:13:44+00:00","description":"Erbjuande till grupper som bes\u00f6ker 4H g\u00e5rden","breadcrumb":{"@id":"https:\/\/www.4h.se\/naturhjaltarna\/gruppbesok\/#breadcrumb"},"inLanguage":"sv-SE","potentialAction":[{"@type":"ReadAction","target":["https:\/\/www.4h.se\/naturhjaltarna\/gruppbesok\/"]}]},{"@type":"BreadcrumbList","@id":"https:\/\/www.4h.se\/naturhjaltarna\/gruppbesok\/#breadcrumb","itemListElement":[{"@type":"ListItem","position":1,"name":"Hem","item":"https:\/\/www.4h.se\/naturhjaltarna\/"},{"@type":"ListItem","position":2,"name":"Gruppbes\u00f6k"}]},{"@type":"WebSite","@id":"https:\/\/www.4h.se\/naturhjaltarna\/#website","url":"https:\/\/www.4h.se\/naturhjaltarna\/","name":"Bj\u00f6rkmuren 4H-g\u00e5rd och region G\u00e4vleborgs 4H-klubbar","description":"L\u00e4ra genom att g\u00f6ra","potentialAction":[{"@type":"SearchAction","target":{"@type":"EntryPoint","urlTemplate":"https:\/\/www.4h.se\/naturhjaltarna\/?s={search_term_string}"},"query-input":{"@type":"PropertyValueSpecification","valueRequired":true,"valueName":"search_term_string"}}],"inLanguage":"sv-SE"}]}},"_links":{"self":[{"href":"https:\/\/www.4h.se\/naturhjaltarna\/wp-json\/wp\/v2\/pages\/877","targetHints":{"allow":["GET"]}}],"collection":[{"href":"https:\/\/www.4h.se\/naturhjaltarna\/wp-json\/wp\/v2\/pages"}],"about":[{"href":"https:\/\/www.4h.se\/naturhjaltarna\/wp-json\/wp\/v2\/types\/page"}],"author":[{"embeddable":true,"href":"https:\/\/www.4h.se\/naturhjaltarna\/wp-json\/wp\/v2\/users\/177"}],"replies":[{"embeddable":true,"href":"https:\/\/www.4h.se\/naturhjaltarna\/wp-json\/wp\/v2\/comments?post=877"}],"version-history":[{"count":0,"href":"https:\/\/www.4h.se\/naturhjaltarna\/wp-json\/wp\/v2\/pages\/877\/revisions"}],"wp:attachment":[{"href":"https:\/\/www.4h.se\/naturhjaltarna\/wp-json\/wp\/v2\/media?parent=877"}],"curies":[{"name":"wp","href":"https:\/\/api.w.org\/{rel}","templated":true}]}}