



{"id":404,"date":"2017-01-31T16:29:23","date_gmt":"2017-01-31T15:29:23","guid":{"rendered":"http:\/\/www.4h.se\/naturhjaltarna\/?page_id=404"},"modified":"2024-09-25T13:14:26","modified_gmt":"2024-09-25T11:14:26","slug":"ponnykul","status":"publish","type":"page","link":"https:\/\/www.4h.se\/naturhjaltarna\/ponnykul\/","title":{"rendered":"Ponnykul"},"content":{"rendered":"<div class=\"wpb-content-wrapper\"><p>[vc_row][vc_column][vc_column_text css=&#8221;&#8221;]<\/p>\n<h3>4H:s SKOGSRIDSKOLA\u00a0 (f.d. Ponnykul) &#8211; L\u00c4RA GENOM ATT G\u00d6RA<\/h3>\n<p>&nbsp;<\/p>\n<p>Skogsridskolan \u00e4r en aktivitet d\u00e4r barn och ungdomar f\u00e5r utveckla sin sj\u00e4lvk\u00e4nsla, sin tillit och sitt sj\u00e4lvf\u00f6rtroende. Kontakten med h\u00e4starna skapar f\u00f6rst\u00e5else och \u00f6kad empati.<\/p>\n<p>Vi har b\u00e5de sm\u00e5 och stora ponnyer samt sm\u00e5 och stora h\u00e4star, s\u00e5 allts\u00e5 n\u00e5gon f\u00f6r alla d\u00e4r de flesta h\u00e4starna \u00e4r \u00e4ldre, lugna och erfarna.<\/p>\n<p>Fokus \u00e4r att ha roligt tillsammans. Deltagarna uppmanas att k\u00e4nna efter hur de sj\u00e4lva k\u00e4nner sig, och hur h\u00e4starna k\u00e4nner sig.\u00a0Med guidning f\u00e5r deltagarna l\u00e4ra sig kommunicera f\u00f6r att samspel med h\u00e4sten ska kunna ske.\u00a0H\u00e4r \u00e4r man en schysst kompis med h\u00e4sten, och vi str\u00e4var efter att kommunicera med enkla och naturliga medel utan stress eller (bestraffning) att sl\u00e5 och sparka h\u00e4sten.<\/p>\n<p>4Hs motto \u00e4r l\u00e4ra genom att g\u00f6ra. Barnen \u00f6kar sin f\u00f6rm\u00e5ga att fokusera, kommunicera, koncentrera sig och ta sig igenom frustration. Resultatet \u00e4r en upplevelse i stunden som ger gl\u00e4dje, f\u00f6rst\u00e5else och gemenskap. Med \u00f6kat sj\u00e4lvf\u00f6rtroende och sj\u00e4lvs\u00e4kerhet som bonus.<\/p>\n<p>Vi rider i skogen, men under terminen f\u00e5r deltagarna ocks\u00e5 k\u00f6ra ponny och g\u00f6ra agility med h\u00e4starna, leda fr\u00e5n marken. H\u00e4starnas utrustning best\u00e5r av barbackasadlar och bettl\u00f6sa huvudlag. F\u00f6r nyb\u00f6rjare \u00e4r ridning p\u00e5 l\u00e5ng tygel och utan stigbyglar en mycket bra grund som ger bra balans, starka coremuskler, medvetenhet om h\u00e4sten och f\u00f6rb\u00e4ttrad andning.<\/p>\n<p>&nbsp;<\/p>\n<p>Samling sker p\u00e5 Bj\u00f6rkmuren d\u00e4r deltagarna f\u00e5r vara med och g\u00f6ra i ordning h\u00e4starna. Deltagare beh\u00f6ver vara medlem i klubben.<\/p>\n<p>Anm\u00e4lan och fr\u00e5gor till: naturhjaltarna@4h.se<\/p>\n<p>Vuxna som leder kommer f\u00e5 instruktioner under f\u00f6rsta tillf\u00e4llet. Vuxen ska f\u00f6lja med och leda barn under 10 \u00e5r, om ni inte kan v\u00e4nligen kontakta Petra p\u00e5 0761 002 468.<\/p>\n<p>&nbsp;<\/p>\n<h4><strong>Grupper <\/strong><strong>H\u00d6STEN<\/strong><strong> 202<\/strong><strong>4 Fr\u00e5n vecka 36-43<\/strong><\/h4>\n<p>Alla gruppers deltagaravgift \u00e4r 1400 f\u00f6rutom prova p\u00e5 gruppen f\u00f6r sm\u00e5 barn (400 kr).<\/p>\n<p>Max antal deltagare i grupperna \u00e4r 4 barn f\u00f6rutom i prova p\u00e5 gruppen.<\/p>\n<p>&nbsp;<\/p>\n<p><strong>M\u00c5NDAGAR 16:30-18:00 &#8211; FULLSATT<\/strong><\/p>\n<p>Forts\u00e4ttningsgrupp. Vid behov \u00e4r egen vuxen med och leder.<\/p>\n<p>&nbsp;<\/p>\n<p><strong>TISDAGAR 16:30-18:00\u00a0<\/strong><\/p>\n<p>Forts\u00e4ttningsgrupp f\u00f6r de som vill forts\u00e4tta \u00f6va p\u00e5 grunderna. Egen vuxen kan vara med och leda vid behov.<\/p>\n<p>&nbsp;<\/p>\n<p><strong>ONS<\/strong><strong>DAGAR 16:30-18:00 &#8211;\u00a0<\/strong><\/p>\n<p>Forts\u00e4ttningsgrupp f\u00f6r erfarna fr\u00e5n 11 \u00e5r, ledd av uppsutten ledare.<\/p>\n<p>&nbsp;<\/p>\n<p><strong>L\u00d6RDAGAR 11<\/strong><strong>:00-12<\/strong><strong>:30 &#8211; FULLSATT<\/strong><\/p>\n<p>Nyb\u00f6rjargrupp i lugnt tempo f\u00f6r barn fr\u00e5n 7 \u00e5r.<\/p>\n<p>&nbsp;<\/p>\n<p><strong>S\u00d6NDAGAR 13:30-15:30 &#8211; FULLSATT<\/strong><\/p>\n<p>Forts\u00e4ttningsgrupp f\u00f6r barn \u00f6ver 10 \u00e5r, ledd av uppsutten ledare.<\/p>\n<p>&nbsp;<\/p>\n<p><strong>S\u00d6NDAGAR (VARANNAN) 12:00-13:30<\/strong><\/p>\n<p>Prova p\u00e5 grupp f\u00f6r barn, fr\u00e5n 3-7 \u00e5r. En vuxen f\u00f6rv\u00e4ntas att stanna och hj\u00e4lpa till att leda. Tv\u00e5 barn tar hand om en ponny, de turas om att rida och \u00e5ka h\u00e4st och vagn. 4 tillf\u00e4llen; vecka 36, 38, 40 och 42. Deltagaravgift: 400 kr.<\/p>\n<p>&nbsp;<\/p>\n<p>Om deltagaren missat ett tillf\u00e4lle finns, efter f\u00f6rfr\u00e5gan, m\u00f6jlighet att ta igen i en annan grupp.<\/p>\n<p>V\u00e4lkomna med anm\u00e4lan eller fr\u00e5gor till naturhjaltarna@4h.se. Ange barnets namn och ditt telefonnummer i anm\u00e4lan. Information om betalning av deltagaravgiften kommer via e-post innan kursstart. Om deltagen inte \u00e4r medlem i \u00e5r s\u00e5 <a title=\"Kontakta oss\" href=\"https:\/\/www.4h.se\/naturhjaltarna\/kontakta-oss\/\">bli medlem redan nu.<\/a><\/p>\n<p>&nbsp;<\/p>\n<p><a href=\"https:\/\/www.4h.se\/naturhjaltarna\/wp-content\/uploads\/sites\/70\/2019\/01\/IMG_1945.jpg\"><img loading=\"lazy\" decoding=\"async\" class=\"alignnone size-medium wp-image-641\" src=\"https:\/\/www.4h.se\/naturhjaltarna\/wp-content\/uploads\/sites\/70\/2019\/01\/IMG_1945-284x300.jpg\" alt=\"IMG_1945\" width=\"284\" height=\"300\" srcset=\"https:\/\/www.4h.se\/naturhjaltarna\/wp-content\/uploads\/sites\/70\/2019\/01\/IMG_1945-284x300.jpg 284w, https:\/\/www.4h.se\/naturhjaltarna\/wp-content\/uploads\/sites\/70\/2019\/01\/IMG_1945-142x150.jpg 142w, https:\/\/www.4h.se\/naturhjaltarna\/wp-content\/uploads\/sites\/70\/2019\/01\/IMG_1945-970x1024.jpg 970w\" sizes=\"auto, (max-width: 284px) 100vw, 284px\" \/><\/a>\u00a0\u00a0<a href=\"https:\/\/www.4h.se\/naturhjaltarna\/wp-content\/uploads\/sites\/70\/2017\/01\/300561487_404958621627276_2116856480093940123_n.jpg\"><img loading=\"lazy\" decoding=\"async\" class=\"alignnone size-medium wp-image-787\" src=\"https:\/\/www.4h.se\/naturhjaltarna\/wp-content\/uploads\/sites\/70\/2017\/01\/300561487_404958621627276_2116856480093940123_n-300x300.jpg\" alt=\"300561487_404958621627276_2116856480093940123_n\" width=\"300\" height=\"300\" srcset=\"https:\/\/www.4h.se\/naturhjaltarna\/wp-content\/uploads\/sites\/70\/2017\/01\/300561487_404958621627276_2116856480093940123_n-300x300.jpg 300w, https:\/\/www.4h.se\/naturhjaltarna\/wp-content\/uploads\/sites\/70\/2017\/01\/300561487_404958621627276_2116856480093940123_n-150x150.jpg 150w, https:\/\/www.4h.se\/naturhjaltarna\/wp-content\/uploads\/sites\/70\/2017\/01\/300561487_404958621627276_2116856480093940123_n-970x970.jpg 970w, https:\/\/www.4h.se\/naturhjaltarna\/wp-content\/uploads\/sites\/70\/2017\/01\/300561487_404958621627276_2116856480093940123_n.jpg 1080w\" sizes=\"auto, (max-width: 300px) 100vw, 300px\" \/><\/a>\u00a0<a href=\"https:\/\/www.4h.se\/naturhjaltarna\/wp-content\/uploads\/sites\/70\/2017\/01\/300600267_535390328387237_5461109818235376458_n.jpg\"><img loading=\"lazy\" decoding=\"async\" class=\"alignnone size-medium wp-image-788\" src=\"https:\/\/www.4h.se\/naturhjaltarna\/wp-content\/uploads\/sites\/70\/2017\/01\/300600267_535390328387237_5461109818235376458_n-300x300.jpg\" alt=\"300600267_535390328387237_5461109818235376458_n\" width=\"300\" height=\"300\" srcset=\"https:\/\/www.4h.se\/naturhjaltarna\/wp-content\/uploads\/sites\/70\/2017\/01\/300600267_535390328387237_5461109818235376458_n-300x300.jpg 300w, https:\/\/www.4h.se\/naturhjaltarna\/wp-content\/uploads\/sites\/70\/2017\/01\/300600267_535390328387237_5461109818235376458_n-150x150.jpg 150w, https:\/\/www.4h.se\/naturhjaltarna\/wp-content\/uploads\/sites\/70\/2017\/01\/300600267_535390328387237_5461109818235376458_n-970x970.jpg 970w, https:\/\/www.4h.se\/naturhjaltarna\/wp-content\/uploads\/sites\/70\/2017\/01\/300600267_535390328387237_5461109818235376458_n.jpg 1080w\" sizes=\"auto, (max-width: 300px) 100vw, 300px\" \/><\/a>\u00a0<a href=\"https:\/\/www.4h.se\/naturhjaltarna\/wp-content\/uploads\/sites\/70\/2017\/01\/300606423_367689795541376_8613456002073704971_n.jpg\"><img loading=\"lazy\" decoding=\"async\" class=\"alignnone size-medium wp-image-789\" src=\"https:\/\/www.4h.se\/naturhjaltarna\/wp-content\/uploads\/sites\/70\/2017\/01\/300606423_367689795541376_8613456002073704971_n-300x300.jpg\" alt=\"300606423_367689795541376_8613456002073704971_n\" width=\"300\" height=\"300\" srcset=\"https:\/\/www.4h.se\/naturhjaltarna\/wp-content\/uploads\/sites\/70\/2017\/01\/300606423_367689795541376_8613456002073704971_n-300x300.jpg 300w, https:\/\/www.4h.se\/naturhjaltarna\/wp-content\/uploads\/sites\/70\/2017\/01\/300606423_367689795541376_8613456002073704971_n-150x150.jpg 150w, https:\/\/www.4h.se\/naturhjaltarna\/wp-content\/uploads\/sites\/70\/2017\/01\/300606423_367689795541376_8613456002073704971_n-970x970.jpg 970w, https:\/\/www.4h.se\/naturhjaltarna\/wp-content\/uploads\/sites\/70\/2017\/01\/300606423_367689795541376_8613456002073704971_n.jpg 1080w\" sizes=\"auto, (max-width: 300px) 100vw, 300px\" \/><\/a><\/p>\n<p>&nbsp;<\/p>\n<p>&nbsp;[\/vc_column_text][\/vc_column][\/vc_row]<\/p>\n<\/div>","protected":false},"excerpt":{"rendered":"<p>[vc_row][vc_column][vc_column_text css=&#8221;&#8221;] 4H:s SKOGSRIDSKOLA\u00a0 (f.d. Ponnykul) &#8211; L\u00c4RA GENOM ATT G\u00d6RA &nbsp; Skogsridskolan \u00e4r en aktivitet d\u00e4r barn och ungdomar f\u00e5r utveckla sin sj\u00e4lvk\u00e4nsla, sin tillit och sitt sj\u00e4lvf\u00f6rtroende. Kontakten med h\u00e4starna skapar f\u00f6rst\u00e5else och \u00f6kad empati. Vi har b\u00e5de sm\u00e5 och stora ponnyer samt sm\u00e5 och stora h\u00e4star, s\u00e5 allts\u00e5 n\u00e5gon f\u00f6r alla d\u00e4r&nbsp; <a href=\"https:\/\/www.4h.se\/naturhjaltarna\/ponnykul\/\">&hellip; Read more <i class=\"glyphicon glyphicon-arrow-right\"><\/i><\/a><\/p>\n","protected":false},"author":16,"featured_media":0,"parent":0,"menu_order":24,"comment_status":"closed","ping_status":"closed","template":"","meta":{"_acf_changed":false,"footnotes":""},"class_list":["post-404","page","type-page","status-publish","hentry"],"acf":[],"yoast_head":"<!-- This site is optimized with the Yoast SEO plugin v27.5 - https:\/\/yoast.com\/product\/yoast-seo-wordpress\/ -->\n<title>Ponnykul - Bj\u00f6rkmuren 4H-g\u00e5rd och region G\u00e4vleborgs 4H-klubbar<\/title>\n<meta name=\"robots\" content=\"index, follow, max-snippet:-1, max-image-preview:large, max-video-preview:-1\" \/>\n<link rel=\"canonical\" href=\"https:\/\/www.4h.se\/naturhjaltarna\/ponnykul\/\" \/>\n<meta property=\"og:locale\" content=\"sv_SE\" \/>\n<meta property=\"og:type\" content=\"article\" \/>\n<meta property=\"og:title\" content=\"Ponnykul - Bj\u00f6rkmuren 4H-g\u00e5rd och region G\u00e4vleborgs 4H-klubbar\" \/>\n<meta property=\"og:description\" content=\"[vc_row][vc_column][vc_column_text css=&#8221;&#8221;] 4H:s SKOGSRIDSKOLA\u00a0 (f.d. Ponnykul) &#8211; L\u00c4RA GENOM ATT G\u00d6RA &nbsp; Skogsridskolan \u00e4r en aktivitet d\u00e4r barn och ungdomar f\u00e5r utveckla sin sj\u00e4lvk\u00e4nsla, sin tillit och sitt sj\u00e4lvf\u00f6rtroende. Kontakten med h\u00e4starna skapar f\u00f6rst\u00e5else och \u00f6kad empati. Vi har b\u00e5de sm\u00e5 och stora ponnyer samt sm\u00e5 och stora h\u00e4star, s\u00e5 allts\u00e5 n\u00e5gon f\u00f6r alla d\u00e4r&nbsp; &hellip; Read more\" \/>\n<meta property=\"og:url\" content=\"https:\/\/www.4h.se\/naturhjaltarna\/ponnykul\/\" \/>\n<meta property=\"og:site_name\" content=\"Bj\u00f6rkmuren 4H-g\u00e5rd och region G\u00e4vleborgs 4H-klubbar\" \/>\n<meta property=\"article:publisher\" content=\"https:\/\/www.facebook.com\/groups\/374576939303680\/\" \/>\n<meta property=\"article:modified_time\" content=\"2024-09-25T11:14:26+00:00\" \/>\n<meta property=\"og:image\" content=\"https:\/\/www.4h.se\/naturhjaltarna\/wp-content\/uploads\/sites\/70\/2019\/01\/IMG_1945-284x300.jpg\" \/>\n<meta name=\"twitter:card\" content=\"summary_large_image\" \/>\n<meta name=\"twitter:label1\" content=\"Ber\u00e4knad l\u00e4stid\" \/>\n\t<meta name=\"twitter:data1\" content=\"3 minuter\" \/>\n<script type=\"application\/ld+json\" class=\"yoast-schema-graph\">{\"@context\":\"https:\\\/\\\/schema.org\",\"@graph\":[{\"@type\":\"WebPage\",\"@id\":\"https:\\\/\\\/www.4h.se\\\/naturhjaltarna\\\/ponnykul\\\/\",\"url\":\"https:\\\/\\\/www.4h.se\\\/naturhjaltarna\\\/ponnykul\\\/\",\"name\":\"Ponnykul - Bj\u00f6rkmuren 4H-g\u00e5rd och region G\u00e4vleborgs 4H-klubbar\",\"isPartOf\":{\"@id\":\"https:\\\/\\\/www.4h.se\\\/naturhjaltarna\\\/#website\"},\"primaryImageOfPage\":{\"@id\":\"https:\\\/\\\/www.4h.se\\\/naturhjaltarna\\\/ponnykul\\\/#primaryimage\"},\"image\":{\"@id\":\"https:\\\/\\\/www.4h.se\\\/naturhjaltarna\\\/ponnykul\\\/#primaryimage\"},\"thumbnailUrl\":\"https:\\\/\\\/www.4h.se\\\/naturhjaltarna\\\/wp-content\\\/uploads\\\/sites\\\/70\\\/2019\\\/01\\\/IMG_1945-284x300.jpg\",\"datePublished\":\"2017-01-31T15:29:23+00:00\",\"dateModified\":\"2024-09-25T11:14:26+00:00\",\"breadcrumb\":{\"@id\":\"https:\\\/\\\/www.4h.se\\\/naturhjaltarna\\\/ponnykul\\\/#breadcrumb\"},\"inLanguage\":\"sv-SE\",\"potentialAction\":[{\"@type\":\"ReadAction\",\"target\":[\"https:\\\/\\\/www.4h.se\\\/naturhjaltarna\\\/ponnykul\\\/\"]}]},{\"@type\":\"ImageObject\",\"inLanguage\":\"sv-SE\",\"@id\":\"https:\\\/\\\/www.4h.se\\\/naturhjaltarna\\\/ponnykul\\\/#primaryimage\",\"url\":\"https:\\\/\\\/www.4h.se\\\/naturhjaltarna\\\/wp-content\\\/uploads\\\/sites\\\/70\\\/2019\\\/01\\\/IMG_1945.jpg\",\"contentUrl\":\"https:\\\/\\\/www.4h.se\\\/naturhjaltarna\\\/wp-content\\\/uploads\\\/sites\\\/70\\\/2019\\\/01\\\/IMG_1945.jpg\",\"width\":2448,\"height\":2584},{\"@type\":\"BreadcrumbList\",\"@id\":\"https:\\\/\\\/www.4h.se\\\/naturhjaltarna\\\/ponnykul\\\/#breadcrumb\",\"itemListElement\":[{\"@type\":\"ListItem\",\"position\":1,\"name\":\"Hem\",\"item\":\"https:\\\/\\\/www.4h.se\\\/naturhjaltarna\\\/\"},{\"@type\":\"ListItem\",\"position\":2,\"name\":\"Ponnykul\"}]},{\"@type\":\"WebSite\",\"@id\":\"https:\\\/\\\/www.4h.se\\\/naturhjaltarna\\\/#website\",\"url\":\"https:\\\/\\\/www.4h.se\\\/naturhjaltarna\\\/\",\"name\":\"Bj\u00f6rkmuren 4H-g\u00e5rd och region G\u00e4vleborgs 4H-klubbar\",\"description\":\"L\u00e4ra genom att g\u00f6ra\",\"potentialAction\":[{\"@type\":\"SearchAction\",\"target\":{\"@type\":\"EntryPoint\",\"urlTemplate\":\"https:\\\/\\\/www.4h.se\\\/naturhjaltarna\\\/?s={search_term_string}\"},\"query-input\":{\"@type\":\"PropertyValueSpecification\",\"valueRequired\":true,\"valueName\":\"search_term_string\"}}],\"inLanguage\":\"sv-SE\"}]}<\/script>\n<!-- \/ Yoast SEO plugin. -->","yoast_head_json":{"title":"Ponnykul - Bj\u00f6rkmuren 4H-g\u00e5rd och region G\u00e4vleborgs 4H-klubbar","robots":{"index":"index","follow":"follow","max-snippet":"max-snippet:-1","max-image-preview":"max-image-preview:large","max-video-preview":"max-video-preview:-1"},"canonical":"https:\/\/www.4h.se\/naturhjaltarna\/ponnykul\/","og_locale":"sv_SE","og_type":"article","og_title":"Ponnykul - Bj\u00f6rkmuren 4H-g\u00e5rd och region G\u00e4vleborgs 4H-klubbar","og_description":"[vc_row][vc_column][vc_column_text css=&#8221;&#8221;] 4H:s SKOGSRIDSKOLA\u00a0 (f.d. Ponnykul) &#8211; L\u00c4RA GENOM ATT G\u00d6RA &nbsp; Skogsridskolan \u00e4r en aktivitet d\u00e4r barn och ungdomar f\u00e5r utveckla sin sj\u00e4lvk\u00e4nsla, sin tillit och sitt sj\u00e4lvf\u00f6rtroende. Kontakten med h\u00e4starna skapar f\u00f6rst\u00e5else och \u00f6kad empati. Vi har b\u00e5de sm\u00e5 och stora ponnyer samt sm\u00e5 och stora h\u00e4star, s\u00e5 allts\u00e5 n\u00e5gon f\u00f6r alla d\u00e4r&nbsp; &hellip; Read more","og_url":"https:\/\/www.4h.se\/naturhjaltarna\/ponnykul\/","og_site_name":"Bj\u00f6rkmuren 4H-g\u00e5rd och region G\u00e4vleborgs 4H-klubbar","article_publisher":"https:\/\/www.facebook.com\/groups\/374576939303680\/","article_modified_time":"2024-09-25T11:14:26+00:00","og_image":[{"url":"https:\/\/www.4h.se\/naturhjaltarna\/wp-content\/uploads\/sites\/70\/2019\/01\/IMG_1945-284x300.jpg","type":"","width":"","height":""}],"twitter_card":"summary_large_image","twitter_misc":{"Ber\u00e4knad l\u00e4stid":"3 minuter"},"schema":{"@context":"https:\/\/schema.org","@graph":[{"@type":"WebPage","@id":"https:\/\/www.4h.se\/naturhjaltarna\/ponnykul\/","url":"https:\/\/www.4h.se\/naturhjaltarna\/ponnykul\/","name":"Ponnykul - Bj\u00f6rkmuren 4H-g\u00e5rd och region G\u00e4vleborgs 4H-klubbar","isPartOf":{"@id":"https:\/\/www.4h.se\/naturhjaltarna\/#website"},"primaryImageOfPage":{"@id":"https:\/\/www.4h.se\/naturhjaltarna\/ponnykul\/#primaryimage"},"image":{"@id":"https:\/\/www.4h.se\/naturhjaltarna\/ponnykul\/#primaryimage"},"thumbnailUrl":"https:\/\/www.4h.se\/naturhjaltarna\/wp-content\/uploads\/sites\/70\/2019\/01\/IMG_1945-284x300.jpg","datePublished":"2017-01-31T15:29:23+00:00","dateModified":"2024-09-25T11:14:26+00:00","breadcrumb":{"@id":"https:\/\/www.4h.se\/naturhjaltarna\/ponnykul\/#breadcrumb"},"inLanguage":"sv-SE","potentialAction":[{"@type":"ReadAction","target":["https:\/\/www.4h.se\/naturhjaltarna\/ponnykul\/"]}]},{"@type":"ImageObject","inLanguage":"sv-SE","@id":"https:\/\/www.4h.se\/naturhjaltarna\/ponnykul\/#primaryimage","url":"https:\/\/www.4h.se\/naturhjaltarna\/wp-content\/uploads\/sites\/70\/2019\/01\/IMG_1945.jpg","contentUrl":"https:\/\/www.4h.se\/naturhjaltarna\/wp-content\/uploads\/sites\/70\/2019\/01\/IMG_1945.jpg","width":2448,"height":2584},{"@type":"BreadcrumbList","@id":"https:\/\/www.4h.se\/naturhjaltarna\/ponnykul\/#breadcrumb","itemListElement":[{"@type":"ListItem","position":1,"name":"Hem","item":"https:\/\/www.4h.se\/naturhjaltarna\/"},{"@type":"ListItem","position":2,"name":"Ponnykul"}]},{"@type":"WebSite","@id":"https:\/\/www.4h.se\/naturhjaltarna\/#website","url":"https:\/\/www.4h.se\/naturhjaltarna\/","name":"Bj\u00f6rkmuren 4H-g\u00e5rd och region G\u00e4vleborgs 4H-klubbar","description":"L\u00e4ra genom att g\u00f6ra","potentialAction":[{"@type":"SearchAction","target":{"@type":"EntryPoint","urlTemplate":"https:\/\/www.4h.se\/naturhjaltarna\/?s={search_term_string}"},"query-input":{"@type":"PropertyValueSpecification","valueRequired":true,"valueName":"search_term_string"}}],"inLanguage":"sv-SE"}]}},"_links":{"self":[{"href":"https:\/\/www.4h.se\/naturhjaltarna\/wp-json\/wp\/v2\/pages\/404","targetHints":{"allow":["GET"]}}],"collection":[{"href":"https:\/\/www.4h.se\/naturhjaltarna\/wp-json\/wp\/v2\/pages"}],"about":[{"href":"https:\/\/www.4h.se\/naturhjaltarna\/wp-json\/wp\/v2\/types\/page"}],"author":[{"embeddable":true,"href":"https:\/\/www.4h.se\/naturhjaltarna\/wp-json\/wp\/v2\/users\/16"}],"replies":[{"embeddable":true,"href":"https:\/\/www.4h.se\/naturhjaltarna\/wp-json\/wp\/v2\/comments?post=404"}],"version-history":[{"count":0,"href":"https:\/\/www.4h.se\/naturhjaltarna\/wp-json\/wp\/v2\/pages\/404\/revisions"}],"wp:attachment":[{"href":"https:\/\/www.4h.se\/naturhjaltarna\/wp-json\/wp\/v2\/media?parent=404"}],"curies":[{"name":"wp","href":"https:\/\/api.w.org\/{rel}","templated":true}]}}