



{"id":621,"date":"2023-04-28T11:58:03","date_gmt":"2023-04-28T09:58:03","guid":{"rendered":"https:\/\/www.4h.se\/medlemshandbok\/?page_id=621"},"modified":"2025-10-27T21:05:44","modified_gmt":"2025-10-27T20:05:44","slug":"metodmaterial","status":"publish","type":"page","link":"https:\/\/www.4h.se\/medlemshandbok\/metodmaterial\/","title":{"rendered":"Metodmaterial"},"content":{"rendered":"<div class=\"wpb-content-wrapper\"><p>[vc_row][vc_column width=&#8221;1\/3&#8243;][vc_single_image image=&#8221;651&#8243; img_size=&#8221;medium&#8221;][vc_column_text]Matskolan \u00e4r ett dagl\u00e4ger f\u00f6r barn och unga som gillar att laga mat och baka eller som vill l\u00e4ra sig mer om just matlagning. Vi lagar frukostar, luncher, mellanm\u00e5l och bakar en del goda grejer. Detta varvas med t\u00e4vlingar och lekar. Under veckan g\u00f6r vi ocks\u00e5 utflykter och bes\u00f6ker bl.a en bondg\u00e5rd. Id\u00e9n \u00e4r att ge barn och unga kunskap om matlagning, kost och motion p\u00e5 ett roligt, l\u00e4rorikt och aktivt s\u00e4tt. M\u00e5let \u00e4r att Matskolorna ska vara roliga och motiverande, s\u00e5 att barnen kommer hem fyllda med inspiration och nyfikenhet f\u00f6r att b\u00e5de laga mat och v\u00e5ga prova nya r\u00e4tter och r\u00e5varor.<\/p>\n<p>Matskolor arrangeras av 4H:s olika l\u00e4nsf\u00f6rbund och lokala klubbar i varierande omfattning.[\/vc_column_text][vc_btn title=&#8221;Instruktioner&#8221; color=&#8221;success&#8221; link=&#8221;url:https%3A%2F%2Fwww.4h.se%2Fmedlemshandbok%2Fwp-content%2Fuploads%2Fsites%2F113%2F2023%2F04%2FInstruktioner.pdf&#8221;][\/vc_column][vc_column width=&#8221;1\/3&#8243;][vc_single_image image=&#8221;652&#8243; img_size=&#8221;medium&#8221;][vc_column_text]Syftet med p\u00e4rmen \u00e4r att ge goda f\u00f6ruts\u00e4ttningar f\u00f6r att skapa kvalitativ l\u00e4gerverksamhet. Anv\u00e4nd p\u00e4rmen som utg\u00e5ngspunkt n\u00e4r ni planerar, genomf\u00f6r och utv\u00e4rderar ert 4H-l\u00e4ger.[\/vc_column_text][vc_btn title=&#8221;L\u00e4gerledarp\u00e4rm&#8221; color=&#8221;success&#8221; link=&#8221;url:https%3A%2F%2Fwww.4h.se%2Fmedlemshandbok%2Fwp-content%2Fuploads%2Fsites%2F113%2F2023%2F04%2FLagreledarparm.pdf&#8221;][vc_btn title=&#8221;Krisplan mall&#8221; color=&#8221;success&#8221; link=&#8221;url:https%3A%2F%2Fview.officeapps.live.com%2Fop%2Fview.aspx%3Fsrc%3Dhttps%253A%252F%252Fwww.4h.se%252Fmedlemshandbok%252Fwp-content%252Fuploads%252Fsites%252F113%252F2023%252F04%252FKrisplan-mall.docx%26wdOrigin%3DBROWSELINK&#8221;][\/vc_column][vc_column width=&#8221;1\/3&#8243;][vc_single_image image=&#8221;653&#8243; img_size=&#8221;medium&#8221;][vc_column_text]Pim&amp;Pella \u00e4r 4H:s bokserie om allemansr\u00e4tten som tagits fram tillsammans med Studiefr\u00e4mjandet. Metodmaterial har tagits fram s\u00e5 att man enkelt kan anv\u00e4nda boken genom en tipsrunda p\u00e5 4H-g\u00e5rden.[\/vc_column_text][vc_btn title=&#8221;L\u00e4s mer h\u00e4r!&#8221; color=&#8221;success&#8221; link=&#8221;url:https%3A%2F%2Fwww.4h.se%2Fpimopella%2F&#8221;][\/vc_column][\/vc_row][vc_row][vc_column width=&#8221;1\/3&#8243;][vc_single_image image=&#8221;650&#8243; img_size=&#8221;medium&#8221;][vc_column_text]Medlemmarna f\u00e5r via sina f\u00f6retag l\u00e4ra sig mer om ekonomi, bokf\u00f6ring och f\u00f6rs\u00e4ljning vilket man p\u00e5 m\u00e5nga s\u00e4tt har nytta av hela livet. Ut\u00f6ver detta f\u00e5r medlemmarna \u00e4ven m\u00f6jlighet att driva ett projekt fr\u00e5n id\u00e9 till verklighet, vilket i m\u00e5nga avseenden kan ses som den viktigaste l\u00e4rdomen.[\/vc_column_text][vc_btn title=&#8221;4H-f\u00f6retag intro&#8221; color=&#8221;success&#8221; link=&#8221;url:https%3A%2F%2Fwww.4h.se%2Fmedlemshandbok%2Fwp-content%2Fuploads%2Fsites%2F113%2F2023%2F04%2F4H-foretag-intro.pdf&#8221;][vc_btn title=&#8221;Driva 4H-f\u00f6retag&#8221; color=&#8221;success&#8221; link=&#8221;url:https%3A%2F%2Fwww.4h.se%2Fmedlemshandbok%2Fwp-content%2Fuploads%2Fsites%2F113%2F2023%2F04%2FDriva-4H-foretag.pdf&#8221;][vc_btn title=&#8221;4H-f\u00f6retag bok 1&#8243; color=&#8221;success&#8221; link=&#8221;url:https%3A%2F%2Fwww.4h.se%2Fmedlemshandbok%2Fwp-content%2Fuploads%2Fsites%2F113%2F2023%2F04%2F4H-foretag-bok-1.pdf&#8221;][vc_btn title=&#8221;4H-f\u00f6retag bok 2&#8243; color=&#8221;success&#8221; link=&#8221;url:https%3A%2F%2Fwww.4h.se%2Fmedlemshandbok%2Fwp-content%2Fuploads%2Fsites%2F113%2F2023%2F04%2F4H-foretag-bok-2.pdf&#8221;][vc_btn title=&#8221;4H-f\u00f6retag bok 3&#8243; color=&#8221;success&#8221; link=&#8221;url:https%3A%2F%2Fwww.4h.se%2Fmedlemshandbok%2Fwp-content%2Fuploads%2Fsites%2F113%2F2023%2F04%2F4H-foretag-bok-3.pdf&#8221;][\/vc_column][vc_column width=&#8221;1\/3&#8243;][vc_single_image image=&#8221;655&#8243; img_size=&#8221;medium&#8221;][vc_column_text]Sommarl\u00e4ger p\u00e5 nya platser var ett projekt finansierat av Svenskt Friluftsliv. I det framtagna l\u00e4gerkonceptet skapades l\u00e4ger som skilde sig fr\u00e5n m\u00e5nga tidigare 4H-l\u00e4ger. De flesta 4H-l\u00e4ger har haft n\u00e4rhet till djur, vilket vi fr\u00e4mst f\u00f6rknippas med. I detta l\u00e4gerkoncept har fokus ist\u00e4llet varit p\u00e5 att n\u00e5 ut till en ny m\u00e5lgrupp och etablera v\u00e5r verksamhet p\u00e5 nya platser.<\/p>\n<p>Rutinmaterial \u00e4r framtaget f\u00f6r dig som vill skapa ett 4H-l\u00e4ger eller en annan 4H-aktivitet. H\u00e4r kan du l\u00e4sa om hur projektet, Sommarl\u00e4ger p\u00e5 nya platser, tog fram ett l\u00e4gerkoncept med fokus p\u00e5 att n\u00e5 ut till en ny m\u00e5lgrupp. Till rutindokumentet medf\u00f6ljer \u00e4ven recept- och aktivitetsdokument.[\/vc_column_text][vc_btn title=&#8221;Aktiviteter&#8221; color=&#8221;success&#8221; link=&#8221;url:https%3A%2F%2Fwww.4h.se%2Fmedlemshandbok%2Fwp-content%2Fuploads%2Fsites%2F113%2F2024%2F01%2FAktiviteter.pdf&#8221;][vc_btn title=&#8221;Receptbok&#8221; color=&#8221;success&#8221; link=&#8221;url:https%3A%2F%2Fwww.4h.se%2Fmedlemshandbok%2Fwp-content%2Fuploads%2Fsites%2F113%2F2024%2F01%2FReceptbok.pdf&#8221;][vc_btn title=&#8221;Rutinmaterial&#8221; color=&#8221;success&#8221; link=&#8221;url:https%3A%2F%2Fwww.4h.se%2Fmedlemshandbok%2Fwp-content%2Fuploads%2Fsites%2F113%2F2024%2F01%2FRutinmaterial-sommarlager-pa-nya-platser.pdf&#8221;][\/vc_column][vc_column width=&#8221;1\/3&#8243;][vc_single_image image=&#8221;654&#8243; img_size=&#8221;medium&#8221;][vc_column_text]Sedan 2018 har Hallands 4H arbetat med<br \/>\natt tillg\u00e4ngligg\u00f6ra 4H:s matskolor, ett<br \/>\nkoncept som tidigare var bundet till orter<br \/>\nmed hemkunskapssalar. I ett projekt med<br \/>\nEuropeiska jordbruksfonden f\u00f6r<br \/>\nlandsbygdsutveckling, Leader och LLUH<br \/>\n(Lokalt Ledd Utveckling Halland) tog man<br \/>\nfram fem mobila k\u00f6k f\u00f6r att 4H enkelt<br \/>\nskulle kunna ta sig till fler olika platser och<br \/>\nd\u00e4rmed n\u00e5 fler barn och unga.<\/p>\n<p>2022 utvecklades projektet \u00e4n en g\u00e5ng<br \/>\nn\u00e4r Sveriges 4H fick projektmedel fr\u00e5n<br \/>\nSvenskt Friluftsliv. P\u00e5 temat \u201d\u00e4ta ute\u201d var<br \/>\nnu m\u00e5let att ta sig till 10 nya olika platser<br \/>\noch med de mobila k\u00f6ken erbjuda fler<br \/>\nbarn och unga utomhusmatlagning<br \/>\ntillsammans, samtidigt som 4H delar<br \/>\nkunskap om allemansr\u00e4tten samt<br \/>\nfriluftsliv f\u00f6r god h\u00e4lsa.[\/vc_column_text][vc_btn title=&#8221;Informationsmaterial&#8221; color=&#8221;success&#8221; link=&#8221;url:https%3A%2F%2Fwww.4h.se%2Fmedlemshandbok%2Fwp-content%2Fuploads%2Fsites%2F113%2F2023%2F04%2FInformationsmaterial.pdf&#8221;][vc_btn title=&#8221;Planera en aktivitet&#8221; color=&#8221;success&#8221; link=&#8221;url:https%3A%2F%2Fwww.4h.se%2Fmedlemshandbok%2Fwp-content%2Fuploads%2Fsites%2F113%2F2023%2F04%2FPlanera-en-aktivitet.pdf&#8221;][vc_btn title=&#8221;Utv\u00e4rdera en aktivitet&#8221; color=&#8221;success&#8221; link=&#8221;url:https%3A%2F%2Fwww.4h.se%2Fmedlemshandbok%2Fwp-content%2Fuploads%2Fsites%2F113%2F2023%2F04%2FUtvardera-en-aktivitet.pdf&#8221;][\/vc_column][\/vc_row][vc_row][vc_column width=&#8221;1\/3&#8243;][vc_single_image image=&#8221;681&#8243; img_size=&#8221;medium&#8221;][vc_column_text]Det h\u00e4r \u00e4r 4H:s nya digitala kunskapsportal. H\u00e4r hittar du olika kurser som du kan g\u00e5 i din egen takt n\u00e4r det passar dig. Det finns digitala utbildningar f\u00f6r:<\/p>\n<ul>\n<li>Styrelse<\/li>\n<li>Medlem<\/li>\n<li>Ledare<\/li>\n<li>4H-g\u00e5rd<\/li>\n<li>Anst\u00e4lld<\/li>\n<\/ul>\n<p>Kunskapsportalen \u00e4r en del av ett projekt finansierat av Svenskt Friluftsliv 2022-2023 och \u00e4r under uppbyggnad. Det l\u00e4ggs upp fler och fler utbildningar under projektets g\u00e5ng. I dagsl\u00e4get finns det utbildningar kopplat till ledarskap och friluftsliv.<\/p>\n<p>&nbsp;<\/p>\n<p>Har du fr\u00e5gor om n\u00e4r det \u00e4r din tur att bli insl\u00e4ppt i kunskapsportalen? Maila kunskapsportal@4h.se[\/vc_column_text][vc_btn title=&#8221;Kom till kunskapsportalens startsida&#8221; color=&#8221;success&#8221; css=&#8221;&#8221; link=&#8221;url:https%3A%2F%2Fkunskapsportalen-4h.thinkific.com%2Fenrollments&#8221;][\/vc_column][vc_column width=&#8221;1\/3&#8243;][vc_single_image image=&#8221;746&#8243; img_size=&#8221;medium&#8221;][vc_column_text css=&#8221;&#8221;]Mellan 2022 och 2024 har 4H haft m\u00f6jligheten att bedriva projektet &#8221;Ett friluftsliv n\u00e4ra dig&#8221;, med st\u00f6d fr\u00e5n Svenskt Friluftsliv. En strategi togs fram f\u00f6rsta \u00e5ret genom dialog och bes\u00f6k hos Hallands 4H. Under 2023 testades den framtagna strategin i Sk\u00e5nes 4H och under 2024 testas den nationellt.<\/p>\n<p>&nbsp;<\/p>\n<p>H\u00e4r kan du l\u00e4sa den senaste versionen av strategin.<\/p>\n<p>https:\/\/www.4h.se\/medlemshandbok\/wp-content\/uploads\/sites\/113\/2024\/02\/STRATEGI-FOR-EN-HALLBAR-TILLVAXT-AV-KLUBBAR-Framtagen-2023-av-Riksforbudet-Sveriges-4H-1.pdf<\/p>\n<p>&nbsp;[\/vc_column_text][\/vc_column][vc_column width=&#8221;1\/3&#8243;][\/vc_column][\/vc_row][vc_row][vc_column][vc_column_text]<\/p>\n<h3>G\u00f6r och l\u00e4r med 4H och SVA<\/h3>\n<p>Efter ett tre\u00e5rigt samarbetsprojekt mellan SVA, Statens veterin\u00e4rmedicinska anstalt, och Sveriges 4H finns m\u00e5nga l\u00e4ttsamma, roliga material att tillg\u00e5 som syftar till att f\u00f6rmedla kunskap om hur barn och ungdomar p\u00e5 ett s\u00e4kert och respektfullt s\u00e4tt kan umg\u00e5s med djur och i natur.<\/p>\n<p><a href=\"https:\/\/www.4h.se\/wp-content\/uploads\/2015\/05\/gor-och-lar-katalog_lank.pdf\">G\u00f6r och l\u00e4r- katalog med alla material samlade<\/a><\/p>\n<p><strong>Kahoot- digitala slutprov f\u00f6r ledare<\/strong><\/p>\n<h5><a href=\"https:\/\/www.4h.se\/wp-content\/uploads\/2019\/02\/INSTRUKTIONER_KAHOOT.pdf\">S\u00e5 anv\u00e4nder du Kahoot<\/a><\/h5>\n<h5><strong>Grundutbildning<\/strong><\/h5>\n<p><a href=\"https:\/\/www.4h.se\/wp-content\/uploads\/2015\/05\/faktablad_fi.pdf\">Studiematerial<\/a><\/p>\n<p><a href=\"https:\/\/www.4h.se\/wp-content\/uploads\/2015\/05\/GRUND_DIPLOM_REDIGERBAR.pdf\">Diplom<\/a><\/p>\n<h5><strong>Avancerad utbildning<\/strong><\/h5>\n<p><a href=\"https:\/\/www.4h.se\/wp-content\/uploads\/2015\/05\/nyckelbudksap_fi.pdf\">Studiematerial<\/a><\/p>\n<p><a href=\"https:\/\/www.4h.se\/wp-content\/uploads\/2015\/05\/AVANCERAD_DIPLOM_REDIGERBAR.pdf\">Diplom&nbsp;<\/a><\/p>\n<p>&nbsp;<\/p>\n<p>&nbsp;<\/p>\n<h3>Djurmaterial<\/h3>\n<p><a href=\"https:\/\/www.4h.se\/wp-content\/uploads\/2019\/02\/PYSSELBOK_TILL_TRYCK_11DEC.pdf\">Pysselbok \u201cEn dag p\u00e5 g\u00e5rden\u201d<\/a><\/p>\n<p><a href=\"https:\/\/www.4h.se\/wp-content\/uploads\/2019\/02\/PYSSELBOK_ENGELSKA_TILLTRYCK_11DEC.pdf\">Pysselbok \u201cA day at the farm\u201d<\/a><\/p>\n<p><a href=\"https:\/\/www.4h.se\/wp-content\/uploads\/2015\/05\/DJUR_OVERSATTNING_11JAN2019.pdf\">Djurinformation- svenska, engelska, arabiska, dari och tigrinja<\/a>[\/vc_column_text][\/vc_column][\/vc_row]<\/p>\n<\/div>","protected":false},"excerpt":{"rendered":"<p>[vc_row][vc_column width=&#8221;1\/3&#8243;][vc_single_image image=&#8221;651&#8243; img_size=&#8221;medium&#8221;][vc_column_text]Matskolan \u00e4r ett dagl\u00e4ger f\u00f6r barn och unga som gillar att laga mat och baka eller som vill l\u00e4ra sig mer om just matlagning. Vi lagar frukostar, luncher, mellanm\u00e5l och bakar en del goda grejer. Detta varvas med t\u00e4vlingar och lekar. Under veckan g\u00f6r vi ocks\u00e5 utflykter och bes\u00f6ker bl.a en bondg\u00e5rd.&nbsp; <a href=\"https:\/\/www.4h.se\/medlemshandbok\/metodmaterial\/\">&hellip; Read more <i class=\"glyphicon glyphicon-arrow-right\"><\/i><\/a><\/p>\n","protected":false},"author":207,"featured_media":0,"parent":0,"menu_order":0,"comment_status":"closed","ping_status":"closed","template":"","meta":{"footnotes":""},"class_list":["post-621","page","type-page","status-publish","hentry"],"yoast_head":"<!-- This site is optimized with the Yoast SEO plugin v27.4 - https:\/\/yoast.com\/product\/yoast-seo-wordpress\/ -->\n<title>Metodmaterial - Sveriges 4H - medlemshandbok<\/title>\n<meta name=\"robots\" content=\"index, follow, max-snippet:-1, max-image-preview:large, max-video-preview:-1\" \/>\n<link rel=\"canonical\" href=\"https:\/\/www.4h.se\/medlemshandbok\/metodmaterial\/\" \/>\n<meta property=\"og:locale\" content=\"sv_SE\" \/>\n<meta property=\"og:type\" content=\"article\" \/>\n<meta property=\"og:title\" content=\"Metodmaterial - Sveriges 4H - medlemshandbok\" \/>\n<meta property=\"og:description\" content=\"[vc_row][vc_column width=&#8221;1\/3&#8243;][vc_single_image image=&#8221;651&#8243; img_size=&#8221;medium&#8221;][vc_column_text]Matskolan \u00e4r ett dagl\u00e4ger f\u00f6r barn och unga som gillar att laga mat och baka eller som vill l\u00e4ra sig mer om just matlagning. Vi lagar frukostar, luncher, mellanm\u00e5l och bakar en del goda grejer. Detta varvas med t\u00e4vlingar och lekar. Under veckan g\u00f6r vi ocks\u00e5 utflykter och bes\u00f6ker bl.a en bondg\u00e5rd.&nbsp; &hellip; Read more\" \/>\n<meta property=\"og:url\" content=\"https:\/\/www.4h.se\/medlemshandbok\/metodmaterial\/\" \/>\n<meta property=\"og:site_name\" content=\"Sveriges 4H - medlemshandbok\" \/>\n<meta property=\"article:modified_time\" content=\"2025-10-27T20:05:44+00:00\" \/>\n<meta name=\"twitter:card\" content=\"summary_large_image\" \/>\n<script type=\"application\/ld+json\" class=\"yoast-schema-graph\">{\"@context\":\"https:\\\/\\\/schema.org\",\"@graph\":[{\"@type\":\"WebPage\",\"@id\":\"https:\\\/\\\/www.4h.se\\\/medlemshandbok\\\/metodmaterial\\\/\",\"url\":\"https:\\\/\\\/www.4h.se\\\/medlemshandbok\\\/metodmaterial\\\/\",\"name\":\"Metodmaterial - Sveriges 4H - medlemshandbok\",\"isPartOf\":{\"@id\":\"https:\\\/\\\/www.4h.se\\\/medlemshandbok\\\/#website\"},\"datePublished\":\"2023-04-28T09:58:03+00:00\",\"dateModified\":\"2025-10-27T20:05:44+00:00\",\"breadcrumb\":{\"@id\":\"https:\\\/\\\/www.4h.se\\\/medlemshandbok\\\/metodmaterial\\\/#breadcrumb\"},\"inLanguage\":\"sv-SE\",\"potentialAction\":[{\"@type\":\"ReadAction\",\"target\":[\"https:\\\/\\\/www.4h.se\\\/medlemshandbok\\\/metodmaterial\\\/\"]}]},{\"@type\":\"BreadcrumbList\",\"@id\":\"https:\\\/\\\/www.4h.se\\\/medlemshandbok\\\/metodmaterial\\\/#breadcrumb\",\"itemListElement\":[{\"@type\":\"ListItem\",\"position\":1,\"name\":\"Hem\",\"item\":\"https:\\\/\\\/www.4h.se\\\/medlemshandbok\\\/\"},{\"@type\":\"ListItem\",\"position\":2,\"name\":\"Metodmaterial\"}]},{\"@type\":\"WebSite\",\"@id\":\"https:\\\/\\\/www.4h.se\\\/medlemshandbok\\\/#website\",\"url\":\"https:\\\/\\\/www.4h.se\\\/medlemshandbok\\\/\",\"name\":\"Sveriges 4H - medlemshandbok\",\"description\":\"\",\"potentialAction\":[{\"@type\":\"SearchAction\",\"target\":{\"@type\":\"EntryPoint\",\"urlTemplate\":\"https:\\\/\\\/www.4h.se\\\/medlemshandbok\\\/?s={search_term_string}\"},\"query-input\":{\"@type\":\"PropertyValueSpecification\",\"valueRequired\":true,\"valueName\":\"search_term_string\"}}],\"inLanguage\":\"sv-SE\"}]}<\/script>\n<!-- \/ Yoast SEO plugin. -->","yoast_head_json":{"title":"Metodmaterial - Sveriges 4H - medlemshandbok","robots":{"index":"index","follow":"follow","max-snippet":"max-snippet:-1","max-image-preview":"max-image-preview:large","max-video-preview":"max-video-preview:-1"},"canonical":"https:\/\/www.4h.se\/medlemshandbok\/metodmaterial\/","og_locale":"sv_SE","og_type":"article","og_title":"Metodmaterial - Sveriges 4H - medlemshandbok","og_description":"[vc_row][vc_column width=&#8221;1\/3&#8243;][vc_single_image image=&#8221;651&#8243; img_size=&#8221;medium&#8221;][vc_column_text]Matskolan \u00e4r ett dagl\u00e4ger f\u00f6r barn och unga som gillar att laga mat och baka eller som vill l\u00e4ra sig mer om just matlagning. Vi lagar frukostar, luncher, mellanm\u00e5l och bakar en del goda grejer. Detta varvas med t\u00e4vlingar och lekar. Under veckan g\u00f6r vi ocks\u00e5 utflykter och bes\u00f6ker bl.a en bondg\u00e5rd.&nbsp; &hellip; Read more","og_url":"https:\/\/www.4h.se\/medlemshandbok\/metodmaterial\/","og_site_name":"Sveriges 4H - medlemshandbok","article_modified_time":"2025-10-27T20:05:44+00:00","twitter_card":"summary_large_image","schema":{"@context":"https:\/\/schema.org","@graph":[{"@type":"WebPage","@id":"https:\/\/www.4h.se\/medlemshandbok\/metodmaterial\/","url":"https:\/\/www.4h.se\/medlemshandbok\/metodmaterial\/","name":"Metodmaterial - Sveriges 4H - medlemshandbok","isPartOf":{"@id":"https:\/\/www.4h.se\/medlemshandbok\/#website"},"datePublished":"2023-04-28T09:58:03+00:00","dateModified":"2025-10-27T20:05:44+00:00","breadcrumb":{"@id":"https:\/\/www.4h.se\/medlemshandbok\/metodmaterial\/#breadcrumb"},"inLanguage":"sv-SE","potentialAction":[{"@type":"ReadAction","target":["https:\/\/www.4h.se\/medlemshandbok\/metodmaterial\/"]}]},{"@type":"BreadcrumbList","@id":"https:\/\/www.4h.se\/medlemshandbok\/metodmaterial\/#breadcrumb","itemListElement":[{"@type":"ListItem","position":1,"name":"Hem","item":"https:\/\/www.4h.se\/medlemshandbok\/"},{"@type":"ListItem","position":2,"name":"Metodmaterial"}]},{"@type":"WebSite","@id":"https:\/\/www.4h.se\/medlemshandbok\/#website","url":"https:\/\/www.4h.se\/medlemshandbok\/","name":"Sveriges 4H - medlemshandbok","description":"","potentialAction":[{"@type":"SearchAction","target":{"@type":"EntryPoint","urlTemplate":"https:\/\/www.4h.se\/medlemshandbok\/?s={search_term_string}"},"query-input":{"@type":"PropertyValueSpecification","valueRequired":true,"valueName":"search_term_string"}}],"inLanguage":"sv-SE"}]}},"_links":{"self":[{"href":"https:\/\/www.4h.se\/medlemshandbok\/wp-json\/wp\/v2\/pages\/621","targetHints":{"allow":["GET"]}}],"collection":[{"href":"https:\/\/www.4h.se\/medlemshandbok\/wp-json\/wp\/v2\/pages"}],"about":[{"href":"https:\/\/www.4h.se\/medlemshandbok\/wp-json\/wp\/v2\/types\/page"}],"author":[{"embeddable":true,"href":"https:\/\/www.4h.se\/medlemshandbok\/wp-json\/wp\/v2\/users\/207"}],"replies":[{"embeddable":true,"href":"https:\/\/www.4h.se\/medlemshandbok\/wp-json\/wp\/v2\/comments?post=621"}],"version-history":[{"count":0,"href":"https:\/\/www.4h.se\/medlemshandbok\/wp-json\/wp\/v2\/pages\/621\/revisions"}],"wp:attachment":[{"href":"https:\/\/www.4h.se\/medlemshandbok\/wp-json\/wp\/v2\/media?parent=621"}],"curies":[{"name":"wp","href":"https:\/\/api.w.org\/{rel}","templated":true}]}}