



{"id":285,"date":"2015-10-07T09:13:53","date_gmt":"2015-10-07T07:13:53","guid":{"rendered":"http:\/\/www.4h.se\/kronoberg\/?page_id=285"},"modified":"2019-01-15T15:03:54","modified_gmt":"2019-01-15T14:03:54","slug":"bli-medlem","status":"publish","type":"page","link":"https:\/\/www.4h.se\/kronoberg\/bli-medlem\/","title":{"rendered":"Bli medlem"},"content":{"rendered":"<div class=\"wpb-content-wrapper\"><p>[vc_row][vc_column width=&#8221;1\/2&#8243;][vc_column_text]<\/p>\n<h1>Bli medlem i en klubb i Kronbergs l\u00e4ns 4H<\/h1>\n<p>Bl\u00e4ddra\u00a0till 4H i Kronobergs och v\u00e4lj sedan\u00a0aktuell 4H-klubb. Som medlem i 4H \u00e4r du v\u00e4lkommen att delta p\u00e5 organisationens alla arrangemang. Du omfattas ocks\u00e5 av en kollektiv olycksfallsf\u00f6rs\u00e4kring som g\u00e4ller p\u00e5 4H:s samtliga aktiviteter.<\/p>\n<p><a href=\"https:\/\/www.4h.se\/bli-medlem\/\">Tryck h\u00e4r f\u00f6r att bli medlem.\u00a0<\/a>[\/vc_column_text][\/vc_column][vc_column width=&#8221;1\/2&#8243;][vc_single_image image=&#8221;525&#8243; img_size=&#8221;400*300&#8243;][\/vc_column][\/vc_row]<\/p>\n<\/div>","protected":false},"excerpt":{"rendered":"<p>[vc_row][vc_column width=&#8221;1\/2&#8243;][vc_column_text] Bli medlem i en klubb i Kronbergs l\u00e4ns 4H Bl\u00e4ddra\u00a0till 4H i Kronobergs och v\u00e4lj sedan\u00a0aktuell 4H-klubb. Som medlem i 4H \u00e4r du v\u00e4lkommen att delta p\u00e5 organisationens alla arrangemang. Du omfattas ocks\u00e5 av en kollektiv olycksfallsf\u00f6rs\u00e4kring som g\u00e4ller p\u00e5 4H:s samtliga aktiviteter. Tryck h\u00e4r f\u00f6r att bli medlem.\u00a0[\/vc_column_text][\/vc_column][vc_column width=&#8221;1\/2&#8243;][vc_single_image image=&#8221;525&#8243; img_size=&#8221;400*300&#8243;][\/vc_column][\/vc_row]<\/p>\n","protected":false},"author":1,"featured_media":0,"parent":0,"menu_order":0,"comment_status":"closed","ping_status":"closed","template":"","meta":{"_acf_changed":false,"footnotes":""},"class_list":["post-285","page","type-page","status-publish","hentry"],"acf":[],"yoast_head":"<!-- This site is optimized with the Yoast SEO plugin v27.5 - https:\/\/yoast.com\/product\/yoast-seo-wordpress\/ -->\n<title>Bli medlem - 4H i Kronoberg<\/title>\n<meta name=\"robots\" content=\"index, follow, max-snippet:-1, max-image-preview:large, max-video-preview:-1\" \/>\n<link rel=\"canonical\" href=\"https:\/\/www.4h.se\/kronoberg\/bli-medlem\/\" \/>\n<meta property=\"og:locale\" content=\"sv_SE\" \/>\n<meta property=\"og:type\" content=\"article\" \/>\n<meta property=\"og:title\" content=\"Bli medlem - 4H i Kronoberg\" \/>\n<meta property=\"og:description\" content=\"[vc_row][vc_column width=&#8221;1\/2&#8243;][vc_column_text] Bli medlem i en klubb i Kronbergs l\u00e4ns 4H Bl\u00e4ddra\u00a0till 4H i Kronobergs och v\u00e4lj sedan\u00a0aktuell 4H-klubb. Som medlem i 4H \u00e4r du v\u00e4lkommen att delta p\u00e5 organisationens alla arrangemang. Du omfattas ocks\u00e5 av en kollektiv olycksfallsf\u00f6rs\u00e4kring som g\u00e4ller p\u00e5 4H:s samtliga aktiviteter. Tryck h\u00e4r f\u00f6r att bli medlem.\u00a0[\/vc_column_text][\/vc_column][vc_column width=&#8221;1\/2&#8243;][vc_single_image image=&#8221;525&#8243; img_size=&#8221;400*300&#8243;][\/vc_column][\/vc_row]\" \/>\n<meta property=\"og:url\" content=\"https:\/\/www.4h.se\/kronoberg\/bli-medlem\/\" \/>\n<meta property=\"og:site_name\" content=\"4H i Kronoberg\" \/>\n<meta property=\"article:modified_time\" content=\"2019-01-15T14:03:54+00:00\" \/>\n<meta name=\"twitter:card\" content=\"summary_large_image\" \/>\n<script type=\"application\/ld+json\" class=\"yoast-schema-graph\">{\"@context\":\"https:\\\/\\\/schema.org\",\"@graph\":[{\"@type\":\"WebPage\",\"@id\":\"https:\\\/\\\/www.4h.se\\\/kronoberg\\\/bli-medlem\\\/\",\"url\":\"https:\\\/\\\/www.4h.se\\\/kronoberg\\\/bli-medlem\\\/\",\"name\":\"Bli medlem - 4H i Kronoberg\",\"isPartOf\":{\"@id\":\"https:\\\/\\\/www.4h.se\\\/kronoberg\\\/#website\"},\"datePublished\":\"2015-10-07T07:13:53+00:00\",\"dateModified\":\"2019-01-15T14:03:54+00:00\",\"breadcrumb\":{\"@id\":\"https:\\\/\\\/www.4h.se\\\/kronoberg\\\/bli-medlem\\\/#breadcrumb\"},\"inLanguage\":\"sv-SE\",\"potentialAction\":[{\"@type\":\"ReadAction\",\"target\":[\"https:\\\/\\\/www.4h.se\\\/kronoberg\\\/bli-medlem\\\/\"]}]},{\"@type\":\"BreadcrumbList\",\"@id\":\"https:\\\/\\\/www.4h.se\\\/kronoberg\\\/bli-medlem\\\/#breadcrumb\",\"itemListElement\":[{\"@type\":\"ListItem\",\"position\":1,\"name\":\"Hem\",\"item\":\"https:\\\/\\\/www.4h.se\\\/kronoberg\\\/\"},{\"@type\":\"ListItem\",\"position\":2,\"name\":\"Bli medlem\"}]},{\"@type\":\"WebSite\",\"@id\":\"https:\\\/\\\/www.4h.se\\\/kronoberg\\\/#website\",\"url\":\"https:\\\/\\\/www.4h.se\\\/kronoberg\\\/\",\"name\":\"4H i Kronoberg\",\"description\":\"\",\"potentialAction\":[{\"@type\":\"SearchAction\",\"target\":{\"@type\":\"EntryPoint\",\"urlTemplate\":\"https:\\\/\\\/www.4h.se\\\/kronoberg\\\/?s={search_term_string}\"},\"query-input\":{\"@type\":\"PropertyValueSpecification\",\"valueRequired\":true,\"valueName\":\"search_term_string\"}}],\"inLanguage\":\"sv-SE\"}]}<\/script>\n<!-- \/ Yoast SEO plugin. -->","yoast_head_json":{"title":"Bli medlem - 4H i Kronoberg","robots":{"index":"index","follow":"follow","max-snippet":"max-snippet:-1","max-image-preview":"max-image-preview:large","max-video-preview":"max-video-preview:-1"},"canonical":"https:\/\/www.4h.se\/kronoberg\/bli-medlem\/","og_locale":"sv_SE","og_type":"article","og_title":"Bli medlem - 4H i Kronoberg","og_description":"[vc_row][vc_column width=&#8221;1\/2&#8243;][vc_column_text] Bli medlem i en klubb i Kronbergs l\u00e4ns 4H Bl\u00e4ddra\u00a0till 4H i Kronobergs och v\u00e4lj sedan\u00a0aktuell 4H-klubb. Som medlem i 4H \u00e4r du v\u00e4lkommen att delta p\u00e5 organisationens alla arrangemang. Du omfattas ocks\u00e5 av en kollektiv olycksfallsf\u00f6rs\u00e4kring som g\u00e4ller p\u00e5 4H:s samtliga aktiviteter. Tryck h\u00e4r f\u00f6r att bli medlem.\u00a0[\/vc_column_text][\/vc_column][vc_column width=&#8221;1\/2&#8243;][vc_single_image image=&#8221;525&#8243; img_size=&#8221;400*300&#8243;][\/vc_column][\/vc_row]","og_url":"https:\/\/www.4h.se\/kronoberg\/bli-medlem\/","og_site_name":"4H i Kronoberg","article_modified_time":"2019-01-15T14:03:54+00:00","twitter_card":"summary_large_image","schema":{"@context":"https:\/\/schema.org","@graph":[{"@type":"WebPage","@id":"https:\/\/www.4h.se\/kronoberg\/bli-medlem\/","url":"https:\/\/www.4h.se\/kronoberg\/bli-medlem\/","name":"Bli medlem - 4H i Kronoberg","isPartOf":{"@id":"https:\/\/www.4h.se\/kronoberg\/#website"},"datePublished":"2015-10-07T07:13:53+00:00","dateModified":"2019-01-15T14:03:54+00:00","breadcrumb":{"@id":"https:\/\/www.4h.se\/kronoberg\/bli-medlem\/#breadcrumb"},"inLanguage":"sv-SE","potentialAction":[{"@type":"ReadAction","target":["https:\/\/www.4h.se\/kronoberg\/bli-medlem\/"]}]},{"@type":"BreadcrumbList","@id":"https:\/\/www.4h.se\/kronoberg\/bli-medlem\/#breadcrumb","itemListElement":[{"@type":"ListItem","position":1,"name":"Hem","item":"https:\/\/www.4h.se\/kronoberg\/"},{"@type":"ListItem","position":2,"name":"Bli medlem"}]},{"@type":"WebSite","@id":"https:\/\/www.4h.se\/kronoberg\/#website","url":"https:\/\/www.4h.se\/kronoberg\/","name":"4H i Kronoberg","description":"","potentialAction":[{"@type":"SearchAction","target":{"@type":"EntryPoint","urlTemplate":"https:\/\/www.4h.se\/kronoberg\/?s={search_term_string}"},"query-input":{"@type":"PropertyValueSpecification","valueRequired":true,"valueName":"search_term_string"}}],"inLanguage":"sv-SE"}]}},"_links":{"self":[{"href":"https:\/\/www.4h.se\/kronoberg\/wp-json\/wp\/v2\/pages\/285","targetHints":{"allow":["GET"]}}],"collection":[{"href":"https:\/\/www.4h.se\/kronoberg\/wp-json\/wp\/v2\/pages"}],"about":[{"href":"https:\/\/www.4h.se\/kronoberg\/wp-json\/wp\/v2\/types\/page"}],"author":[{"embeddable":true,"href":"https:\/\/www.4h.se\/kronoberg\/wp-json\/wp\/v2\/users\/1"}],"replies":[{"embeddable":true,"href":"https:\/\/www.4h.se\/kronoberg\/wp-json\/wp\/v2\/comments?post=285"}],"version-history":[{"count":0,"href":"https:\/\/www.4h.se\/kronoberg\/wp-json\/wp\/v2\/pages\/285\/revisions"}],"wp:attachment":[{"href":"https:\/\/www.4h.se\/kronoberg\/wp-json\/wp\/v2\/media?parent=285"}],"curies":[{"name":"wp","href":"https:\/\/api.w.org\/{rel}","templated":true}]}}