



{"id":516,"date":"2019-12-28T12:00:46","date_gmt":"2019-12-28T11:00:46","guid":{"rendered":"https:\/\/www.4h.se\/karsta\/?page_id=516"},"modified":"2025-06-15T11:01:46","modified_gmt":"2025-06-15T09:01:46","slug":"om-karsta-4h-klubb","status":"publish","type":"page","link":"https:\/\/www.4h.se\/karsta\/om-karsta-4h-klubb\/","title":{"rendered":"Om K\u00e5rsta 4H Klubb"},"content":{"rendered":"<div class=\"wpb-content-wrapper\"><p>[vc_row][vc_column][vc_column_text css=&#8221;&#8221;]<\/p>\n<div class=\"kvgmc6g5 cxmmr5t8 oygrvhab hcukyx3x c1et5uql ii04i59q\">\n<h1>Mottot i 4H \u00e4r:<\/h1>\n<h1>\u201dLa\u0308ra genom att go\u0308ra\u201d &#8211; och nu go\u0308r vi!<\/h1>\n<\/div>\n<div class=\"o9v6fnle cxmmr5t8 oygrvhab hcukyx3x c1et5uql ii04i59q\">\n<div dir=\"auto\"><\/div>\n<h3>A\u0308ppellunden, Ka\u030arstava\u0308gen 311.<\/h3>\n<\/div>\n<div class=\"o9v6fnle cxmmr5t8 oygrvhab hcukyx3x c1et5uql ii04i59q\">\n<p>&nbsp;<\/p>\n<h2>Bygget &#8211; 4H Ka\u030arstas gym<\/h2>\n<h3>Vi o\u0308nskar alla va\u0308lkomna till va\u030art nya gym!<\/h3>\n<p>&nbsp;<\/p>\n<h3>\u00c4ppellundens Caf\u00e9 nya \u00f6ppet tider \u00e4r lite fixade just nu f\u00f6r att vi skall hinna med att anpassa oss. Kommer snart med nya Sommartider<\/h3>\n<h3>f\u00f6r cafeet 12.00- 16.00<\/h3>\n<h3>f\u00f6r varma k\u00f6ket 12.00 till 19.00<\/h3>\n<p>Fr\u00e5n 16.00 \u00e4r det meningen att man skall kunna h\u00e4mta mat men det kommer att finnas n\u00e5gra sittplatser.<\/p>\n<p>F\u00f6lj oss p\u00e5 facebook f\u00f6r att f\u00e5 n\u00e4rmare och b\u00e4ttre information om vad som h\u00e4nder<\/p>\n<p><a title=\"meny facebook\" href=\"https:\/\/www.facebook.com\/karsta4h\">https:\/\/www.facebook.com\/karsta4h<\/a><\/p>\n<p>Kalas eller fest f\u00f6r barnen ungdomar. h\u00e4r kan man hyra lokal f\u00f6r upp till 20 personer. Med eller utan service, mat eller fika. H\u00f6r av er med era funderingar s\u00e5 kommer vi s\u00e4kert \u00f6verens om n\u00e5got.<\/p>\n<p><strong>Kiosken Kaspers corner<\/strong><\/p>\n<p>Vi har nu \u00f6ppnat Kaspers corner som g\u00f6r att vi kan ha olika tider f\u00f6r kiosken och matserveringen. \u00d6ppettider Minigolfbanan 12.00 till 19.00<\/p>\n<p><strong>Minigolfbanan<\/strong>. Banan best\u00e5r av 9 banor i t\u00e4vlingsskick. Vi hoppas att vi ses i sommar.<\/p>\n<p><strong>Marknad\/loppis&nbsp;&nbsp;<\/strong><\/p>\n<p>Nu b\u00f6rjar solen v\u00e4rma omgivningarna och det g\u00f6r att det \u00e4r trivsamt \u00e4ven att k\u00f6pa och umg\u00e5s utomhus. V\u00e5r marknad\/loppis kan man nu anm\u00e4la sig till om man vill finnas d\u00e4r och s\u00e4lja. Borden finns p\u00e5 plats s\u00e5 det \u00e4r inga speciella dagar \u00e4n s\u00e5 l\u00e4nge som g\u00e4ller utan det \u00e4r \u00f6ppet att vilken dag som helst komma och s\u00e4lja. Skulle man vilja och \u00e4r driven s\u00e5 kan man ta p\u00e5 sig att bli arrang\u00f6r f\u00f6r v\u00e5ra m\u00f6jligheter att s\u00e4lja h\u00e4r hos oss. det enda f\u00f6rbeh\u00e5llet \u00e4r att vi st\u00e5r f\u00f6r mat och fikaf\u00f6rs\u00e4ljningen<\/p>\n<p>Under sommaren kommer vi att \u00f6ppna en secondhandbutik inne som s\u00e4lja pysselgrejor, lego ja allt m\u00f6jligt.<\/p>\n<p>MVH Styrelsen K\u00e5rsta 4H klubb<\/p>\n<\/div>\n<p>[\/vc_column_text][\/vc_column][\/vc_row]<\/p>\n<\/div>","protected":false},"excerpt":{"rendered":"<p>[vc_row][vc_column][vc_column_text css=&#8221;&#8221;] Mottot i 4H \u00e4r: \u201dLa\u0308ra genom att go\u0308ra\u201d &#8211; och nu go\u0308r vi! A\u0308ppellunden, Ka\u030arstava\u0308gen 311. &nbsp; Bygget &#8211; 4H Ka\u030arstas gym Vi o\u0308nskar alla va\u0308lkomna till va\u030art nya gym! &nbsp; \u00c4ppellundens Caf\u00e9 nya \u00f6ppet tider \u00e4r lite fixade just nu f\u00f6r att vi skall hinna med att anpassa oss. Kommer snart med&nbsp; <a href=\"https:\/\/www.4h.se\/karsta\/om-karsta-4h-klubb\/\">&hellip; Read more <i class=\"glyphicon glyphicon-arrow-right\"><\/i><\/a><\/p>\n","protected":false},"author":106,"featured_media":0,"parent":0,"menu_order":0,"comment_status":"closed","ping_status":"closed","template":"","meta":{"_acf_changed":false,"footnotes":""},"class_list":["post-516","page","type-page","status-publish","hentry"],"acf":[],"yoast_head":"<!-- This site is optimized with the Yoast SEO plugin v27.5 - https:\/\/yoast.com\/product\/yoast-seo-wordpress\/ -->\n<title>Om K\u00e5rsta 4H Klubb - K\u00e5rsta 4H-klubb<\/title>\n<meta name=\"robots\" content=\"index, follow, max-snippet:-1, max-image-preview:large, max-video-preview:-1\" \/>\n<link rel=\"canonical\" href=\"https:\/\/www.4h.se\/karsta\/om-karsta-4h-klubb\/\" \/>\n<meta property=\"og:locale\" content=\"sv_SE\" \/>\n<meta property=\"og:type\" content=\"article\" \/>\n<meta property=\"og:title\" content=\"Om K\u00e5rsta 4H Klubb - K\u00e5rsta 4H-klubb\" \/>\n<meta property=\"og:description\" content=\"[vc_row][vc_column][vc_column_text css=&#8221;&#8221;] Mottot i 4H \u00e4r: \u201dLa\u0308ra genom att go\u0308ra\u201d &#8211; och nu go\u0308r vi! A\u0308ppellunden, Ka\u030arstava\u0308gen 311. &nbsp; Bygget &#8211; 4H Ka\u030arstas gym Vi o\u0308nskar alla va\u0308lkomna till va\u030art nya gym! &nbsp; \u00c4ppellundens Caf\u00e9 nya \u00f6ppet tider \u00e4r lite fixade just nu f\u00f6r att vi skall hinna med att anpassa oss. Kommer snart med&nbsp; &hellip; Read more\" \/>\n<meta property=\"og:url\" content=\"https:\/\/www.4h.se\/karsta\/om-karsta-4h-klubb\/\" \/>\n<meta property=\"og:site_name\" content=\"K\u00e5rsta 4H-klubb\" \/>\n<meta property=\"article:modified_time\" content=\"2025-06-15T09:01:46+00:00\" \/>\n<meta name=\"twitter:card\" content=\"summary_large_image\" \/>\n<meta name=\"twitter:label1\" content=\"Ber\u00e4knad l\u00e4stid\" \/>\n\t<meta name=\"twitter:data1\" content=\"2 minuter\" \/>\n<script type=\"application\/ld+json\" class=\"yoast-schema-graph\">{\"@context\":\"https:\\\/\\\/schema.org\",\"@graph\":[{\"@type\":\"WebPage\",\"@id\":\"https:\\\/\\\/www.4h.se\\\/karsta\\\/om-karsta-4h-klubb\\\/\",\"url\":\"https:\\\/\\\/www.4h.se\\\/karsta\\\/om-karsta-4h-klubb\\\/\",\"name\":\"Om K\u00e5rsta 4H Klubb - K\u00e5rsta 4H-klubb\",\"isPartOf\":{\"@id\":\"https:\\\/\\\/www.4h.se\\\/karsta\\\/#website\"},\"datePublished\":\"2019-12-28T11:00:46+00:00\",\"dateModified\":\"2025-06-15T09:01:46+00:00\",\"breadcrumb\":{\"@id\":\"https:\\\/\\\/www.4h.se\\\/karsta\\\/om-karsta-4h-klubb\\\/#breadcrumb\"},\"inLanguage\":\"sv-SE\",\"potentialAction\":[{\"@type\":\"ReadAction\",\"target\":[\"https:\\\/\\\/www.4h.se\\\/karsta\\\/om-karsta-4h-klubb\\\/\"]}]},{\"@type\":\"BreadcrumbList\",\"@id\":\"https:\\\/\\\/www.4h.se\\\/karsta\\\/om-karsta-4h-klubb\\\/#breadcrumb\",\"itemListElement\":[{\"@type\":\"ListItem\",\"position\":1,\"name\":\"Hem\",\"item\":\"https:\\\/\\\/www.4h.se\\\/karsta\\\/\"},{\"@type\":\"ListItem\",\"position\":2,\"name\":\"Om K\u00e5rsta 4H Klubb\"}]},{\"@type\":\"WebSite\",\"@id\":\"https:\\\/\\\/www.4h.se\\\/karsta\\\/#website\",\"url\":\"https:\\\/\\\/www.4h.se\\\/karsta\\\/\",\"name\":\"K\u00e5rsta 4H-klubb\",\"description\":\"Huvud - Hj\u00e4rta -  Hand - H\u00e4lsa\",\"potentialAction\":[{\"@type\":\"SearchAction\",\"target\":{\"@type\":\"EntryPoint\",\"urlTemplate\":\"https:\\\/\\\/www.4h.se\\\/karsta\\\/?s={search_term_string}\"},\"query-input\":{\"@type\":\"PropertyValueSpecification\",\"valueRequired\":true,\"valueName\":\"search_term_string\"}}],\"inLanguage\":\"sv-SE\"}]}<\/script>\n<!-- \/ Yoast SEO plugin. -->","yoast_head_json":{"title":"Om K\u00e5rsta 4H Klubb - K\u00e5rsta 4H-klubb","robots":{"index":"index","follow":"follow","max-snippet":"max-snippet:-1","max-image-preview":"max-image-preview:large","max-video-preview":"max-video-preview:-1"},"canonical":"https:\/\/www.4h.se\/karsta\/om-karsta-4h-klubb\/","og_locale":"sv_SE","og_type":"article","og_title":"Om K\u00e5rsta 4H Klubb - K\u00e5rsta 4H-klubb","og_description":"[vc_row][vc_column][vc_column_text css=&#8221;&#8221;] Mottot i 4H \u00e4r: \u201dLa\u0308ra genom att go\u0308ra\u201d &#8211; och nu go\u0308r vi! A\u0308ppellunden, Ka\u030arstava\u0308gen 311. &nbsp; Bygget &#8211; 4H Ka\u030arstas gym Vi o\u0308nskar alla va\u0308lkomna till va\u030art nya gym! &nbsp; \u00c4ppellundens Caf\u00e9 nya \u00f6ppet tider \u00e4r lite fixade just nu f\u00f6r att vi skall hinna med att anpassa oss. Kommer snart med&nbsp; &hellip; Read more","og_url":"https:\/\/www.4h.se\/karsta\/om-karsta-4h-klubb\/","og_site_name":"K\u00e5rsta 4H-klubb","article_modified_time":"2025-06-15T09:01:46+00:00","twitter_card":"summary_large_image","twitter_misc":{"Ber\u00e4knad l\u00e4stid":"2 minuter"},"schema":{"@context":"https:\/\/schema.org","@graph":[{"@type":"WebPage","@id":"https:\/\/www.4h.se\/karsta\/om-karsta-4h-klubb\/","url":"https:\/\/www.4h.se\/karsta\/om-karsta-4h-klubb\/","name":"Om K\u00e5rsta 4H Klubb - K\u00e5rsta 4H-klubb","isPartOf":{"@id":"https:\/\/www.4h.se\/karsta\/#website"},"datePublished":"2019-12-28T11:00:46+00:00","dateModified":"2025-06-15T09:01:46+00:00","breadcrumb":{"@id":"https:\/\/www.4h.se\/karsta\/om-karsta-4h-klubb\/#breadcrumb"},"inLanguage":"sv-SE","potentialAction":[{"@type":"ReadAction","target":["https:\/\/www.4h.se\/karsta\/om-karsta-4h-klubb\/"]}]},{"@type":"BreadcrumbList","@id":"https:\/\/www.4h.se\/karsta\/om-karsta-4h-klubb\/#breadcrumb","itemListElement":[{"@type":"ListItem","position":1,"name":"Hem","item":"https:\/\/www.4h.se\/karsta\/"},{"@type":"ListItem","position":2,"name":"Om K\u00e5rsta 4H Klubb"}]},{"@type":"WebSite","@id":"https:\/\/www.4h.se\/karsta\/#website","url":"https:\/\/www.4h.se\/karsta\/","name":"K\u00e5rsta 4H-klubb","description":"Huvud - Hj\u00e4rta -  Hand - H\u00e4lsa","potentialAction":[{"@type":"SearchAction","target":{"@type":"EntryPoint","urlTemplate":"https:\/\/www.4h.se\/karsta\/?s={search_term_string}"},"query-input":{"@type":"PropertyValueSpecification","valueRequired":true,"valueName":"search_term_string"}}],"inLanguage":"sv-SE"}]}},"_links":{"self":[{"href":"https:\/\/www.4h.se\/karsta\/wp-json\/wp\/v2\/pages\/516","targetHints":{"allow":["GET"]}}],"collection":[{"href":"https:\/\/www.4h.se\/karsta\/wp-json\/wp\/v2\/pages"}],"about":[{"href":"https:\/\/www.4h.se\/karsta\/wp-json\/wp\/v2\/types\/page"}],"author":[{"embeddable":true,"href":"https:\/\/www.4h.se\/karsta\/wp-json\/wp\/v2\/users\/106"}],"replies":[{"embeddable":true,"href":"https:\/\/www.4h.se\/karsta\/wp-json\/wp\/v2\/comments?post=516"}],"version-history":[{"count":0,"href":"https:\/\/www.4h.se\/karsta\/wp-json\/wp\/v2\/pages\/516\/revisions"}],"wp:attachment":[{"href":"https:\/\/www.4h.se\/karsta\/wp-json\/wp\/v2\/media?parent=516"}],"curies":[{"name":"wp","href":"https:\/\/api.w.org\/{rel}","templated":true}]}}