



{"id":39,"date":"2014-12-09T20:10:35","date_gmt":"2014-12-09T19:10:35","guid":{"rendered":"http:\/\/www.4h.se\/rix16\/?page_id=39"},"modified":"2022-02-21T14:25:14","modified_gmt":"2022-02-21T13:25:14","slug":"hem","status":"publish","type":"page","link":"https:\/\/www.4h.se\/karsta\/","title":{"rendered":"Startsida"},"content":{"rendered":"<div class=\"wpb-content-wrapper\"><p>[vc_row][vc_column width=&#8221;2\/3&#8243;][vc_column_text]<\/p>\n<div class=\"kvgmc6g5 cxmmr5t8 oygrvhab hcukyx3x c1et5uql ii04i59q\">\n<h1>Mottot i 4H \u00e4r:<\/h1>\n<h1>\u201dLa\u0308ra genom att go\u0308ra\u201d &#8211; och nu go\u0308r vi!<\/h1>\n<\/div>\n<div class=\"o9v6fnle cxmmr5t8 oygrvhab hcukyx3x c1et5uql ii04i59q\">\n<div dir=\"auto\"><\/div>\n<h3>A\u0308ppellunden, Ka\u030arstava\u0308gen 311.<\/h3>\n<h3><\/h3>\n<\/div>\n<div class=\"o9v6fnle cxmmr5t8 oygrvhab hcukyx3x c1et5uql ii04i59q\">\n<h3><\/h3>\n<p>&nbsp;<\/p>\n<h2>Bygget &#8211; 4H Ka\u030arstas gym \u00f6ver 150 kvm.<\/h2>\n<h3>Vi o\u0308nskar alla va\u0308lkomna till va\u030art gym!<\/h3>\n<h3><\/h3>\n<\/div>\n<p>[\/vc_column_text][\/vc_column][\/vc_row]<\/p>\n<\/div>","protected":false},"excerpt":{"rendered":"<p>[vc_row][vc_column width=&#8221;2\/3&#8243;][vc_column_text] Mottot i 4H \u00e4r: \u201dLa\u0308ra genom att go\u0308ra\u201d &#8211; och nu go\u0308r vi! A\u0308ppellunden, Ka\u030arstava\u0308gen 311. &nbsp; Bygget &#8211; 4H Ka\u030arstas gym \u00f6ver 150 kvm. Vi o\u0308nskar alla va\u0308lkomna till va\u030art gym! [\/vc_column_text][\/vc_column][\/vc_row]<\/p>\n","protected":false},"author":1,"featured_media":0,"parent":0,"menu_order":11,"comment_status":"closed","ping_status":"closed","template":"","meta":{"_acf_changed":false,"footnotes":""},"class_list":["post-39","page","type-page","status-publish","hentry"],"acf":[],"yoast_head":"<!-- This site is optimized with the Yoast SEO plugin v27.5 - https:\/\/yoast.com\/product\/yoast-seo-wordpress\/ -->\n<title>Startsida - K\u00e5rsta 4H-klubb<\/title>\n<meta name=\"robots\" content=\"index, follow, max-snippet:-1, max-image-preview:large, max-video-preview:-1\" \/>\n<link rel=\"canonical\" href=\"https:\/\/www.4h.se\/karsta\/\" \/>\n<meta property=\"og:locale\" content=\"sv_SE\" \/>\n<meta property=\"og:type\" content=\"article\" \/>\n<meta property=\"og:title\" content=\"Startsida - K\u00e5rsta 4H-klubb\" \/>\n<meta property=\"og:description\" content=\"[vc_row][vc_column width=&#8221;2\/3&#8243;][vc_column_text] Mottot i 4H \u00e4r: \u201dLa\u0308ra genom att go\u0308ra\u201d &#8211; och nu go\u0308r vi! A\u0308ppellunden, Ka\u030arstava\u0308gen 311. &nbsp; Bygget &#8211; 4H Ka\u030arstas gym \u00f6ver 150 kvm. Vi o\u0308nskar alla va\u0308lkomna till va\u030art gym! [\/vc_column_text][\/vc_column][\/vc_row]\" \/>\n<meta property=\"og:url\" content=\"https:\/\/www.4h.se\/karsta\/\" \/>\n<meta property=\"og:site_name\" content=\"K\u00e5rsta 4H-klubb\" \/>\n<meta property=\"article:modified_time\" content=\"2022-02-21T13:25:14+00:00\" \/>\n<meta name=\"twitter:card\" content=\"summary_large_image\" \/>\n<script type=\"application\/ld+json\" class=\"yoast-schema-graph\">{\"@context\":\"https:\\\/\\\/schema.org\",\"@graph\":[{\"@type\":\"WebPage\",\"@id\":\"https:\\\/\\\/www.4h.se\\\/karsta\\\/\",\"url\":\"https:\\\/\\\/www.4h.se\\\/karsta\\\/\",\"name\":\"Startsida - K\u00e5rsta 4H-klubb\",\"isPartOf\":{\"@id\":\"https:\\\/\\\/www.4h.se\\\/karsta\\\/#website\"},\"datePublished\":\"2014-12-09T19:10:35+00:00\",\"dateModified\":\"2022-02-21T13:25:14+00:00\",\"breadcrumb\":{\"@id\":\"https:\\\/\\\/www.4h.se\\\/karsta\\\/#breadcrumb\"},\"inLanguage\":\"sv-SE\",\"potentialAction\":[{\"@type\":\"ReadAction\",\"target\":[\"https:\\\/\\\/www.4h.se\\\/karsta\\\/\"]}]},{\"@type\":\"BreadcrumbList\",\"@id\":\"https:\\\/\\\/www.4h.se\\\/karsta\\\/#breadcrumb\",\"itemListElement\":[{\"@type\":\"ListItem\",\"position\":1,\"name\":\"Hem\",\"item\":\"https:\\\/\\\/www.4h.se\\\/karsta\\\/\"},{\"@type\":\"ListItem\",\"position\":2,\"name\":\"Startsida\"}]},{\"@type\":\"WebSite\",\"@id\":\"https:\\\/\\\/www.4h.se\\\/karsta\\\/#website\",\"url\":\"https:\\\/\\\/www.4h.se\\\/karsta\\\/\",\"name\":\"K\u00e5rsta 4H-klubb\",\"description\":\"Huvud - Hj\u00e4rta -  Hand - H\u00e4lsa\",\"potentialAction\":[{\"@type\":\"SearchAction\",\"target\":{\"@type\":\"EntryPoint\",\"urlTemplate\":\"https:\\\/\\\/www.4h.se\\\/karsta\\\/?s={search_term_string}\"},\"query-input\":{\"@type\":\"PropertyValueSpecification\",\"valueRequired\":true,\"valueName\":\"search_term_string\"}}],\"inLanguage\":\"sv-SE\"}]}<\/script>\n<!-- \/ Yoast SEO plugin. -->","yoast_head_json":{"title":"Startsida - K\u00e5rsta 4H-klubb","robots":{"index":"index","follow":"follow","max-snippet":"max-snippet:-1","max-image-preview":"max-image-preview:large","max-video-preview":"max-video-preview:-1"},"canonical":"https:\/\/www.4h.se\/karsta\/","og_locale":"sv_SE","og_type":"article","og_title":"Startsida - K\u00e5rsta 4H-klubb","og_description":"[vc_row][vc_column width=&#8221;2\/3&#8243;][vc_column_text] Mottot i 4H \u00e4r: \u201dLa\u0308ra genom att go\u0308ra\u201d &#8211; och nu go\u0308r vi! A\u0308ppellunden, Ka\u030arstava\u0308gen 311. &nbsp; Bygget &#8211; 4H Ka\u030arstas gym \u00f6ver 150 kvm. Vi o\u0308nskar alla va\u0308lkomna till va\u030art gym! [\/vc_column_text][\/vc_column][\/vc_row]","og_url":"https:\/\/www.4h.se\/karsta\/","og_site_name":"K\u00e5rsta 4H-klubb","article_modified_time":"2022-02-21T13:25:14+00:00","twitter_card":"summary_large_image","schema":{"@context":"https:\/\/schema.org","@graph":[{"@type":"WebPage","@id":"https:\/\/www.4h.se\/karsta\/","url":"https:\/\/www.4h.se\/karsta\/","name":"Startsida - K\u00e5rsta 4H-klubb","isPartOf":{"@id":"https:\/\/www.4h.se\/karsta\/#website"},"datePublished":"2014-12-09T19:10:35+00:00","dateModified":"2022-02-21T13:25:14+00:00","breadcrumb":{"@id":"https:\/\/www.4h.se\/karsta\/#breadcrumb"},"inLanguage":"sv-SE","potentialAction":[{"@type":"ReadAction","target":["https:\/\/www.4h.se\/karsta\/"]}]},{"@type":"BreadcrumbList","@id":"https:\/\/www.4h.se\/karsta\/#breadcrumb","itemListElement":[{"@type":"ListItem","position":1,"name":"Hem","item":"https:\/\/www.4h.se\/karsta\/"},{"@type":"ListItem","position":2,"name":"Startsida"}]},{"@type":"WebSite","@id":"https:\/\/www.4h.se\/karsta\/#website","url":"https:\/\/www.4h.se\/karsta\/","name":"K\u00e5rsta 4H-klubb","description":"Huvud - Hj\u00e4rta -  Hand - H\u00e4lsa","potentialAction":[{"@type":"SearchAction","target":{"@type":"EntryPoint","urlTemplate":"https:\/\/www.4h.se\/karsta\/?s={search_term_string}"},"query-input":{"@type":"PropertyValueSpecification","valueRequired":true,"valueName":"search_term_string"}}],"inLanguage":"sv-SE"}]}},"_links":{"self":[{"href":"https:\/\/www.4h.se\/karsta\/wp-json\/wp\/v2\/pages\/39","targetHints":{"allow":["GET"]}}],"collection":[{"href":"https:\/\/www.4h.se\/karsta\/wp-json\/wp\/v2\/pages"}],"about":[{"href":"https:\/\/www.4h.se\/karsta\/wp-json\/wp\/v2\/types\/page"}],"author":[{"embeddable":true,"href":"https:\/\/www.4h.se\/karsta\/wp-json\/wp\/v2\/users\/1"}],"replies":[{"embeddable":true,"href":"https:\/\/www.4h.se\/karsta\/wp-json\/wp\/v2\/comments?post=39"}],"version-history":[{"count":0,"href":"https:\/\/www.4h.se\/karsta\/wp-json\/wp\/v2\/pages\/39\/revisions"}],"wp:attachment":[{"href":"https:\/\/www.4h.se\/karsta\/wp-json\/wp\/v2\/media?parent=39"}],"curies":[{"name":"wp","href":"https:\/\/api.w.org\/{rel}","templated":true}]}}