



{"id":481,"date":"2022-02-16T17:13:47","date_gmt":"2022-02-16T16:13:47","guid":{"rendered":"https:\/\/www.4h.se\/karlstad\/?page_id=481"},"modified":"2025-10-21T20:36:24","modified_gmt":"2025-10-21T18:36:24","slug":"knatteridning","status":"publish","type":"page","link":"https:\/\/www.4h.se\/karlstad\/ridning\/knatteridning\/","title":{"rendered":"Knatteridning"},"content":{"rendered":"<div class=\"wpb-content-wrapper\"><p>[vc_row][vc_column][vc_column_text css=&#8221;&#8221;]<\/p>\n<h3 id=\"ContentStart\">Knatteridning<\/h3>\n<p>&nbsp;<\/p>\n<div class=\"PageBodyDiv\">\n<div>Prova p\u00e5 ridning f\u00f6r barn som vill prova att rida eller ridskola f\u00f6r barn yngre \u00e4n 7 \u00e5r.<\/div>\n<\/div>\n<div class=\"PageBodyDiv\">\n<div><strong>Vad inneb\u00e4r knatteridning?<\/strong><\/div>\n<div>Knatteridning \u00e4r ett bra s\u00e4tt att l\u00e5ta barnen f\u00e5 en lekfull start p\u00e5 sin ridning.<\/div>\n<div>Lektionerna ska leda till att barnen f\u00e5r en \u00f6kad balans och tr\u00e4na sin motorik genom de \u00f6vningar som&nbsp;lektionerna inneh\u00e5ller. Detta leder till att barnen \u00f6kar sin f\u00f6rst\u00e5else f\u00f6r sambandet mellan h\u00e4stens r\u00f6relser&nbsp;och sina egna r\u00f6relser.<\/div>\n<div>Barnen tr\u00e4nas att f\u00f6rst\u00e5 och ta instruktioner av ledaren samt att barnen tr\u00e4nas att ta eget ansvar och visa&nbsp;h\u00e4nsyn till b\u00e5de djur och m\u00e4nniskor.<\/div>\n<div><\/div>\n<div>Knatteridning ger barnen en god baskunskap om intresset finns f\u00f6r fortsatt ridning.<\/div>\n<div>Barnen l\u00e4r sig ocks\u00e5 hur man sk\u00f6ter en h\u00e4st f\u00f6r att den ska vara v\u00e4lm\u00e5ende. Detta skapar en \u00f6msesidig&nbsp;respekt mellan barnet och h\u00e4sten. Lektionerna h\u00e5lls b\u00e5de i skog och mark samt i ridhus. Vi tror att&nbsp;variationen av uteritter och ridhus ledda lektioner \u00f6kar v\u00e5r m\u00e5luppfyllelse.<\/div>\n<div><\/div>\n<ul>\n<li>30-minuterslektioner<\/li>\n<li>Alla ryttare ska ha med sig en myndig person som v\u00e5gar h\u00e5lla h\u00e4sten, under hela lektionen samt&nbsp;till och fr\u00e5n stallet.<\/li>\n<li>Hj\u00e4lm och v\u00e4st finns att l\u00e5na p\u00e5 g\u00e5rden.<\/li>\n<li>Kl\u00e4der efter v\u00e4der, f\u00f6r b\u00e5de ryttare och medf\u00f6ljande vuxen<\/li>\n<li>Medlemsskap hos Karlstad 4H och Bellevues PRK kr\u00e4vs.<\/li>\n<\/ul>\n<p>&nbsp;<\/p>\n<div>Ridundervisningen inneh\u00e5ller ridning inomhus och utomhus, k\u00f6rning med h\u00e4st och vagn och&nbsp;teoriundervisning.<\/div>\n<div>All ridning bedrivs p\u00e5 g\u00e5rdens sn\u00e4lla h\u00e4star och ponnyer och v\u00e5ra h\u00e4star \u00e4r merparten ponnyer av olika raser och storlekar, d\u00e4r alla kan hitta en eller flera favoriter! Barnen f\u00e5r prova att rida olika h\u00e4star.<\/div>\n<div>\n<hr>\n<\/div>\n<\/div>\n<div>Knatteridning sker p\u00e5 <strong>l\u00f6rdagar<\/strong>.<\/div>\n<div>\n<hr>\n<\/div>\n<div class=\"PageBodyDiv\">\n<div><strong>Kl 09.00-09.30 Knatteridning \u201dfast grupp\u201d dvs kurs p\u00e5 en hel termin.<\/strong><\/div>\n<div>Betalning mot terminsfaktura. Se pris under fliken &#8221;prislista\/medlemsavgift&#8221;<\/div>\n<div>\n<hr>\n<\/div>\n<div><strong>Kl 09.45-10.15 Knatteridning \u201dfast grupp\u201d dvs kurs p\u00e5 en hel termin.<\/strong><\/div>\n<div>Betalning mot terminsfaktura. Se pris under fliken &#8221;prislista\/medlemsavgift&#8221;<\/div>\n<div>\n<hr>\n<\/div>\n<div>\n<p><strong><strong>Kl 10.30-11.00 <\/strong><\/strong><strong>Prova-p\u00e5-grupp.<br \/>\n<\/strong>Anm\u00e4lan och bokning vecka f\u00f6r vecka. Se pris under fliken &#8221;prislista\/medlemsavgift&#8221;<\/p>\n<\/div>\n<div>\n<hr>\n<\/div>\n<div>Prova-p\u00e5-gruppen rider enbart utomhus, ingen teoriundervisning.<\/div>\n<div>Anm\u00e4lan fr\u00e5n m\u00e5ndag samma vecka.<\/div>\n<div>Betalning per g\u00e5ng via swish.<\/div>\n<div>Efter tre g\u00e5nger \u00e4r det obligatoriskt att l\u00f6sa medlemskap. Se info p\u00e5 v\u00e5r hemsida.<\/div>\n<div>Som medlem har du m\u00f6jlighet att vara med p\u00e5 andra aktiviteter p\u00e5 klubben t.ex. extra tr\u00e4ningar, kurser och andra aktiviteter.<\/div>\n<\/div>\n<div><\/div>\n<div><\/div>\n<div class=\"PageBodyDiv\">\n<div><strong>Anm\u00e4lan och f\u00f6rfr\u00e5gan till&nbsp;ridlarare_bprk@hotmail.se<\/strong><\/div>\n<div>Vid anm\u00e4lan ange namn p\u00e5 ryttaren, telefonnummer och f\u00f6delsedata.<\/div>\n<div>Anm\u00e4lan sker senast torsdag kl. 16 samma vecka.<\/div>\n<\/div>\n<div>Minst 4 anm\u00e4lda f\u00f6r att gruppen ska bli av.<\/div>\n<div class=\"PageBodyDiv\">\n<div><\/div>\n<div>V\u00e4lkomna!<\/div>\n<\/div>\n<p>[\/vc_column_text][\/vc_column][\/vc_row]<\/p>\n<\/div>","protected":false},"excerpt":{"rendered":"<p>[vc_row][vc_column][vc_column_text css=&#8221;&#8221;] Knatteridning &nbsp; Prova p\u00e5 ridning f\u00f6r barn som vill prova att rida eller ridskola f\u00f6r barn yngre \u00e4n 7 \u00e5r. Vad inneb\u00e4r knatteridning? Knatteridning \u00e4r ett bra s\u00e4tt att l\u00e5ta barnen f\u00e5 en lekfull start p\u00e5 sin ridning. Lektionerna ska leda till att barnen f\u00e5r en \u00f6kad balans och tr\u00e4na sin motorik genom&nbsp; <a href=\"https:\/\/www.4h.se\/karlstad\/ridning\/knatteridning\/\">&hellip; Read more <i class=\"glyphicon glyphicon-arrow-right\"><\/i><\/a><\/p>\n","protected":false},"author":217,"featured_media":0,"parent":399,"menu_order":4,"comment_status":"closed","ping_status":"closed","template":"","meta":{"_acf_changed":false,"footnotes":""},"class_list":["post-481","page","type-page","status-publish","hentry"],"acf":[],"yoast_head":"<!-- This site is optimized with the Yoast SEO plugin v27.5 - https:\/\/yoast.com\/product\/yoast-seo-wordpress\/ -->\n<title>Knatteridning - Karlstads 4H-g\u00e5rd<\/title>\n<meta name=\"robots\" content=\"index, follow, max-snippet:-1, max-image-preview:large, max-video-preview:-1\" \/>\n<link rel=\"canonical\" href=\"https:\/\/www.4h.se\/karlstad\/ridning\/knatteridning\/\" \/>\n<meta property=\"og:locale\" content=\"sv_SE\" \/>\n<meta property=\"og:type\" content=\"article\" \/>\n<meta property=\"og:title\" content=\"Knatteridning - Karlstads 4H-g\u00e5rd\" \/>\n<meta property=\"og:description\" content=\"[vc_row][vc_column][vc_column_text css=&#8221;&#8221;] Knatteridning &nbsp; Prova p\u00e5 ridning f\u00f6r barn som vill prova att rida eller ridskola f\u00f6r barn yngre \u00e4n 7 \u00e5r. Vad inneb\u00e4r knatteridning? Knatteridning \u00e4r ett bra s\u00e4tt att l\u00e5ta barnen f\u00e5 en lekfull start p\u00e5 sin ridning. Lektionerna ska leda till att barnen f\u00e5r en \u00f6kad balans och tr\u00e4na sin motorik genom&nbsp; &hellip; Read more\" \/>\n<meta property=\"og:url\" content=\"https:\/\/www.4h.se\/karlstad\/ridning\/knatteridning\/\" \/>\n<meta property=\"og:site_name\" content=\"Karlstads 4H-g\u00e5rd\" \/>\n<meta property=\"article:modified_time\" content=\"2025-10-21T18:36:24+00:00\" \/>\n<meta name=\"twitter:card\" content=\"summary_large_image\" \/>\n<meta name=\"twitter:label1\" content=\"Ber\u00e4knad l\u00e4stid\" \/>\n\t<meta name=\"twitter:data1\" content=\"3 minuter\" \/>\n<script type=\"application\/ld+json\" class=\"yoast-schema-graph\">{\"@context\":\"https:\\\/\\\/schema.org\",\"@graph\":[{\"@type\":\"WebPage\",\"@id\":\"https:\\\/\\\/www.4h.se\\\/karlstad\\\/ridning\\\/knatteridning\\\/\",\"url\":\"https:\\\/\\\/www.4h.se\\\/karlstad\\\/ridning\\\/knatteridning\\\/\",\"name\":\"Knatteridning - Karlstads 4H-g\u00e5rd\",\"isPartOf\":{\"@id\":\"https:\\\/\\\/www.4h.se\\\/karlstad\\\/#website\"},\"datePublished\":\"2022-02-16T16:13:47+00:00\",\"dateModified\":\"2025-10-21T18:36:24+00:00\",\"breadcrumb\":{\"@id\":\"https:\\\/\\\/www.4h.se\\\/karlstad\\\/ridning\\\/knatteridning\\\/#breadcrumb\"},\"inLanguage\":\"sv-SE\",\"potentialAction\":[{\"@type\":\"ReadAction\",\"target\":[\"https:\\\/\\\/www.4h.se\\\/karlstad\\\/ridning\\\/knatteridning\\\/\"]}]},{\"@type\":\"BreadcrumbList\",\"@id\":\"https:\\\/\\\/www.4h.se\\\/karlstad\\\/ridning\\\/knatteridning\\\/#breadcrumb\",\"itemListElement\":[{\"@type\":\"ListItem\",\"position\":1,\"name\":\"Hem\",\"item\":\"https:\\\/\\\/www.4h.se\\\/karlstad\\\/\"},{\"@type\":\"ListItem\",\"position\":2,\"name\":\"Ridning\",\"item\":\"https:\\\/\\\/www.4h.se\\\/karlstad\\\/ridning\\\/\"},{\"@type\":\"ListItem\",\"position\":3,\"name\":\"Knatteridning\"}]},{\"@type\":\"WebSite\",\"@id\":\"https:\\\/\\\/www.4h.se\\\/karlstad\\\/#website\",\"url\":\"https:\\\/\\\/www.4h.se\\\/karlstad\\\/\",\"name\":\"Karlstads 4H-g\u00e5rd\",\"description\":\"\",\"potentialAction\":[{\"@type\":\"SearchAction\",\"target\":{\"@type\":\"EntryPoint\",\"urlTemplate\":\"https:\\\/\\\/www.4h.se\\\/karlstad\\\/?s={search_term_string}\"},\"query-input\":{\"@type\":\"PropertyValueSpecification\",\"valueRequired\":true,\"valueName\":\"search_term_string\"}}],\"inLanguage\":\"sv-SE\"}]}<\/script>\n<!-- \/ Yoast SEO plugin. -->","yoast_head_json":{"title":"Knatteridning - Karlstads 4H-g\u00e5rd","robots":{"index":"index","follow":"follow","max-snippet":"max-snippet:-1","max-image-preview":"max-image-preview:large","max-video-preview":"max-video-preview:-1"},"canonical":"https:\/\/www.4h.se\/karlstad\/ridning\/knatteridning\/","og_locale":"sv_SE","og_type":"article","og_title":"Knatteridning - Karlstads 4H-g\u00e5rd","og_description":"[vc_row][vc_column][vc_column_text css=&#8221;&#8221;] Knatteridning &nbsp; Prova p\u00e5 ridning f\u00f6r barn som vill prova att rida eller ridskola f\u00f6r barn yngre \u00e4n 7 \u00e5r. Vad inneb\u00e4r knatteridning? Knatteridning \u00e4r ett bra s\u00e4tt att l\u00e5ta barnen f\u00e5 en lekfull start p\u00e5 sin ridning. Lektionerna ska leda till att barnen f\u00e5r en \u00f6kad balans och tr\u00e4na sin motorik genom&nbsp; &hellip; Read more","og_url":"https:\/\/www.4h.se\/karlstad\/ridning\/knatteridning\/","og_site_name":"Karlstads 4H-g\u00e5rd","article_modified_time":"2025-10-21T18:36:24+00:00","twitter_card":"summary_large_image","twitter_misc":{"Ber\u00e4knad l\u00e4stid":"3 minuter"},"schema":{"@context":"https:\/\/schema.org","@graph":[{"@type":"WebPage","@id":"https:\/\/www.4h.se\/karlstad\/ridning\/knatteridning\/","url":"https:\/\/www.4h.se\/karlstad\/ridning\/knatteridning\/","name":"Knatteridning - Karlstads 4H-g\u00e5rd","isPartOf":{"@id":"https:\/\/www.4h.se\/karlstad\/#website"},"datePublished":"2022-02-16T16:13:47+00:00","dateModified":"2025-10-21T18:36:24+00:00","breadcrumb":{"@id":"https:\/\/www.4h.se\/karlstad\/ridning\/knatteridning\/#breadcrumb"},"inLanguage":"sv-SE","potentialAction":[{"@type":"ReadAction","target":["https:\/\/www.4h.se\/karlstad\/ridning\/knatteridning\/"]}]},{"@type":"BreadcrumbList","@id":"https:\/\/www.4h.se\/karlstad\/ridning\/knatteridning\/#breadcrumb","itemListElement":[{"@type":"ListItem","position":1,"name":"Hem","item":"https:\/\/www.4h.se\/karlstad\/"},{"@type":"ListItem","position":2,"name":"Ridning","item":"https:\/\/www.4h.se\/karlstad\/ridning\/"},{"@type":"ListItem","position":3,"name":"Knatteridning"}]},{"@type":"WebSite","@id":"https:\/\/www.4h.se\/karlstad\/#website","url":"https:\/\/www.4h.se\/karlstad\/","name":"Karlstads 4H-g\u00e5rd","description":"","potentialAction":[{"@type":"SearchAction","target":{"@type":"EntryPoint","urlTemplate":"https:\/\/www.4h.se\/karlstad\/?s={search_term_string}"},"query-input":{"@type":"PropertyValueSpecification","valueRequired":true,"valueName":"search_term_string"}}],"inLanguage":"sv-SE"}]}},"_links":{"self":[{"href":"https:\/\/www.4h.se\/karlstad\/wp-json\/wp\/v2\/pages\/481","targetHints":{"allow":["GET"]}}],"collection":[{"href":"https:\/\/www.4h.se\/karlstad\/wp-json\/wp\/v2\/pages"}],"about":[{"href":"https:\/\/www.4h.se\/karlstad\/wp-json\/wp\/v2\/types\/page"}],"author":[{"embeddable":true,"href":"https:\/\/www.4h.se\/karlstad\/wp-json\/wp\/v2\/users\/217"}],"replies":[{"embeddable":true,"href":"https:\/\/www.4h.se\/karlstad\/wp-json\/wp\/v2\/comments?post=481"}],"version-history":[{"count":0,"href":"https:\/\/www.4h.se\/karlstad\/wp-json\/wp\/v2\/pages\/481\/revisions"}],"up":[{"embeddable":true,"href":"https:\/\/www.4h.se\/karlstad\/wp-json\/wp\/v2\/pages\/399"}],"wp:attachment":[{"href":"https:\/\/www.4h.se\/karlstad\/wp-json\/wp\/v2\/media?parent=481"}],"curies":[{"name":"wp","href":"https:\/\/api.w.org\/{rel}","templated":true}]}}