



{"id":479,"date":"2022-02-16T17:13:09","date_gmt":"2022-02-16T16:13:09","guid":{"rendered":"https:\/\/www.4h.se\/karlstad\/?page_id=479"},"modified":"2025-03-11T15:23:31","modified_gmt":"2025-03-11T14:23:31","slug":"vuxengrupp-drop-in","status":"publish","type":"page","link":"https:\/\/www.4h.se\/karlstad\/ridning\/vuxengrupp-drop-in\/","title":{"rendered":"Vuxengrupp Drop In"},"content":{"rendered":"<div class=\"wpb-content-wrapper\"><p>[vc_row][vc_column][vc_column_text css=&#8221;&#8221;]<\/p>\n<h3><span style=\"color: #ff0000\"><strong>-&gt; F\u00f6r tillf\u00e4llet har vi ingen vuxengrupp. <\/strong><\/span><\/h3>\n<h3><strong>H\u00e5ll utkik efter exempelvis frukostridning eller lunchridning om du som vuxen \u00e4r sugen p\u00e5 att rida!\u00a0<\/strong><\/h3>\n<p>[\/vc_column_text][\/vc_column][\/vc_row][vc_row][vc_column][vc_column_text]<\/p>\n<h3 id=\"ContentStart\">Vuxengrupp Drop In VT 23<\/h3>\n<p>&nbsp;<\/p>\n<p>Vuxengruppen \u00e4r under v\u00e5ren 2023 inplanerad p\u00e5 onsdagar kl. 20.00<\/p>\n<div class=\"PageBodyDiv\">\n<p>F\u00f6rkunskaper: Rida i alla g\u00e5ngarter, ha hoppat litegrann samt framdelsv\u00e4ndning.<\/p>\n<p>&nbsp;<\/p>\n<p>45 minuters ridlektion. Betalning sker p\u00e5 plats via swish i samband med lektionen, kvitto ska visas f\u00f6r instrukt\u00f6ren. Se pris under fliken &#8221;prislista\/medlemsavgift&#8221;.<\/p>\n<hr \/>\n<p>Bokning sker endast via mejl till\u00a0<a title=\"Skyddad adress\" href=\"mailto:ridlarare_bprk@hotmail.se\">ridlarare_bprk@hotmail.se<\/a>. Ange datum och tid f\u00f6r den lektion du vill boka, ditt namn, ett telefonnummer samt ungef\u00e4rlig l\u00e4ngd och vikt. Observera att vi mestadels har ponnyer och mindre h\u00e4star att tillg\u00e5 s\u00e5 vi kan inte ta emot alltf\u00f6r stora ryttare (maxvikt 75kg).\u00a0\u00a0Vet man med sig att v\u00e5gen st\u00e5r p\u00e5 mer s\u00e5 ska man inte anm\u00e4la sig.\u00a0V\u00e5ra seri\u00f6sa grannklubbar har st\u00f6rre h\u00e4star och bra personal s\u00e5 d\u00e5 rekommenderar vi att man v\u00e4nder sig dit.<\/p>\n<hr \/>\n<p>Om man har anm\u00e4lt sig och f\u00e5r f\u00f6rhinder eller blir sjuk s\u00e5 ska man avboka sin ridlektion p\u00e5 mejladress\u00a0<a title=\"Skyddad adress\" href=\"mailto:ridlarare_bprk@hotmail.se\">ridlarare_bprk@hotmail.se<\/a>\u00a0eller p\u00e5 telefon 076-0290267\u00a0<strong>innan<\/strong>\u00a0kl 15.00.<\/p>\n<p>Om avbokning inkommer sent eller inte alls \u2013 s\u00e5 faktureras ni i efterhand.<\/p>\n<hr \/>\n<p>N\u00e4r man ridit tre g\u00e5nger under samma \u00e5r \u00e4r det obligatoriskt att l\u00f6sa medlemskap. D\u00e5 m\u00e5ste man l\u00f6sa medlemskap i b\u00e5de Bellevues Ponny Ridklubb och Karlstad 4H.<\/p>\n<p>Medlemskap f\u00f6r Karlstad 4H l\u00f6ses via f\u00f6ljande l\u00e4nk:\u00a0<a href=\"https:\/\/membersky.com\/org\/4h\/karlstads-4h\/bli-medlem\" target=\"_blank\" rel=\"noopener\">Medlemskap Karlstad 4h<\/a><\/p>\n<p>F\u00f6r Bellevues Ponny ridklubbs medlemskap f\u00e5r du en faktura.<\/p>\n<hr \/>\n<p>Efter lektionen ska h\u00e4sten och utrsutningen sk\u00f6tas om samt att vi hj\u00e4lps \u00e5t med vissa stallsysslor, plcokar undan fr\u00e5n och mockar ridbanan.<\/p>\n<div><\/div>\n<\/div>\n<p>[\/vc_column_text][\/vc_column][\/vc_row]<\/p>\n<\/div>","protected":false},"excerpt":{"rendered":"<p>[vc_row][vc_column][vc_column_text css=&#8221;&#8221;] -&gt; F\u00f6r tillf\u00e4llet har vi ingen vuxengrupp. H\u00e5ll utkik efter exempelvis frukostridning eller lunchridning om du som vuxen \u00e4r sugen p\u00e5 att rida!\u00a0 [\/vc_column_text][\/vc_column][\/vc_row][vc_row][vc_column][vc_column_text] Vuxengrupp Drop In VT 23 &nbsp; Vuxengruppen \u00e4r under v\u00e5ren 2023 inplanerad p\u00e5 onsdagar kl. 20.00 F\u00f6rkunskaper: Rida i alla g\u00e5ngarter, ha hoppat litegrann samt framdelsv\u00e4ndning. &nbsp; 45 minuters&nbsp; <a href=\"https:\/\/www.4h.se\/karlstad\/ridning\/vuxengrupp-drop-in\/\">&hellip; Read more <i class=\"glyphicon glyphicon-arrow-right\"><\/i><\/a><\/p>\n","protected":false},"author":217,"featured_media":0,"parent":399,"menu_order":5,"comment_status":"closed","ping_status":"closed","template":"","meta":{"_acf_changed":false,"footnotes":""},"class_list":["post-479","page","type-page","status-publish","hentry"],"acf":[],"yoast_head":"<!-- This site is optimized with the Yoast SEO plugin v27.5 - https:\/\/yoast.com\/product\/yoast-seo-wordpress\/ -->\n<title>Vuxengrupp Drop In - Karlstads 4H-g\u00e5rd<\/title>\n<meta name=\"robots\" content=\"index, follow, max-snippet:-1, max-image-preview:large, max-video-preview:-1\" \/>\n<link rel=\"canonical\" href=\"https:\/\/www.4h.se\/karlstad\/ridning\/vuxengrupp-drop-in\/\" \/>\n<meta property=\"og:locale\" content=\"sv_SE\" \/>\n<meta property=\"og:type\" content=\"article\" \/>\n<meta property=\"og:title\" content=\"Vuxengrupp Drop In - Karlstads 4H-g\u00e5rd\" \/>\n<meta property=\"og:description\" content=\"[vc_row][vc_column][vc_column_text css=&#8221;&#8221;] -&gt; F\u00f6r tillf\u00e4llet har vi ingen vuxengrupp. H\u00e5ll utkik efter exempelvis frukostridning eller lunchridning om du som vuxen \u00e4r sugen p\u00e5 att rida!\u00a0 [\/vc_column_text][\/vc_column][\/vc_row][vc_row][vc_column][vc_column_text] Vuxengrupp Drop In VT 23 &nbsp; Vuxengruppen \u00e4r under v\u00e5ren 2023 inplanerad p\u00e5 onsdagar kl. 20.00 F\u00f6rkunskaper: Rida i alla g\u00e5ngarter, ha hoppat litegrann samt framdelsv\u00e4ndning. &nbsp; 45 minuters&nbsp; &hellip; Read more\" \/>\n<meta property=\"og:url\" content=\"https:\/\/www.4h.se\/karlstad\/ridning\/vuxengrupp-drop-in\/\" \/>\n<meta property=\"og:site_name\" content=\"Karlstads 4H-g\u00e5rd\" \/>\n<meta property=\"article:modified_time\" content=\"2025-03-11T14:23:31+00:00\" \/>\n<meta name=\"twitter:card\" content=\"summary_large_image\" \/>\n<script type=\"application\/ld+json\" class=\"yoast-schema-graph\">{\"@context\":\"https:\\\/\\\/schema.org\",\"@graph\":[{\"@type\":\"WebPage\",\"@id\":\"https:\\\/\\\/www.4h.se\\\/karlstad\\\/ridning\\\/vuxengrupp-drop-in\\\/\",\"url\":\"https:\\\/\\\/www.4h.se\\\/karlstad\\\/ridning\\\/vuxengrupp-drop-in\\\/\",\"name\":\"Vuxengrupp Drop In - Karlstads 4H-g\u00e5rd\",\"isPartOf\":{\"@id\":\"https:\\\/\\\/www.4h.se\\\/karlstad\\\/#website\"},\"datePublished\":\"2022-02-16T16:13:09+00:00\",\"dateModified\":\"2025-03-11T14:23:31+00:00\",\"breadcrumb\":{\"@id\":\"https:\\\/\\\/www.4h.se\\\/karlstad\\\/ridning\\\/vuxengrupp-drop-in\\\/#breadcrumb\"},\"inLanguage\":\"sv-SE\",\"potentialAction\":[{\"@type\":\"ReadAction\",\"target\":[\"https:\\\/\\\/www.4h.se\\\/karlstad\\\/ridning\\\/vuxengrupp-drop-in\\\/\"]}]},{\"@type\":\"BreadcrumbList\",\"@id\":\"https:\\\/\\\/www.4h.se\\\/karlstad\\\/ridning\\\/vuxengrupp-drop-in\\\/#breadcrumb\",\"itemListElement\":[{\"@type\":\"ListItem\",\"position\":1,\"name\":\"Hem\",\"item\":\"https:\\\/\\\/www.4h.se\\\/karlstad\\\/\"},{\"@type\":\"ListItem\",\"position\":2,\"name\":\"Ridning\",\"item\":\"https:\\\/\\\/www.4h.se\\\/karlstad\\\/ridning\\\/\"},{\"@type\":\"ListItem\",\"position\":3,\"name\":\"Vuxengrupp Drop In\"}]},{\"@type\":\"WebSite\",\"@id\":\"https:\\\/\\\/www.4h.se\\\/karlstad\\\/#website\",\"url\":\"https:\\\/\\\/www.4h.se\\\/karlstad\\\/\",\"name\":\"Karlstads 4H-g\u00e5rd\",\"description\":\"\",\"potentialAction\":[{\"@type\":\"SearchAction\",\"target\":{\"@type\":\"EntryPoint\",\"urlTemplate\":\"https:\\\/\\\/www.4h.se\\\/karlstad\\\/?s={search_term_string}\"},\"query-input\":{\"@type\":\"PropertyValueSpecification\",\"valueRequired\":true,\"valueName\":\"search_term_string\"}}],\"inLanguage\":\"sv-SE\"}]}<\/script>\n<!-- \/ Yoast SEO plugin. -->","yoast_head_json":{"title":"Vuxengrupp Drop In - Karlstads 4H-g\u00e5rd","robots":{"index":"index","follow":"follow","max-snippet":"max-snippet:-1","max-image-preview":"max-image-preview:large","max-video-preview":"max-video-preview:-1"},"canonical":"https:\/\/www.4h.se\/karlstad\/ridning\/vuxengrupp-drop-in\/","og_locale":"sv_SE","og_type":"article","og_title":"Vuxengrupp Drop In - Karlstads 4H-g\u00e5rd","og_description":"[vc_row][vc_column][vc_column_text css=&#8221;&#8221;] -&gt; F\u00f6r tillf\u00e4llet har vi ingen vuxengrupp. H\u00e5ll utkik efter exempelvis frukostridning eller lunchridning om du som vuxen \u00e4r sugen p\u00e5 att rida!\u00a0 [\/vc_column_text][\/vc_column][\/vc_row][vc_row][vc_column][vc_column_text] Vuxengrupp Drop In VT 23 &nbsp; Vuxengruppen \u00e4r under v\u00e5ren 2023 inplanerad p\u00e5 onsdagar kl. 20.00 F\u00f6rkunskaper: Rida i alla g\u00e5ngarter, ha hoppat litegrann samt framdelsv\u00e4ndning. &nbsp; 45 minuters&nbsp; &hellip; Read more","og_url":"https:\/\/www.4h.se\/karlstad\/ridning\/vuxengrupp-drop-in\/","og_site_name":"Karlstads 4H-g\u00e5rd","article_modified_time":"2025-03-11T14:23:31+00:00","twitter_card":"summary_large_image","schema":{"@context":"https:\/\/schema.org","@graph":[{"@type":"WebPage","@id":"https:\/\/www.4h.se\/karlstad\/ridning\/vuxengrupp-drop-in\/","url":"https:\/\/www.4h.se\/karlstad\/ridning\/vuxengrupp-drop-in\/","name":"Vuxengrupp Drop In - Karlstads 4H-g\u00e5rd","isPartOf":{"@id":"https:\/\/www.4h.se\/karlstad\/#website"},"datePublished":"2022-02-16T16:13:09+00:00","dateModified":"2025-03-11T14:23:31+00:00","breadcrumb":{"@id":"https:\/\/www.4h.se\/karlstad\/ridning\/vuxengrupp-drop-in\/#breadcrumb"},"inLanguage":"sv-SE","potentialAction":[{"@type":"ReadAction","target":["https:\/\/www.4h.se\/karlstad\/ridning\/vuxengrupp-drop-in\/"]}]},{"@type":"BreadcrumbList","@id":"https:\/\/www.4h.se\/karlstad\/ridning\/vuxengrupp-drop-in\/#breadcrumb","itemListElement":[{"@type":"ListItem","position":1,"name":"Hem","item":"https:\/\/www.4h.se\/karlstad\/"},{"@type":"ListItem","position":2,"name":"Ridning","item":"https:\/\/www.4h.se\/karlstad\/ridning\/"},{"@type":"ListItem","position":3,"name":"Vuxengrupp Drop In"}]},{"@type":"WebSite","@id":"https:\/\/www.4h.se\/karlstad\/#website","url":"https:\/\/www.4h.se\/karlstad\/","name":"Karlstads 4H-g\u00e5rd","description":"","potentialAction":[{"@type":"SearchAction","target":{"@type":"EntryPoint","urlTemplate":"https:\/\/www.4h.se\/karlstad\/?s={search_term_string}"},"query-input":{"@type":"PropertyValueSpecification","valueRequired":true,"valueName":"search_term_string"}}],"inLanguage":"sv-SE"}]}},"_links":{"self":[{"href":"https:\/\/www.4h.se\/karlstad\/wp-json\/wp\/v2\/pages\/479","targetHints":{"allow":["GET"]}}],"collection":[{"href":"https:\/\/www.4h.se\/karlstad\/wp-json\/wp\/v2\/pages"}],"about":[{"href":"https:\/\/www.4h.se\/karlstad\/wp-json\/wp\/v2\/types\/page"}],"author":[{"embeddable":true,"href":"https:\/\/www.4h.se\/karlstad\/wp-json\/wp\/v2\/users\/217"}],"replies":[{"embeddable":true,"href":"https:\/\/www.4h.se\/karlstad\/wp-json\/wp\/v2\/comments?post=479"}],"version-history":[{"count":0,"href":"https:\/\/www.4h.se\/karlstad\/wp-json\/wp\/v2\/pages\/479\/revisions"}],"up":[{"embeddable":true,"href":"https:\/\/www.4h.se\/karlstad\/wp-json\/wp\/v2\/pages\/399"}],"wp:attachment":[{"href":"https:\/\/www.4h.se\/karlstad\/wp-json\/wp\/v2\/media?parent=479"}],"curies":[{"name":"wp","href":"https:\/\/api.w.org\/{rel}","templated":true}]}}