



{"id":406,"date":"2022-01-12T20:47:22","date_gmt":"2022-01-12T19:47:22","guid":{"rendered":"https:\/\/www.4h.se\/karlstad\/?page_id=406"},"modified":"2026-01-16T15:59:51","modified_gmt":"2026-01-16T14:59:51","slug":"vara-sponsorer","status":"publish","type":"page","link":"https:\/\/www.4h.se\/karlstad\/vara-sponsorer\/","title":{"rendered":"V\u00e5ra sponsorer"},"content":{"rendered":"<div class=\"wpb-content-wrapper\"><p>[vc_row][vc_column][vc_column_text css=&#8221;&#8221;]<\/p>\n<h3 id=\"ContentStart\">V\u00e5ra sponsorer<\/h3>\n<p>&nbsp;<\/p>\n<div class=\"PageBodyDiv\">\n<p>Vi \u00e4r oerh\u00f6rt tacksamma f\u00f6r de sponsorer vi har!<\/p>\n<p>Har du ett f\u00f6retag som vill sponsra v\u00e5r f\u00f6rening?<\/p>\n<p>&nbsp;<\/p>\n<h2><a href=\"https:\/\/www.4h.se\/karlstad\/wp-content\/uploads\/sites\/79\/2025\/04\/inuti2-scaled.jpg\" target=\"_blank\" rel=\"noopener\"><strong>L\u00e4s mer h\u00e4r:<\/strong><\/a><\/h2>\n<p>Eller kontakta bprk.4h.sponsring@hotmail.com<\/p>\n<\/div>\n<p>[\/vc_column_text][\/vc_column][\/vc_row][vc_row][vc_column][vc_column_text css=&#8221;&#8221;]<a href=\"https:\/\/www.tmsambulans.se\/\" target=\"_blank\" rel=\"noopener\"><img loading=\"lazy\" decoding=\"async\" class=\"alignnone size-full wp-image-971\" src=\"https:\/\/www.4h.se\/karlstad\/wp-content\/uploads\/sites\/79\/2022\/01\/Ska\u0308rmavbild-2023-01-31-kl.-20.50.09.png\" alt=\"Ska\u0308rmavbild 2023-01-31 kl. 20.50.09\" width=\"1412\" height=\"314\" srcset=\"https:\/\/www.4h.se\/karlstad\/wp-content\/uploads\/sites\/79\/2022\/01\/Ska\u0308rmavbild-2023-01-31-kl.-20.50.09.png 1412w, https:\/\/www.4h.se\/karlstad\/wp-content\/uploads\/sites\/79\/2022\/01\/Ska\u0308rmavbild-2023-01-31-kl.-20.50.09-170x38.png 170w, https:\/\/www.4h.se\/karlstad\/wp-content\/uploads\/sites\/79\/2022\/01\/Ska\u0308rmavbild-2023-01-31-kl.-20.50.09-470x105.png 470w, https:\/\/www.4h.se\/karlstad\/wp-content\/uploads\/sites\/79\/2022\/01\/Ska\u0308rmavbild-2023-01-31-kl.-20.50.09-970x216.png 970w\" sizes=\"auto, (max-width: 1412px) 100vw, 1412px\" \/><\/a><\/p>\n<hr \/>\n<p><a href=\"https:\/\/www.bonden.se\/\" target=\"_blank\" rel=\"noopener\"><img loading=\"lazy\" decoding=\"async\" class=\"alignnone wp-image-974\" src=\"https:\/\/www.4h.se\/karlstad\/wp-content\/uploads\/sites\/79\/2022\/01\/bondense-logo_mobile-1634820282.jpg\" alt=\"bondense-logo_mobile-1634820282\" width=\"1000\" height=\"272\" srcset=\"https:\/\/www.4h.se\/karlstad\/wp-content\/uploads\/sites\/79\/2022\/01\/bondense-logo_mobile-1634820282.jpg 600w, https:\/\/www.4h.se\/karlstad\/wp-content\/uploads\/sites\/79\/2022\/01\/bondense-logo_mobile-1634820282-170x46.jpg 170w, https:\/\/www.4h.se\/karlstad\/wp-content\/uploads\/sites\/79\/2022\/01\/bondense-logo_mobile-1634820282-470x128.jpg 470w\" sizes=\"auto, (max-width: 1000px) 100vw, 1000px\" \/><\/a><\/p>\n<hr \/>\n<p>&nbsp;<\/p>\n<p><img loading=\"lazy\" decoding=\"async\" class=\"alignnone size-full wp-image-972\" src=\"https:\/\/www.4h.se\/karlstad\/wp-content\/uploads\/sites\/79\/2022\/01\/Ska\u0308rmavbild-2023-01-31-kl.-20.53.23.png\" alt=\"Ska\u0308rmavbild 2023-01-31 kl. 20.53.23\" width=\"1375\" height=\"314\" srcset=\"https:\/\/www.4h.se\/karlstad\/wp-content\/uploads\/sites\/79\/2022\/01\/Ska\u0308rmavbild-2023-01-31-kl.-20.53.23.png 1375w, https:\/\/www.4h.se\/karlstad\/wp-content\/uploads\/sites\/79\/2022\/01\/Ska\u0308rmavbild-2023-01-31-kl.-20.53.23-170x39.png 170w, https:\/\/www.4h.se\/karlstad\/wp-content\/uploads\/sites\/79\/2022\/01\/Ska\u0308rmavbild-2023-01-31-kl.-20.53.23-470x107.png 470w, https:\/\/www.4h.se\/karlstad\/wp-content\/uploads\/sites\/79\/2022\/01\/Ska\u0308rmavbild-2023-01-31-kl.-20.53.23-970x222.png 970w\" sizes=\"auto, (max-width: 1375px) 100vw, 1375px\" \/><\/p>\n<hr \/>\n<p>&nbsp;<\/p>\n<p><a href=\"https:\/\/svetsbutiken.com\/\" target=\"_blank\" rel=\"noopener\"><img loading=\"lazy\" decoding=\"async\" class=\"alignnone size-full wp-image-841\" src=\"https:\/\/www.4h.se\/karlstad\/wp-content\/uploads\/sites\/79\/2022\/01\/Ska\u0308rmavbild-2022-10-07-kl.-17.17.00.png\" alt=\"Ska\u0308rmavbild 2022-10-07 kl. 17.17.00\" width=\"1008\" height=\"230\" srcset=\"https:\/\/www.4h.se\/karlstad\/wp-content\/uploads\/sites\/79\/2022\/01\/Ska\u0308rmavbild-2022-10-07-kl.-17.17.00.png 1008w, https:\/\/www.4h.se\/karlstad\/wp-content\/uploads\/sites\/79\/2022\/01\/Ska\u0308rmavbild-2022-10-07-kl.-17.17.00-170x39.png 170w, https:\/\/www.4h.se\/karlstad\/wp-content\/uploads\/sites\/79\/2022\/01\/Ska\u0308rmavbild-2022-10-07-kl.-17.17.00-470x107.png 470w, https:\/\/www.4h.se\/karlstad\/wp-content\/uploads\/sites\/79\/2022\/01\/Ska\u0308rmavbild-2022-10-07-kl.-17.17.00-970x221.png 970w\" sizes=\"auto, (max-width: 1008px) 100vw, 1008px\" \/><\/a><\/p>\n<hr \/>\n<p>&nbsp;<\/p>\n<p><a href=\"https:\/\/solstadenssmadjursklinik.se\/\" target=\"_blank\" rel=\"noopener\"><img loading=\"lazy\" decoding=\"async\" class=\"alignnone size-full wp-image-973\" src=\"https:\/\/www.4h.se\/karlstad\/wp-content\/uploads\/sites\/79\/2022\/01\/Ska\u0308rmavbild-2023-01-31-kl.-21.01.29.png\" alt=\"Ska\u0308rmavbild 2023-01-31 kl. 21.01.29\" width=\"436\" height=\"440\" srcset=\"https:\/\/www.4h.se\/karlstad\/wp-content\/uploads\/sites\/79\/2022\/01\/Ska\u0308rmavbild-2023-01-31-kl.-21.01.29.png 436w, https:\/\/www.4h.se\/karlstad\/wp-content\/uploads\/sites\/79\/2022\/01\/Ska\u0308rmavbild-2023-01-31-kl.-21.01.29-149x150.png 149w, https:\/\/www.4h.se\/karlstad\/wp-content\/uploads\/sites\/79\/2022\/01\/Ska\u0308rmavbild-2023-01-31-kl.-21.01.29-297x300.png 297w\" sizes=\"auto, (max-width: 436px) 100vw, 436px\" \/><\/a><a href=\"https:\/\/www.prezero.se\/\" target=\"_blank\" rel=\"noopener\"><img loading=\"lazy\" decoding=\"async\" class=\"alignnone size-large wp-image-961\" src=\"https:\/\/www.4h.se\/karlstad\/wp-content\/uploads\/sites\/79\/2022\/01\/PreZero_Logo_RGB1-970x410.jpg\" alt=\"PreZero_Logo_RGB\" width=\"600\" height=\"254\" srcset=\"https:\/\/www.4h.se\/karlstad\/wp-content\/uploads\/sites\/79\/2022\/01\/PreZero_Logo_RGB1-970x410.jpg 970w, https:\/\/www.4h.se\/karlstad\/wp-content\/uploads\/sites\/79\/2022\/01\/PreZero_Logo_RGB1-170x72.jpg 170w, https:\/\/www.4h.se\/karlstad\/wp-content\/uploads\/sites\/79\/2022\/01\/PreZero_Logo_RGB1-470x199.jpg 470w\" sizes=\"auto, (max-width: 600px) 100vw, 600px\" \/><\/a><\/p>\n<hr \/>\n<p>&nbsp;<\/p>\n<p><a href=\"http:\/\/www.rltab.se\/\" target=\"_blank\" rel=\"noopener\"><img loading=\"lazy\" decoding=\"async\" class=\"alignnone size-full wp-image-847\" src=\"https:\/\/www.4h.se\/karlstad\/wp-content\/uploads\/sites\/79\/2022\/01\/RLT-logga-stor.jpg\" alt=\"RLT logga stor\" width=\"1252\" height=\"235\" srcset=\"https:\/\/www.4h.se\/karlstad\/wp-content\/uploads\/sites\/79\/2022\/01\/RLT-logga-stor.jpg 1252w, https:\/\/www.4h.se\/karlstad\/wp-content\/uploads\/sites\/79\/2022\/01\/RLT-logga-stor-170x32.jpg 170w, https:\/\/www.4h.se\/karlstad\/wp-content\/uploads\/sites\/79\/2022\/01\/RLT-logga-stor-470x88.jpg 470w, https:\/\/www.4h.se\/karlstad\/wp-content\/uploads\/sites\/79\/2022\/01\/RLT-logga-stor-970x182.jpg 970w\" sizes=\"auto, (max-width: 1252px) 100vw, 1252px\" \/><\/a><\/p>\n<p>&nbsp;<\/p>\n<hr \/>\n<p><a href=\"https:\/\/www.ninetech.com\/\" target=\"_blank\" rel=\"noopener\"><img loading=\"lazy\" decoding=\"async\" class=\"alignnone size-full wp-image-649\" src=\"https:\/\/www.4h.se\/karlstad\/wp-content\/uploads\/sites\/79\/2014\/12\/Ninetech.jpg\" alt=\"Ninetech\" width=\"8008\" height=\"1331\" srcset=\"https:\/\/www.4h.se\/karlstad\/wp-content\/uploads\/sites\/79\/2014\/12\/Ninetech.jpg 8008w, https:\/\/www.4h.se\/karlstad\/wp-content\/uploads\/sites\/79\/2014\/12\/Ninetech-170x28.jpg 170w, https:\/\/www.4h.se\/karlstad\/wp-content\/uploads\/sites\/79\/2014\/12\/Ninetech-470x78.jpg 470w, https:\/\/www.4h.se\/karlstad\/wp-content\/uploads\/sites\/79\/2014\/12\/Ninetech-970x161.jpg 970w\" sizes=\"auto, (max-width: 8008px) 100vw, 8008px\" \/><\/a><\/p>\n<hr \/>\n<p><a href=\"https:\/\/kihlbergs.com\/\" target=\"_blank\" rel=\"noopener\"><img loading=\"lazy\" decoding=\"async\" class=\"alignnone size-full wp-image-843\" src=\"https:\/\/www.4h.se\/karlstad\/wp-content\/uploads\/sites\/79\/2022\/01\/Ska\u0308rmavbild-2022-10-10-kl.-09.17.38.png\" alt=\"Ska\u0308rmavbild 2022-10-10 kl. 09.17.38\" width=\"1005\" height=\"235\" srcset=\"https:\/\/www.4h.se\/karlstad\/wp-content\/uploads\/sites\/79\/2022\/01\/Ska\u0308rmavbild-2022-10-10-kl.-09.17.38.png 1005w, https:\/\/www.4h.se\/karlstad\/wp-content\/uploads\/sites\/79\/2022\/01\/Ska\u0308rmavbild-2022-10-10-kl.-09.17.38-170x40.png 170w, https:\/\/www.4h.se\/karlstad\/wp-content\/uploads\/sites\/79\/2022\/01\/Ska\u0308rmavbild-2022-10-10-kl.-09.17.38-470x110.png 470w, https:\/\/www.4h.se\/karlstad\/wp-content\/uploads\/sites\/79\/2022\/01\/Ska\u0308rmavbild-2022-10-10-kl.-09.17.38-970x227.png 970w\" sizes=\"auto, (max-width: 1005px) 100vw, 1005px\" \/><\/a><\/p>\n<hr \/>\n<p><a href=\"https:\/\/corronix.se\/\" target=\"_blank\" rel=\"noopener\"><img loading=\"lazy\" decoding=\"async\" class=\"alignnone size-full wp-image-842\" src=\"https:\/\/www.4h.se\/karlstad\/wp-content\/uploads\/sites\/79\/2022\/01\/Ska\u0308rmavbild-2022-10-10-kl.-09.15.47.png\" alt=\"Ska\u0308rmavbild 2022-10-10 kl. 09.15.47\" width=\"1001\" height=\"275\" srcset=\"https:\/\/www.4h.se\/karlstad\/wp-content\/uploads\/sites\/79\/2022\/01\/Ska\u0308rmavbild-2022-10-10-kl.-09.15.47.png 1001w, https:\/\/www.4h.se\/karlstad\/wp-content\/uploads\/sites\/79\/2022\/01\/Ska\u0308rmavbild-2022-10-10-kl.-09.15.47-170x47.png 170w, https:\/\/www.4h.se\/karlstad\/wp-content\/uploads\/sites\/79\/2022\/01\/Ska\u0308rmavbild-2022-10-10-kl.-09.15.47-470x129.png 470w, https:\/\/www.4h.se\/karlstad\/wp-content\/uploads\/sites\/79\/2022\/01\/Ska\u0308rmavbild-2022-10-10-kl.-09.15.47-970x266.png 970w\" sizes=\"auto, (max-width: 1001px) 100vw, 1001px\" \/><\/a><\/p>\n<hr \/>\n<p><a href=\"https:\/\/www.abkarlhedin.se\/bygghandel\/\" target=\"_blank\" rel=\"noopener\"><img loading=\"lazy\" decoding=\"async\" class=\"alignnone wp-image-998\" src=\"https:\/\/www.4h.se\/karlstad\/wp-content\/uploads\/sites\/79\/2023\/02\/x500w-abkh_logo_cmyk_1080x340.png\" alt=\"\" width=\"1000\" height=\"314\" srcset=\"https:\/\/www.4h.se\/karlstad\/wp-content\/uploads\/sites\/79\/2023\/02\/x500w-abkh_logo_cmyk_1080x340.png 500w, https:\/\/www.4h.se\/karlstad\/wp-content\/uploads\/sites\/79\/2023\/02\/x500w-abkh_logo_cmyk_1080x340-470x148.png 470w, https:\/\/www.4h.se\/karlstad\/wp-content\/uploads\/sites\/79\/2023\/02\/x500w-abkh_logo_cmyk_1080x340-170x53.png 170w\" sizes=\"auto, (max-width: 1000px) 100vw, 1000px\" \/><\/a><\/p>\n<hr \/>\n<p><a href=\"https:\/\/www.soodia.se\/\" target=\"_blank\" rel=\"noopener\"><img loading=\"lazy\" decoding=\"async\" class=\"alignnone wp-image-1752\" src=\"https:\/\/www.4h.se\/karlstad\/wp-content\/uploads\/sites\/79\/2025\/04\/Loggan.png\" alt=\"\" width=\"968\" height=\"500\" srcset=\"https:\/\/www.4h.se\/karlstad\/wp-content\/uploads\/sites\/79\/2025\/04\/Loggan.png 484w, https:\/\/www.4h.se\/karlstad\/wp-content\/uploads\/sites\/79\/2025\/04\/Loggan-470x243.png 470w, https:\/\/www.4h.se\/karlstad\/wp-content\/uploads\/sites\/79\/2025\/04\/Loggan-170x88.png 170w\" sizes=\"auto, (max-width: 968px) 100vw, 968px\" \/><\/a><\/p>\n<hr \/>\n<p><a href=\"https:\/\/www.lansforsakringar.se\/varmland\/privat\/\" target=\"_blank\" rel=\"noopener\"><img loading=\"lazy\" decoding=\"async\" class=\"alignnone size-full wp-image-1778\" src=\"https:\/\/www.4h.se\/karlstad\/wp-content\/uploads\/sites\/79\/2025\/05\/logga-1460x760-1.jpg\" alt=\"\" width=\"1200\" height=\"630\" srcset=\"https:\/\/www.4h.se\/karlstad\/wp-content\/uploads\/sites\/79\/2025\/05\/logga-1460x760-1.jpg 1200w, https:\/\/www.4h.se\/karlstad\/wp-content\/uploads\/sites\/79\/2025\/05\/logga-1460x760-1-470x247.jpg 470w, https:\/\/www.4h.se\/karlstad\/wp-content\/uploads\/sites\/79\/2025\/05\/logga-1460x760-1-970x509.jpg 970w, https:\/\/www.4h.se\/karlstad\/wp-content\/uploads\/sites\/79\/2025\/05\/logga-1460x760-1-170x89.jpg 170w, https:\/\/www.4h.se\/karlstad\/wp-content\/uploads\/sites\/79\/2025\/05\/logga-1460x760-1-768x403.jpg 768w\" sizes=\"auto, (max-width: 1200px) 100vw, 1200px\" \/><\/a>[\/vc_column_text][\/vc_column][\/vc_row]<\/p>\n<\/div>","protected":false},"excerpt":{"rendered":"<p>[vc_row][vc_column][vc_column_text css=&#8221;&#8221;] V\u00e5ra sponsorer &nbsp; Vi \u00e4r oerh\u00f6rt tacksamma f\u00f6r de sponsorer vi har! Har du ett f\u00f6retag som vill sponsra v\u00e5r f\u00f6rening? &nbsp; L\u00e4s mer h\u00e4r: Eller kontakta bprk.4h.sponsring@hotmail.com [\/vc_column_text][\/vc_column][\/vc_row][vc_row][vc_column][vc_column_text css=&#8221;&#8221;] &nbsp; &nbsp; &nbsp; &nbsp; &nbsp; [\/vc_column_text][\/vc_column][\/vc_row]<\/p>\n","protected":false},"author":217,"featured_media":0,"parent":0,"menu_order":12,"comment_status":"closed","ping_status":"closed","template":"","meta":{"footnotes":""},"class_list":["post-406","page","type-page","status-publish","hentry"],"yoast_head":"<!-- This site is optimized with the Yoast SEO plugin v27.4 - https:\/\/yoast.com\/product\/yoast-seo-wordpress\/ -->\n<title>V\u00e5ra sponsorer - Karlstads 4H-g\u00e5rd<\/title>\n<meta name=\"robots\" content=\"index, follow, max-snippet:-1, max-image-preview:large, max-video-preview:-1\" \/>\n<link rel=\"canonical\" href=\"https:\/\/www.4h.se\/karlstad\/vara-sponsorer\/\" \/>\n<meta property=\"og:locale\" content=\"sv_SE\" \/>\n<meta property=\"og:type\" content=\"article\" \/>\n<meta property=\"og:title\" content=\"V\u00e5ra sponsorer - Karlstads 4H-g\u00e5rd\" \/>\n<meta property=\"og:description\" content=\"[vc_row][vc_column][vc_column_text css=&#8221;&#8221;] V\u00e5ra sponsorer &nbsp; Vi \u00e4r oerh\u00f6rt tacksamma f\u00f6r de sponsorer vi har! Har du ett f\u00f6retag som vill sponsra v\u00e5r f\u00f6rening? &nbsp; L\u00e4s mer h\u00e4r: Eller kontakta bprk.4h.sponsring@hotmail.com [\/vc_column_text][\/vc_column][\/vc_row][vc_row][vc_column][vc_column_text css=&#8221;&#8221;] &nbsp; &nbsp; &nbsp; &nbsp; &nbsp; [\/vc_column_text][\/vc_column][\/vc_row]\" \/>\n<meta property=\"og:url\" content=\"https:\/\/www.4h.se\/karlstad\/vara-sponsorer\/\" \/>\n<meta property=\"og:site_name\" content=\"Karlstads 4H-g\u00e5rd\" \/>\n<meta property=\"article:modified_time\" content=\"2026-01-16T14:59:51+00:00\" \/>\n<meta property=\"og:image\" content=\"https:\/\/www.4h.se\/karlstad\/wp-content\/uploads\/sites\/79\/2022\/01\/bondense-logo_mobile-1634820282.jpg\" \/>\n<meta name=\"twitter:card\" content=\"summary_large_image\" \/>\n<script type=\"application\/ld+json\" class=\"yoast-schema-graph\">{\"@context\":\"https:\\\/\\\/schema.org\",\"@graph\":[{\"@type\":\"WebPage\",\"@id\":\"https:\\\/\\\/www.4h.se\\\/karlstad\\\/vara-sponsorer\\\/\",\"url\":\"https:\\\/\\\/www.4h.se\\\/karlstad\\\/vara-sponsorer\\\/\",\"name\":\"V\u00e5ra sponsorer - Karlstads 4H-g\u00e5rd\",\"isPartOf\":{\"@id\":\"https:\\\/\\\/www.4h.se\\\/karlstad\\\/#website\"},\"primaryImageOfPage\":{\"@id\":\"https:\\\/\\\/www.4h.se\\\/karlstad\\\/vara-sponsorer\\\/#primaryimage\"},\"image\":{\"@id\":\"https:\\\/\\\/www.4h.se\\\/karlstad\\\/vara-sponsorer\\\/#primaryimage\"},\"thumbnailUrl\":\"https:\\\/\\\/www.4h.se\\\/karlstad\\\/wp-content\\\/uploads\\\/sites\\\/79\\\/2022\\\/01\\\/bondense-logo_mobile-1634820282.jpg\",\"datePublished\":\"2022-01-12T19:47:22+00:00\",\"dateModified\":\"2026-01-16T14:59:51+00:00\",\"breadcrumb\":{\"@id\":\"https:\\\/\\\/www.4h.se\\\/karlstad\\\/vara-sponsorer\\\/#breadcrumb\"},\"inLanguage\":\"sv-SE\",\"potentialAction\":[{\"@type\":\"ReadAction\",\"target\":[\"https:\\\/\\\/www.4h.se\\\/karlstad\\\/vara-sponsorer\\\/\"]}]},{\"@type\":\"ImageObject\",\"inLanguage\":\"sv-SE\",\"@id\":\"https:\\\/\\\/www.4h.se\\\/karlstad\\\/vara-sponsorer\\\/#primaryimage\",\"url\":\"https:\\\/\\\/www.4h.se\\\/karlstad\\\/wp-content\\\/uploads\\\/sites\\\/79\\\/2022\\\/01\\\/bondense-logo_mobile-1634820282.jpg\",\"contentUrl\":\"https:\\\/\\\/www.4h.se\\\/karlstad\\\/wp-content\\\/uploads\\\/sites\\\/79\\\/2022\\\/01\\\/bondense-logo_mobile-1634820282.jpg\",\"width\":600,\"height\":163},{\"@type\":\"BreadcrumbList\",\"@id\":\"https:\\\/\\\/www.4h.se\\\/karlstad\\\/vara-sponsorer\\\/#breadcrumb\",\"itemListElement\":[{\"@type\":\"ListItem\",\"position\":1,\"name\":\"Hem\",\"item\":\"https:\\\/\\\/www.4h.se\\\/karlstad\\\/\"},{\"@type\":\"ListItem\",\"position\":2,\"name\":\"V\u00e5ra sponsorer\"}]},{\"@type\":\"WebSite\",\"@id\":\"https:\\\/\\\/www.4h.se\\\/karlstad\\\/#website\",\"url\":\"https:\\\/\\\/www.4h.se\\\/karlstad\\\/\",\"name\":\"Karlstads 4H-g\u00e5rd\",\"description\":\"\",\"potentialAction\":[{\"@type\":\"SearchAction\",\"target\":{\"@type\":\"EntryPoint\",\"urlTemplate\":\"https:\\\/\\\/www.4h.se\\\/karlstad\\\/?s={search_term_string}\"},\"query-input\":{\"@type\":\"PropertyValueSpecification\",\"valueRequired\":true,\"valueName\":\"search_term_string\"}}],\"inLanguage\":\"sv-SE\"}]}<\/script>\n<!-- \/ Yoast SEO plugin. -->","yoast_head_json":{"title":"V\u00e5ra sponsorer - Karlstads 4H-g\u00e5rd","robots":{"index":"index","follow":"follow","max-snippet":"max-snippet:-1","max-image-preview":"max-image-preview:large","max-video-preview":"max-video-preview:-1"},"canonical":"https:\/\/www.4h.se\/karlstad\/vara-sponsorer\/","og_locale":"sv_SE","og_type":"article","og_title":"V\u00e5ra sponsorer - Karlstads 4H-g\u00e5rd","og_description":"[vc_row][vc_column][vc_column_text css=&#8221;&#8221;] V\u00e5ra sponsorer &nbsp; Vi \u00e4r oerh\u00f6rt tacksamma f\u00f6r de sponsorer vi har! Har du ett f\u00f6retag som vill sponsra v\u00e5r f\u00f6rening? &nbsp; L\u00e4s mer h\u00e4r: Eller kontakta bprk.4h.sponsring@hotmail.com [\/vc_column_text][\/vc_column][\/vc_row][vc_row][vc_column][vc_column_text css=&#8221;&#8221;] &nbsp; &nbsp; &nbsp; &nbsp; &nbsp; [\/vc_column_text][\/vc_column][\/vc_row]","og_url":"https:\/\/www.4h.se\/karlstad\/vara-sponsorer\/","og_site_name":"Karlstads 4H-g\u00e5rd","article_modified_time":"2026-01-16T14:59:51+00:00","og_image":[{"url":"https:\/\/www.4h.se\/karlstad\/wp-content\/uploads\/sites\/79\/2022\/01\/bondense-logo_mobile-1634820282.jpg","type":"","width":"","height":""}],"twitter_card":"summary_large_image","schema":{"@context":"https:\/\/schema.org","@graph":[{"@type":"WebPage","@id":"https:\/\/www.4h.se\/karlstad\/vara-sponsorer\/","url":"https:\/\/www.4h.se\/karlstad\/vara-sponsorer\/","name":"V\u00e5ra sponsorer - Karlstads 4H-g\u00e5rd","isPartOf":{"@id":"https:\/\/www.4h.se\/karlstad\/#website"},"primaryImageOfPage":{"@id":"https:\/\/www.4h.se\/karlstad\/vara-sponsorer\/#primaryimage"},"image":{"@id":"https:\/\/www.4h.se\/karlstad\/vara-sponsorer\/#primaryimage"},"thumbnailUrl":"https:\/\/www.4h.se\/karlstad\/wp-content\/uploads\/sites\/79\/2022\/01\/bondense-logo_mobile-1634820282.jpg","datePublished":"2022-01-12T19:47:22+00:00","dateModified":"2026-01-16T14:59:51+00:00","breadcrumb":{"@id":"https:\/\/www.4h.se\/karlstad\/vara-sponsorer\/#breadcrumb"},"inLanguage":"sv-SE","potentialAction":[{"@type":"ReadAction","target":["https:\/\/www.4h.se\/karlstad\/vara-sponsorer\/"]}]},{"@type":"ImageObject","inLanguage":"sv-SE","@id":"https:\/\/www.4h.se\/karlstad\/vara-sponsorer\/#primaryimage","url":"https:\/\/www.4h.se\/karlstad\/wp-content\/uploads\/sites\/79\/2022\/01\/bondense-logo_mobile-1634820282.jpg","contentUrl":"https:\/\/www.4h.se\/karlstad\/wp-content\/uploads\/sites\/79\/2022\/01\/bondense-logo_mobile-1634820282.jpg","width":600,"height":163},{"@type":"BreadcrumbList","@id":"https:\/\/www.4h.se\/karlstad\/vara-sponsorer\/#breadcrumb","itemListElement":[{"@type":"ListItem","position":1,"name":"Hem","item":"https:\/\/www.4h.se\/karlstad\/"},{"@type":"ListItem","position":2,"name":"V\u00e5ra sponsorer"}]},{"@type":"WebSite","@id":"https:\/\/www.4h.se\/karlstad\/#website","url":"https:\/\/www.4h.se\/karlstad\/","name":"Karlstads 4H-g\u00e5rd","description":"","potentialAction":[{"@type":"SearchAction","target":{"@type":"EntryPoint","urlTemplate":"https:\/\/www.4h.se\/karlstad\/?s={search_term_string}"},"query-input":{"@type":"PropertyValueSpecification","valueRequired":true,"valueName":"search_term_string"}}],"inLanguage":"sv-SE"}]}},"_links":{"self":[{"href":"https:\/\/www.4h.se\/karlstad\/wp-json\/wp\/v2\/pages\/406","targetHints":{"allow":["GET"]}}],"collection":[{"href":"https:\/\/www.4h.se\/karlstad\/wp-json\/wp\/v2\/pages"}],"about":[{"href":"https:\/\/www.4h.se\/karlstad\/wp-json\/wp\/v2\/types\/page"}],"author":[{"embeddable":true,"href":"https:\/\/www.4h.se\/karlstad\/wp-json\/wp\/v2\/users\/217"}],"replies":[{"embeddable":true,"href":"https:\/\/www.4h.se\/karlstad\/wp-json\/wp\/v2\/comments?post=406"}],"version-history":[{"count":0,"href":"https:\/\/www.4h.se\/karlstad\/wp-json\/wp\/v2\/pages\/406\/revisions"}],"wp:attachment":[{"href":"https:\/\/www.4h.se\/karlstad\/wp-json\/wp\/v2\/media?parent=406"}],"curies":[{"name":"wp","href":"https:\/\/api.w.org\/{rel}","templated":true}]}}