



{"id":460,"date":"2018-12-19T14:37:21","date_gmt":"2018-12-19T13:37:21","guid":{"rendered":"http:\/\/www.4h.se\/kallhall\/?page_id=460"},"modified":"2024-12-18T13:02:58","modified_gmt":"2024-12-18T12:02:58","slug":"vad-ar-4h","status":"publish","type":"page","link":"https:\/\/www.4h.se\/kallhall\/vad-ar-4h\/","title":{"rendered":"Vad \u00e4r 4H?"},"content":{"rendered":"<div class=\"wpb-content-wrapper\"><p>[vc_row][vc_column][vc_column_text css=&#8221;.vc_custom_1733840333370{background-color: #ffffff !important;border-radius: 25px !important;}&#8221;]<\/p>\n<p style=\"font-size: 30px; text-align: center;\"><strong><span style=\"color: #006340;\">Vad \u00e4r 4H?<\/span><\/strong><\/p>\n<p>[\/vc_column_text][\/vc_column][\/vc_row][vc_row][vc_column width=&#8221;1\/2&#8243; css=&#8221;.vc_custom_1728898832559{border-right-width: 5px !important;background-color: #ffffff !important;border-radius: 20px !important;}&#8221;][vc_column_text css=&#8221;&#8221;]<\/p>\n<p style=\"font-size: 20px; text-align: center;\"><strong><span style=\"color: #006340;\">Kallh\u00e4ll 4H-g\u00e5rd<\/span><\/strong><\/p>\n<p style=\"text-align: center;\">Det som idag \u00e4r Kallh\u00e4lls 4H-g\u00e5rd var fr\u00e5n b\u00f6rjan en del av Ulvs\u00e4ttra g\u00e5rd. (Ulvs\u00e4ttra bygdeg\u00e5rd ligger nu p\u00e5 andra sidan v\u00e4gen). Kallh\u00e4lls 4H-klubb startades 1974, och hade d\u00e5 sina djur i den byggnad vi kallar Lilla stallet.<\/p>\n<p style=\"text-align: center;\">Kallh\u00e4lls 4H-g\u00e5rd \u00e4r en ideell f\u00f6rening som sk\u00f6ts av anst\u00e4lld personal, en styrelse &amp; av alla aktiva medlemmar. G\u00e5rden drivs p\u00e5 uppdrag av J\u00e4rf\u00e4lla kommun. G\u00e5rden lever vidare tack vare alla som engagerar sig\u00a0ideellt. P\u00e5 vardagarna har vi barngrupper p\u00e5 bes\u00f6k fr\u00e5n kommunens f\u00f6rskolor och skolor och p\u00e5 eftermiddagarna har vi djurgupper f\u00f6r barn i skol\u00e5ldern som vill l\u00e4ra sig ta hand om v\u00e5ra djur.<\/p>\n<p style=\"text-align: center;\">Ett bra exempel p\u00e5 detta \u00e4r alla aktiva helgsk\u00f6tare, som till stor del\u00a0tar hand om g\u00e5rd och djur p\u00e5 helgerna.<\/p>\n<p style=\"text-align: center;\">&#8211; Tips: Om du \u00e4r intresserad av att se gamla bilder fr\u00e5n Ulvs\u00e4ttra g\u00e5rd, kan du bes\u00f6ka J\u00e4rf\u00e4llas kommuns bilddatabas:\u00a0https:\/\/sofie.jarfalla.se. (S\u00f6k p\u00e5 Ulvs\u00e4ttra g\u00e5rd)&#8217;<\/p>\n<p style=\"text-align: center;\">Under vardagarna har vi \u00f6ppet 9-16 och n\u00e5s p\u00e5 nummer 0707624342 eller 0705598271, dessa nummer fungerar under helgerna som journummer till vilket man kan ringa vid n\u00f6dsituationer, fr\u00e5gor ang djuren och g\u00e5rden f\u00e5r v\u00e4nta till n\u00e4stkommande vardag.<\/p>\n<p style=\"text-align: center;\">Djuren finns ute i sina hagar att se p\u00e5 alla dagar i veckan, \u00e4ven helger.<\/p>\n<p>[\/vc_column_text][\/vc_column][vc_column width=&#8221;1\/2&#8243; css=&#8221;.vc_custom_1728898816103{margin-left: 5px !important;background-color: #ffffff !important;border-radius: 20px !important;}&#8221;][vc_column_text css=&#8221;&#8221;]<\/p>\n<p style=\"font-size: 20px; text-align: left;\"><strong><span style=\"color: #006340;\">Barn och ungdomsorginastion<\/span><\/strong><\/p>\n<p><span style=\"color: #000000;\">4H \u00e4r en internationell ideell\u00a0<span style=\"color: #006340;\"><strong>ungdomsorganisation<\/strong><\/span>\u00a0med bred verksamhet inom allt fr\u00e5n odling och djur till idrott och teater. Vi finns i \u00f6ver 80 l\u00e4nder och riktar oss till barn och ungdomar 6-25 \u00e5r.<\/span><\/p>\n<p><span style=\"color: #000000;\"><span style=\"color: #006340;\"><strong>4H:s vision<\/strong><\/span>\u00a0\u00e4r att alla barn och ungdomar ska utvecklas till engagerade, v\u00e4lm\u00e5ende och ansvarstagande m\u00e4nniskor med respekt f\u00f6r omv\u00e4rlden. Visionen ska uppn\u00e5s genom att i samspel med m\u00e4nniskor och natur uppt\u00e4cka deras rika v\u00e4rden och m\u00e5ngfald. I detta \u00e4r varje art och individ en viktig del av helheten utan att vara mer v\u00e4rd \u00e4n n\u00e5gon annan.<\/span><\/p>\n<p><span style=\"color: #006340;\"><strong>4H:s motto<\/strong><\/span>\u00a0\u00e4r \u201cL\u00e4ra genom att g\u00f6ra\u201d, och v\u00e5rt m\u00e5l \u00e4r att det ska genomsyra all v\u00e5r verksamhet.<\/p>\n<p>Inom 4H bedriver vi verksamhet\u00a0<strong><span style=\"color: #006340;\">av ungdomar, f\u00f6r ungdomar<\/span><\/strong>.\u00a0Det inneb\u00e4r att v\u00e5ra ledare i huvudsak \u00e4r unga. I styrelser och kommitt\u00e9er sitter ungdomar, som sj\u00e4lva tar ansvar f\u00f6r och fattar beslut g\u00e4llande sin fritid.[\/vc_column_text][vc_column_text css=&#8221;&#8221;]<\/p>\n<p style=\"font-size: 20px; text-align: left;\"><strong><span style=\"color: #006340;\">Dem 4 H:na st\u00e5r f\u00f6r<\/span><\/strong><\/p>\n<p style=\"text-align: left;\"><span style=\"color: #006340;\"><strong>HUVUD<\/strong>\u00a0<\/span>f\u00f6r kunskap<\/p>\n<p style=\"text-align: left;\"><strong><span style=\"color: #006340;\">HJ\u00c4RTA\u00a0<\/span><\/strong>f\u00f6r medk\u00e4nsla<\/p>\n<p style=\"text-align: left;\"><strong><span style=\"color: #006340;\">HAND\u00a0<\/span><\/strong>f\u00f6r f\u00e4rdighet<\/p>\n<p style=\"text-align: left;\"><strong><span style=\"color: #006340;\">H\u00c4LSA\u00a0<\/span><\/strong>f\u00f6r ett sundare levnadss\u00e4tt<\/p>\n<p>[\/vc_column_text][\/vc_column][\/vc_row][vc_row][vc_column width=&#8221;1\/4&#8243;][vc_single_image image=&#8221;832&#8243; img_size=&#8221;full&#8221; style=&#8221;vc_box_circle_2&#8243;][\/vc_column][vc_column width=&#8221;1\/4&#8243;][vc_single_image image=&#8221;952&#8243; img_size=&#8221;full&#8221; style=&#8221;vc_box_circle_2&#8243;][\/vc_column][vc_column width=&#8221;1\/4&#8243;][vc_single_image image=&#8221;770&#8243; img_size=&#8221;full&#8221; style=&#8221;vc_box_circle_2&#8243;][\/vc_column][vc_column width=&#8221;1\/4&#8243;][vc_single_image image=&#8221;1015&#8243; img_size=&#8221;4200&#215;400&#8243; style=&#8221;vc_box_circle_2&#8243;][\/vc_column][\/vc_row]<\/p>\n<\/div>","protected":false},"excerpt":{"rendered":"<p>[vc_row][vc_column][vc_column_text css=&#8221;.vc_custom_1733840333370{background-color: #ffffff !important;border-radius: 25px !important;}&#8221;] Vad \u00e4r 4H? [\/vc_column_text][\/vc_column][\/vc_row][vc_row][vc_column width=&#8221;1\/2&#8243; css=&#8221;.vc_custom_1728898832559{border-right-width: 5px !important;background-color: #ffffff !important;border-radius: 20px !important;}&#8221;][vc_column_text css=&#8221;&#8221;] Kallh\u00e4ll 4H-g\u00e5rd Det som idag \u00e4r Kallh\u00e4lls 4H-g\u00e5rd var fr\u00e5n b\u00f6rjan en del av Ulvs\u00e4ttra g\u00e5rd. (Ulvs\u00e4ttra bygdeg\u00e5rd ligger nu p\u00e5 andra sidan v\u00e4gen). Kallh\u00e4lls 4H-klubb startades 1974, och hade d\u00e5 sina djur i den byggnad&nbsp; <a href=\"https:\/\/www.4h.se\/kallhall\/vad-ar-4h\/\">&hellip; Read more <i class=\"glyphicon glyphicon-arrow-right\"><\/i><\/a><\/p>\n","protected":false},"author":146,"featured_media":0,"parent":0,"menu_order":0,"comment_status":"closed","ping_status":"closed","template":"","meta":{"_acf_changed":false,"footnotes":""},"class_list":["post-460","page","type-page","status-publish","hentry"],"acf":[],"yoast_head":"<!-- This site is optimized with the Yoast SEO plugin v27.5 - https:\/\/yoast.com\/product\/yoast-seo-wordpress\/ -->\n<title>Vad \u00e4r 4H? - Kallh\u00e4ll 4H-g\u00e5rd<\/title>\n<meta name=\"robots\" content=\"index, follow, max-snippet:-1, max-image-preview:large, max-video-preview:-1\" \/>\n<link rel=\"canonical\" href=\"https:\/\/www.4h.se\/kallhall\/vad-ar-4h\/\" \/>\n<meta property=\"og:locale\" content=\"sv_SE\" \/>\n<meta property=\"og:type\" content=\"article\" \/>\n<meta property=\"og:title\" content=\"Vad \u00e4r 4H? - Kallh\u00e4ll 4H-g\u00e5rd\" \/>\n<meta property=\"og:description\" content=\"[vc_row][vc_column][vc_column_text css=&#8221;.vc_custom_1733840333370{background-color: #ffffff !important;border-radius: 25px !important;}&#8221;] Vad \u00e4r 4H? [\/vc_column_text][\/vc_column][\/vc_row][vc_row][vc_column width=&#8221;1\/2&#8243; css=&#8221;.vc_custom_1728898832559{border-right-width: 5px !important;background-color: #ffffff !important;border-radius: 20px !important;}&#8221;][vc_column_text css=&#8221;&#8221;] Kallh\u00e4ll 4H-g\u00e5rd Det som idag \u00e4r Kallh\u00e4lls 4H-g\u00e5rd var fr\u00e5n b\u00f6rjan en del av Ulvs\u00e4ttra g\u00e5rd. (Ulvs\u00e4ttra bygdeg\u00e5rd ligger nu p\u00e5 andra sidan v\u00e4gen). Kallh\u00e4lls 4H-klubb startades 1974, och hade d\u00e5 sina djur i den byggnad&nbsp; &hellip; Read more\" \/>\n<meta property=\"og:url\" content=\"https:\/\/www.4h.se\/kallhall\/vad-ar-4h\/\" \/>\n<meta property=\"og:site_name\" content=\"Kallh\u00e4ll 4H-g\u00e5rd\" \/>\n<meta property=\"article:publisher\" content=\"https:\/\/www.facebook.com\/kallhalls4hgard\/\" \/>\n<meta property=\"article:modified_time\" content=\"2024-12-18T12:02:58+00:00\" \/>\n<meta name=\"twitter:card\" content=\"summary_large_image\" \/>\n<meta name=\"twitter:label1\" content=\"Ber\u00e4knad l\u00e4stid\" \/>\n\t<meta name=\"twitter:data1\" content=\"3 minuter\" \/>\n<script type=\"application\/ld+json\" class=\"yoast-schema-graph\">{\"@context\":\"https:\\\/\\\/schema.org\",\"@graph\":[{\"@type\":\"WebPage\",\"@id\":\"https:\\\/\\\/www.4h.se\\\/kallhall\\\/vad-ar-4h\\\/\",\"url\":\"https:\\\/\\\/www.4h.se\\\/kallhall\\\/vad-ar-4h\\\/\",\"name\":\"Vad \u00e4r 4H? - Kallh\u00e4ll 4H-g\u00e5rd\",\"isPartOf\":{\"@id\":\"https:\\\/\\\/www.4h.se\\\/kallhall\\\/#website\"},\"datePublished\":\"2018-12-19T13:37:21+00:00\",\"dateModified\":\"2024-12-18T12:02:58+00:00\",\"breadcrumb\":{\"@id\":\"https:\\\/\\\/www.4h.se\\\/kallhall\\\/vad-ar-4h\\\/#breadcrumb\"},\"inLanguage\":\"sv-SE\",\"potentialAction\":[{\"@type\":\"ReadAction\",\"target\":[\"https:\\\/\\\/www.4h.se\\\/kallhall\\\/vad-ar-4h\\\/\"]}]},{\"@type\":\"BreadcrumbList\",\"@id\":\"https:\\\/\\\/www.4h.se\\\/kallhall\\\/vad-ar-4h\\\/#breadcrumb\",\"itemListElement\":[{\"@type\":\"ListItem\",\"position\":1,\"name\":\"Hem\",\"item\":\"https:\\\/\\\/www.4h.se\\\/kallhall\\\/\"},{\"@type\":\"ListItem\",\"position\":2,\"name\":\"Vad \u00e4r 4H?\"}]},{\"@type\":\"WebSite\",\"@id\":\"https:\\\/\\\/www.4h.se\\\/kallhall\\\/#website\",\"url\":\"https:\\\/\\\/www.4h.se\\\/kallhall\\\/\",\"name\":\"Kallh\u00e4ll 4H-g\u00e5rd\",\"description\":\"\",\"potentialAction\":[{\"@type\":\"SearchAction\",\"target\":{\"@type\":\"EntryPoint\",\"urlTemplate\":\"https:\\\/\\\/www.4h.se\\\/kallhall\\\/?s={search_term_string}\"},\"query-input\":{\"@type\":\"PropertyValueSpecification\",\"valueRequired\":true,\"valueName\":\"search_term_string\"}}],\"inLanguage\":\"sv-SE\"}]}<\/script>\n<!-- \/ Yoast SEO plugin. -->","yoast_head_json":{"title":"Vad \u00e4r 4H? - Kallh\u00e4ll 4H-g\u00e5rd","robots":{"index":"index","follow":"follow","max-snippet":"max-snippet:-1","max-image-preview":"max-image-preview:large","max-video-preview":"max-video-preview:-1"},"canonical":"https:\/\/www.4h.se\/kallhall\/vad-ar-4h\/","og_locale":"sv_SE","og_type":"article","og_title":"Vad \u00e4r 4H? - Kallh\u00e4ll 4H-g\u00e5rd","og_description":"[vc_row][vc_column][vc_column_text css=&#8221;.vc_custom_1733840333370{background-color: #ffffff !important;border-radius: 25px !important;}&#8221;] Vad \u00e4r 4H? [\/vc_column_text][\/vc_column][\/vc_row][vc_row][vc_column width=&#8221;1\/2&#8243; css=&#8221;.vc_custom_1728898832559{border-right-width: 5px !important;background-color: #ffffff !important;border-radius: 20px !important;}&#8221;][vc_column_text css=&#8221;&#8221;] Kallh\u00e4ll 4H-g\u00e5rd Det som idag \u00e4r Kallh\u00e4lls 4H-g\u00e5rd var fr\u00e5n b\u00f6rjan en del av Ulvs\u00e4ttra g\u00e5rd. (Ulvs\u00e4ttra bygdeg\u00e5rd ligger nu p\u00e5 andra sidan v\u00e4gen). Kallh\u00e4lls 4H-klubb startades 1974, och hade d\u00e5 sina djur i den byggnad&nbsp; &hellip; Read more","og_url":"https:\/\/www.4h.se\/kallhall\/vad-ar-4h\/","og_site_name":"Kallh\u00e4ll 4H-g\u00e5rd","article_publisher":"https:\/\/www.facebook.com\/kallhalls4hgard\/","article_modified_time":"2024-12-18T12:02:58+00:00","twitter_card":"summary_large_image","twitter_misc":{"Ber\u00e4knad l\u00e4stid":"3 minuter"},"schema":{"@context":"https:\/\/schema.org","@graph":[{"@type":"WebPage","@id":"https:\/\/www.4h.se\/kallhall\/vad-ar-4h\/","url":"https:\/\/www.4h.se\/kallhall\/vad-ar-4h\/","name":"Vad \u00e4r 4H? - Kallh\u00e4ll 4H-g\u00e5rd","isPartOf":{"@id":"https:\/\/www.4h.se\/kallhall\/#website"},"datePublished":"2018-12-19T13:37:21+00:00","dateModified":"2024-12-18T12:02:58+00:00","breadcrumb":{"@id":"https:\/\/www.4h.se\/kallhall\/vad-ar-4h\/#breadcrumb"},"inLanguage":"sv-SE","potentialAction":[{"@type":"ReadAction","target":["https:\/\/www.4h.se\/kallhall\/vad-ar-4h\/"]}]},{"@type":"BreadcrumbList","@id":"https:\/\/www.4h.se\/kallhall\/vad-ar-4h\/#breadcrumb","itemListElement":[{"@type":"ListItem","position":1,"name":"Hem","item":"https:\/\/www.4h.se\/kallhall\/"},{"@type":"ListItem","position":2,"name":"Vad \u00e4r 4H?"}]},{"@type":"WebSite","@id":"https:\/\/www.4h.se\/kallhall\/#website","url":"https:\/\/www.4h.se\/kallhall\/","name":"Kallh\u00e4ll 4H-g\u00e5rd","description":"","potentialAction":[{"@type":"SearchAction","target":{"@type":"EntryPoint","urlTemplate":"https:\/\/www.4h.se\/kallhall\/?s={search_term_string}"},"query-input":{"@type":"PropertyValueSpecification","valueRequired":true,"valueName":"search_term_string"}}],"inLanguage":"sv-SE"}]}},"_links":{"self":[{"href":"https:\/\/www.4h.se\/kallhall\/wp-json\/wp\/v2\/pages\/460","targetHints":{"allow":["GET"]}}],"collection":[{"href":"https:\/\/www.4h.se\/kallhall\/wp-json\/wp\/v2\/pages"}],"about":[{"href":"https:\/\/www.4h.se\/kallhall\/wp-json\/wp\/v2\/types\/page"}],"author":[{"embeddable":true,"href":"https:\/\/www.4h.se\/kallhall\/wp-json\/wp\/v2\/users\/146"}],"replies":[{"embeddable":true,"href":"https:\/\/www.4h.se\/kallhall\/wp-json\/wp\/v2\/comments?post=460"}],"version-history":[{"count":0,"href":"https:\/\/www.4h.se\/kallhall\/wp-json\/wp\/v2\/pages\/460\/revisions"}],"wp:attachment":[{"href":"https:\/\/www.4h.se\/kallhall\/wp-json\/wp\/v2\/media?parent=460"}],"curies":[{"name":"wp","href":"https:\/\/api.w.org\/{rel}","templated":true}]}}