



{"id":408,"date":"2018-12-11T11:45:54","date_gmt":"2018-12-11T10:45:54","guid":{"rendered":"http:\/\/www.4h.se\/kallhall\/?page_id=408"},"modified":"2025-01-15T11:26:06","modified_gmt":"2025-01-15T10:26:06","slug":"styrelsen","status":"publish","type":"page","link":"https:\/\/www.4h.se\/kallhall\/styrelsen\/","title":{"rendered":"Styrelsen"},"content":{"rendered":"<div class=\"wpb-content-wrapper\"><p>[vc_row][vc_column css=&#8221;.vc_custom_1728899313935{background-color: #ffffff !important;border-radius: 25px !important;}&#8221;][vc_column_text css=&#8221;&#8221;]<\/p>\n<p style=\"font-size: 30px; text-align: center;\"><strong><span style=\"color: #006340;\">Styrelsen<\/span><\/strong><\/p>\n<p>4H \u00e4r en ideell f\u00f6rening d\u00e4r medlemmarna \u00e4r med och best\u00e4mmer vad som ska ske i verksamheten och vad som h\u00e4nder s\u00e5v\u00e4l p\u00e5 den egna klubben eller g\u00e5rden som p\u00e5 l\u00e4ns- och riksniv\u00e5.<\/p>\n<p>P\u00e5 varje klubb finns en klubbstyrelse som varje \u00e5r v\u00e4ljs av medlemmarna p\u00e5 klubbens \u00e5rsm\u00f6te, detta brukar vara i slutet av \u00e5ret\/b\u00f6rjan av n\u00e4sta.<br \/>\nStyrelsen har sedan som uppgift att leda och genomf\u00f6ra verksamheten i klubben tillsammans med anst\u00e4lld personal.<\/p>\n<p>Om du \u00e4r medlem kan du skriva en motion (f\u00f6rslag) och mejla\/posta\/l\u00e4mna till oss innan \u00e5rsm\u00f6tet.<\/p>\n<p>Vi vill g\u00e4rna veta vad ni vill och tycker! \u00c4ven om du inte \u00e4r medlem vill vi g\u00e4rna h\u00f6ra id\u00e9er och synpunkter.<br \/>\nV\u00e4lkommen att mejla oss via v\u00e5r mejladress: kallhall@4h.se[\/vc_column_text][\/vc_column][\/vc_row][vc_row][vc_column][vc_row_inner][vc_column_inner][\/vc_column_inner][\/vc_row_inner][\/vc_column][\/vc_row]<\/p>\n<\/div>","protected":false},"excerpt":{"rendered":"<p>[vc_row][vc_column css=&#8221;.vc_custom_1728899313935{background-color: #ffffff !important;border-radius: 25px !important;}&#8221;][vc_column_text css=&#8221;&#8221;] Styrelsen 4H \u00e4r en ideell f\u00f6rening d\u00e4r medlemmarna \u00e4r med och best\u00e4mmer vad som ska ske i verksamheten och vad som h\u00e4nder s\u00e5v\u00e4l p\u00e5 den egna klubben eller g\u00e5rden som p\u00e5 l\u00e4ns- och riksniv\u00e5. P\u00e5 varje klubb finns en klubbstyrelse som varje \u00e5r v\u00e4ljs av medlemmarna p\u00e5 klubbens&nbsp; <a href=\"https:\/\/www.4h.se\/kallhall\/styrelsen\/\">&hellip; Read more <i class=\"glyphicon glyphicon-arrow-right\"><\/i><\/a><\/p>\n","protected":false},"author":146,"featured_media":0,"parent":0,"menu_order":0,"comment_status":"closed","ping_status":"closed","template":"","meta":{"footnotes":""},"class_list":["post-408","page","type-page","status-publish","hentry"],"yoast_head":"<!-- This site is optimized with the Yoast SEO plugin v27.4 - https:\/\/yoast.com\/product\/yoast-seo-wordpress\/ -->\n<title>Styrelsen - Kallh\u00e4ll 4H-g\u00e5rd<\/title>\n<meta name=\"robots\" content=\"index, follow, max-snippet:-1, max-image-preview:large, max-video-preview:-1\" \/>\n<link rel=\"canonical\" href=\"https:\/\/www.4h.se\/kallhall\/styrelsen\/\" \/>\n<meta property=\"og:locale\" content=\"sv_SE\" \/>\n<meta property=\"og:type\" content=\"article\" \/>\n<meta property=\"og:title\" content=\"Styrelsen - Kallh\u00e4ll 4H-g\u00e5rd\" \/>\n<meta property=\"og:description\" content=\"[vc_row][vc_column css=&#8221;.vc_custom_1728899313935{background-color: #ffffff !important;border-radius: 25px !important;}&#8221;][vc_column_text css=&#8221;&#8221;] Styrelsen 4H \u00e4r en ideell f\u00f6rening d\u00e4r medlemmarna \u00e4r med och best\u00e4mmer vad som ska ske i verksamheten och vad som h\u00e4nder s\u00e5v\u00e4l p\u00e5 den egna klubben eller g\u00e5rden som p\u00e5 l\u00e4ns- och riksniv\u00e5. P\u00e5 varje klubb finns en klubbstyrelse som varje \u00e5r v\u00e4ljs av medlemmarna p\u00e5 klubbens&nbsp; &hellip; Read more\" \/>\n<meta property=\"og:url\" content=\"https:\/\/www.4h.se\/kallhall\/styrelsen\/\" \/>\n<meta property=\"og:site_name\" content=\"Kallh\u00e4ll 4H-g\u00e5rd\" \/>\n<meta property=\"article:publisher\" content=\"https:\/\/www.facebook.com\/kallhalls4hgard\/\" \/>\n<meta property=\"article:modified_time\" content=\"2025-01-15T10:26:06+00:00\" \/>\n<meta name=\"twitter:card\" content=\"summary_large_image\" \/>\n<meta name=\"twitter:label1\" content=\"Ber\u00e4knad l\u00e4stid\" \/>\n\t<meta name=\"twitter:data1\" content=\"1 minut\" \/>\n<script type=\"application\/ld+json\" class=\"yoast-schema-graph\">{\"@context\":\"https:\\\/\\\/schema.org\",\"@graph\":[{\"@type\":\"WebPage\",\"@id\":\"https:\\\/\\\/www.4h.se\\\/kallhall\\\/styrelsen\\\/\",\"url\":\"https:\\\/\\\/www.4h.se\\\/kallhall\\\/styrelsen\\\/\",\"name\":\"Styrelsen - Kallh\u00e4ll 4H-g\u00e5rd\",\"isPartOf\":{\"@id\":\"https:\\\/\\\/www.4h.se\\\/kallhall\\\/#website\"},\"datePublished\":\"2018-12-11T10:45:54+00:00\",\"dateModified\":\"2025-01-15T10:26:06+00:00\",\"breadcrumb\":{\"@id\":\"https:\\\/\\\/www.4h.se\\\/kallhall\\\/styrelsen\\\/#breadcrumb\"},\"inLanguage\":\"sv-SE\",\"potentialAction\":[{\"@type\":\"ReadAction\",\"target\":[\"https:\\\/\\\/www.4h.se\\\/kallhall\\\/styrelsen\\\/\"]}]},{\"@type\":\"BreadcrumbList\",\"@id\":\"https:\\\/\\\/www.4h.se\\\/kallhall\\\/styrelsen\\\/#breadcrumb\",\"itemListElement\":[{\"@type\":\"ListItem\",\"position\":1,\"name\":\"Hem\",\"item\":\"https:\\\/\\\/www.4h.se\\\/kallhall\\\/\"},{\"@type\":\"ListItem\",\"position\":2,\"name\":\"Styrelsen\"}]},{\"@type\":\"WebSite\",\"@id\":\"https:\\\/\\\/www.4h.se\\\/kallhall\\\/#website\",\"url\":\"https:\\\/\\\/www.4h.se\\\/kallhall\\\/\",\"name\":\"Kallh\u00e4ll 4H-g\u00e5rd\",\"description\":\"\",\"potentialAction\":[{\"@type\":\"SearchAction\",\"target\":{\"@type\":\"EntryPoint\",\"urlTemplate\":\"https:\\\/\\\/www.4h.se\\\/kallhall\\\/?s={search_term_string}\"},\"query-input\":{\"@type\":\"PropertyValueSpecification\",\"valueRequired\":true,\"valueName\":\"search_term_string\"}}],\"inLanguage\":\"sv-SE\"}]}<\/script>\n<!-- \/ Yoast SEO plugin. -->","yoast_head_json":{"title":"Styrelsen - Kallh\u00e4ll 4H-g\u00e5rd","robots":{"index":"index","follow":"follow","max-snippet":"max-snippet:-1","max-image-preview":"max-image-preview:large","max-video-preview":"max-video-preview:-1"},"canonical":"https:\/\/www.4h.se\/kallhall\/styrelsen\/","og_locale":"sv_SE","og_type":"article","og_title":"Styrelsen - Kallh\u00e4ll 4H-g\u00e5rd","og_description":"[vc_row][vc_column css=&#8221;.vc_custom_1728899313935{background-color: #ffffff !important;border-radius: 25px !important;}&#8221;][vc_column_text css=&#8221;&#8221;] Styrelsen 4H \u00e4r en ideell f\u00f6rening d\u00e4r medlemmarna \u00e4r med och best\u00e4mmer vad som ska ske i verksamheten och vad som h\u00e4nder s\u00e5v\u00e4l p\u00e5 den egna klubben eller g\u00e5rden som p\u00e5 l\u00e4ns- och riksniv\u00e5. P\u00e5 varje klubb finns en klubbstyrelse som varje \u00e5r v\u00e4ljs av medlemmarna p\u00e5 klubbens&nbsp; &hellip; Read more","og_url":"https:\/\/www.4h.se\/kallhall\/styrelsen\/","og_site_name":"Kallh\u00e4ll 4H-g\u00e5rd","article_publisher":"https:\/\/www.facebook.com\/kallhalls4hgard\/","article_modified_time":"2025-01-15T10:26:06+00:00","twitter_card":"summary_large_image","twitter_misc":{"Ber\u00e4knad l\u00e4stid":"1 minut"},"schema":{"@context":"https:\/\/schema.org","@graph":[{"@type":"WebPage","@id":"https:\/\/www.4h.se\/kallhall\/styrelsen\/","url":"https:\/\/www.4h.se\/kallhall\/styrelsen\/","name":"Styrelsen - Kallh\u00e4ll 4H-g\u00e5rd","isPartOf":{"@id":"https:\/\/www.4h.se\/kallhall\/#website"},"datePublished":"2018-12-11T10:45:54+00:00","dateModified":"2025-01-15T10:26:06+00:00","breadcrumb":{"@id":"https:\/\/www.4h.se\/kallhall\/styrelsen\/#breadcrumb"},"inLanguage":"sv-SE","potentialAction":[{"@type":"ReadAction","target":["https:\/\/www.4h.se\/kallhall\/styrelsen\/"]}]},{"@type":"BreadcrumbList","@id":"https:\/\/www.4h.se\/kallhall\/styrelsen\/#breadcrumb","itemListElement":[{"@type":"ListItem","position":1,"name":"Hem","item":"https:\/\/www.4h.se\/kallhall\/"},{"@type":"ListItem","position":2,"name":"Styrelsen"}]},{"@type":"WebSite","@id":"https:\/\/www.4h.se\/kallhall\/#website","url":"https:\/\/www.4h.se\/kallhall\/","name":"Kallh\u00e4ll 4H-g\u00e5rd","description":"","potentialAction":[{"@type":"SearchAction","target":{"@type":"EntryPoint","urlTemplate":"https:\/\/www.4h.se\/kallhall\/?s={search_term_string}"},"query-input":{"@type":"PropertyValueSpecification","valueRequired":true,"valueName":"search_term_string"}}],"inLanguage":"sv-SE"}]}},"_links":{"self":[{"href":"https:\/\/www.4h.se\/kallhall\/wp-json\/wp\/v2\/pages\/408","targetHints":{"allow":["GET"]}}],"collection":[{"href":"https:\/\/www.4h.se\/kallhall\/wp-json\/wp\/v2\/pages"}],"about":[{"href":"https:\/\/www.4h.se\/kallhall\/wp-json\/wp\/v2\/types\/page"}],"author":[{"embeddable":true,"href":"https:\/\/www.4h.se\/kallhall\/wp-json\/wp\/v2\/users\/146"}],"replies":[{"embeddable":true,"href":"https:\/\/www.4h.se\/kallhall\/wp-json\/wp\/v2\/comments?post=408"}],"version-history":[{"count":0,"href":"https:\/\/www.4h.se\/kallhall\/wp-json\/wp\/v2\/pages\/408\/revisions"}],"wp:attachment":[{"href":"https:\/\/www.4h.se\/kallhall\/wp-json\/wp\/v2\/media?parent=408"}],"curies":[{"name":"wp","href":"https:\/\/api.w.org\/{rel}","templated":true}]}}