



{"id":1302,"date":"2026-03-24T10:56:52","date_gmt":"2026-03-24T09:56:52","guid":{"rendered":"https:\/\/www.4h.se\/kallhall\/?page_id=1302"},"modified":"2026-03-24T11:00:43","modified_gmt":"2026-03-24T10:00:43","slug":"fritidskortet","status":"publish","type":"page","link":"https:\/\/www.4h.se\/kallhall\/fritidskortet\/","title":{"rendered":"Fritidskortet"},"content":{"rendered":"<div class=\"wpb-content-wrapper\"><p>[vc_row][vc_column width=&#8221;1\/3&#8243;][\/vc_column][vc_column width=&#8221;1\/3&#8243;][vc_column_text css=&#8221;.vc_custom_1774345329868{border-top-width: 6px !important;border-bottom-width: 6px !important;border-left-width: 6px !important;padding-top: 6px !important;padding-right: 6px !important;padding-bottom: 6px !important;padding-left: 6px !important;background-color: #FFFFFF !important;border-radius: 15px !important;}&#8221;]<\/p>\n<p style=\"font-size: 35px;text-align: center\"><strong><span style=\"color: #006340\">Fritidskortet<\/span><\/strong><\/p>\n<p>[\/vc_column_text][\/vc_column][vc_column width=&#8221;1\/3&#8243;][\/vc_column][\/vc_row][vc_row][vc_column width=&#8221;1\/2&#8243; css=&#8221;.vc_custom_1774346114467{border-bottom-width: 6px !important;border-left-width: 6px !important;padding-top: 6px !important;padding-right: 6px !important;padding-bottom: 6px !important;padding-left: 6px !important;background-color: #FFFFFF !important;border-radius: 15px !important;}&#8221;][vc_column_text css=&#8221;.vc_custom_1774346070867{border-top-width: 6px !important;border-bottom-width: 6px !important;border-left-width: 6px !important;padding-top: 6px !important;padding-right: 6px !important;padding-bottom: 6px !important;padding-left: 6px !important;border-radius: 15px !important;}&#8221;]Vi vill informera er om att Kallh\u00e4ll 4H nu \u00e4r ansluten till Fritidskortet.se. Det inneb\u00e4r att barn och unga i \u00e5ldern 7\u201316 \u00e5r kan anv\u00e4nda sitt fritidskort f\u00f6r att betala kostnader kopplade till v\u00e5r verksamhet.<\/p>\n<p>Fritidskortet kan anv\u00e4ndas f\u00f6r:<\/p>\n<p><strong>\u00b7 Medlemskap<\/strong><\/p>\n<p><strong>\u00b7 Aktivitetsfakturor<\/strong>&nbsp;(t.ex. kurser, l\u00e4ger eller andra aktiviteter)<\/p>\n<p>&nbsp;<\/p>\n<p><strong>S\u00e5 h\u00e4r betalar du med Fritidskortet<\/strong><\/p>\n<p>1. N\u00e4r ni har f\u00e5tt fakturan fr\u00e5n oss (medlemskap och\/eller aktivitet), logga in i Fritidskortets e-tj\u00e4nst med e-legitimation.<\/p>\n<p>2. V\u00e4lj att g\u00f6ra en betalning till en f\u00f6rening som \u00e4r ansluten till Fritidskortet och s\u00f6k fram Kallh\u00e4lls 4h-g\u00e5rd.<\/p>\n<p>3. Ange fakturans OCR-nummer i betalningen. Detta \u00e4r mycket viktigt f\u00f6r att vi ska kunna koppla betalningen till r\u00e4tt faktura.<\/p>\n<p>4. V\u00e4lj hur mycket av fakturabeloppet som ska betalas med fritidskortets saldo och genomf\u00f6r betalningen.<\/p>\n<p><strong>Om du delbetalar fakturan<\/strong><\/p>\n<p>Om fritidskortets saldo inte t\u00e4cker hela fakturabeloppet kan du delbetala:<\/p>\n<p>\u00b7 Betala en del av beloppet via Fritidskortets e-tj\u00e4nst.<\/p>\n<p>\u00b7 Betala det \u00e5terst\u00e5ende beloppet via din bank enligt uppgifterna p\u00e5 fakturan.<\/p>\n<p>\u00b7 Anv\u00e4nd samma OCR-nummer vid b\u00e5da betalningarna, s\u00e5 att de kopplas till samma faktura.<\/p>\n<p>Det \u00e4r viktigt att korrekt OCR-nummer anv\u00e4nds vid samtliga betalningar f\u00f6r att undvika f\u00f6rdr\u00f6jningar i hanteringen.<\/p>\n<p>Har ni fr\u00e5gor kring fakturor, medlemsf\u00f6rnyelse eller hur betalningen med fritidskortet fungerar \u00e4r ni varmt v\u00e4lkomna att kontakta oss p\u00e5 p\u00e5 mail kallhall@4h.se eller telefon +46 70-762 43 42[\/vc_column_text][vc_btn title=&#8221;Fritidskortet.se&#8221; style=&#8221;classic&#8221; color=&#8221;info&#8221; size=&#8221;lg&#8221; css=&#8221;&#8221; link=&#8221;url:https%3A%2F%2Ffritidskortet.se%2F&#8221;][\/vc_column][vc_column width=&#8221;1\/2&#8243;][vc_single_image image=&#8221;1303&#8243; img_size=&#8221;full&#8221; alignment=&#8221;center&#8221; css=&#8221;&#8221;][\/vc_column][\/vc_row]<\/p>\n<\/div>","protected":false},"excerpt":{"rendered":"<p>[vc_row][vc_column width=&#8221;1\/3&#8243;][\/vc_column][vc_column width=&#8221;1\/3&#8243;][vc_column_text css=&#8221;.vc_custom_1774345329868{border-top-width: 6px !important;border-bottom-width: 6px !important;border-left-width: 6px !important;padding-top: 6px !important;padding-right: 6px !important;padding-bottom: 6px !important;padding-left: 6px !important;background-color: #FFFFFF !important;border-radius: 15px !important;}&#8221;] Fritidskortet [\/vc_column_text][\/vc_column][vc_column width=&#8221;1\/3&#8243;][\/vc_column][\/vc_row][vc_row][vc_column width=&#8221;1\/2&#8243; css=&#8221;.vc_custom_1774346114467{border-bottom-width: 6px !important;border-left-width: 6px !important;padding-top: 6px !important;padding-right: 6px !important;padding-bottom: 6px !important;padding-left: 6px !important;background-color: #FFFFFF !important;border-radius: 15px !important;}&#8221;][vc_column_text css=&#8221;.vc_custom_1774346070867{border-top-width: 6px !important;border-bottom-width: 6px !important;border-left-width: 6px !important;padding-top: 6px !important;padding-right: 6px !important;padding-bottom: 6px&nbsp; <a href=\"https:\/\/www.4h.se\/kallhall\/fritidskortet\/\">&hellip; Read more <i class=\"glyphicon glyphicon-arrow-right\"><\/i><\/a><\/p>\n","protected":false},"author":214,"featured_media":0,"parent":0,"menu_order":0,"comment_status":"closed","ping_status":"closed","template":"","meta":{"footnotes":""},"class_list":["post-1302","page","type-page","status-publish","hentry"],"yoast_head":"<!-- This site is optimized with the Yoast SEO plugin v27.4 - https:\/\/yoast.com\/product\/yoast-seo-wordpress\/ -->\n<title>Fritidskortet - Kallh\u00e4ll 4H-g\u00e5rd<\/title>\n<meta name=\"robots\" content=\"index, follow, max-snippet:-1, max-image-preview:large, max-video-preview:-1\" \/>\n<link rel=\"canonical\" href=\"https:\/\/www.4h.se\/kallhall\/fritidskortet\/\" \/>\n<meta property=\"og:locale\" content=\"sv_SE\" \/>\n<meta property=\"og:type\" content=\"article\" \/>\n<meta property=\"og:title\" content=\"Fritidskortet - Kallh\u00e4ll 4H-g\u00e5rd\" \/>\n<meta property=\"og:description\" content=\"[vc_row][vc_column width=&#8221;1\/3&#8243;][\/vc_column][vc_column width=&#8221;1\/3&#8243;][vc_column_text css=&#8221;.vc_custom_1774345329868{border-top-width: 6px !important;border-bottom-width: 6px !important;border-left-width: 6px !important;padding-top: 6px !important;padding-right: 6px !important;padding-bottom: 6px !important;padding-left: 6px !important;background-color: #FFFFFF !important;border-radius: 15px !important;}&#8221;] Fritidskortet [\/vc_column_text][\/vc_column][vc_column width=&#8221;1\/3&#8243;][\/vc_column][\/vc_row][vc_row][vc_column width=&#8221;1\/2&#8243; css=&#8221;.vc_custom_1774346114467{border-bottom-width: 6px !important;border-left-width: 6px !important;padding-top: 6px !important;padding-right: 6px !important;padding-bottom: 6px !important;padding-left: 6px !important;background-color: #FFFFFF !important;border-radius: 15px !important;}&#8221;][vc_column_text css=&#8221;.vc_custom_1774346070867{border-top-width: 6px !important;border-bottom-width: 6px !important;border-left-width: 6px !important;padding-top: 6px !important;padding-right: 6px !important;padding-bottom: 6px&nbsp; &hellip; Read more\" \/>\n<meta property=\"og:url\" content=\"https:\/\/www.4h.se\/kallhall\/fritidskortet\/\" \/>\n<meta property=\"og:site_name\" content=\"Kallh\u00e4ll 4H-g\u00e5rd\" \/>\n<meta property=\"article:publisher\" content=\"https:\/\/www.facebook.com\/kallhalls4hgard\/\" \/>\n<meta property=\"article:modified_time\" content=\"2026-03-24T10:00:43+00:00\" \/>\n<meta name=\"twitter:card\" content=\"summary_large_image\" \/>\n<script type=\"application\/ld+json\" class=\"yoast-schema-graph\">{\"@context\":\"https:\\\/\\\/schema.org\",\"@graph\":[{\"@type\":\"WebPage\",\"@id\":\"https:\\\/\\\/www.4h.se\\\/kallhall\\\/fritidskortet\\\/\",\"url\":\"https:\\\/\\\/www.4h.se\\\/kallhall\\\/fritidskortet\\\/\",\"name\":\"Fritidskortet - Kallh\u00e4ll 4H-g\u00e5rd\",\"isPartOf\":{\"@id\":\"https:\\\/\\\/www.4h.se\\\/kallhall\\\/#website\"},\"datePublished\":\"2026-03-24T09:56:52+00:00\",\"dateModified\":\"2026-03-24T10:00:43+00:00\",\"breadcrumb\":{\"@id\":\"https:\\\/\\\/www.4h.se\\\/kallhall\\\/fritidskortet\\\/#breadcrumb\"},\"inLanguage\":\"sv-SE\",\"potentialAction\":[{\"@type\":\"ReadAction\",\"target\":[\"https:\\\/\\\/www.4h.se\\\/kallhall\\\/fritidskortet\\\/\"]}]},{\"@type\":\"BreadcrumbList\",\"@id\":\"https:\\\/\\\/www.4h.se\\\/kallhall\\\/fritidskortet\\\/#breadcrumb\",\"itemListElement\":[{\"@type\":\"ListItem\",\"position\":1,\"name\":\"Hem\",\"item\":\"https:\\\/\\\/www.4h.se\\\/kallhall\\\/\"},{\"@type\":\"ListItem\",\"position\":2,\"name\":\"Fritidskortet\"}]},{\"@type\":\"WebSite\",\"@id\":\"https:\\\/\\\/www.4h.se\\\/kallhall\\\/#website\",\"url\":\"https:\\\/\\\/www.4h.se\\\/kallhall\\\/\",\"name\":\"Kallh\u00e4ll 4H-g\u00e5rd\",\"description\":\"\",\"potentialAction\":[{\"@type\":\"SearchAction\",\"target\":{\"@type\":\"EntryPoint\",\"urlTemplate\":\"https:\\\/\\\/www.4h.se\\\/kallhall\\\/?s={search_term_string}\"},\"query-input\":{\"@type\":\"PropertyValueSpecification\",\"valueRequired\":true,\"valueName\":\"search_term_string\"}}],\"inLanguage\":\"sv-SE\"}]}<\/script>\n<!-- \/ Yoast SEO plugin. -->","yoast_head_json":{"title":"Fritidskortet - Kallh\u00e4ll 4H-g\u00e5rd","robots":{"index":"index","follow":"follow","max-snippet":"max-snippet:-1","max-image-preview":"max-image-preview:large","max-video-preview":"max-video-preview:-1"},"canonical":"https:\/\/www.4h.se\/kallhall\/fritidskortet\/","og_locale":"sv_SE","og_type":"article","og_title":"Fritidskortet - Kallh\u00e4ll 4H-g\u00e5rd","og_description":"[vc_row][vc_column width=&#8221;1\/3&#8243;][\/vc_column][vc_column width=&#8221;1\/3&#8243;][vc_column_text css=&#8221;.vc_custom_1774345329868{border-top-width: 6px !important;border-bottom-width: 6px !important;border-left-width: 6px !important;padding-top: 6px !important;padding-right: 6px !important;padding-bottom: 6px !important;padding-left: 6px !important;background-color: #FFFFFF !important;border-radius: 15px !important;}&#8221;] Fritidskortet [\/vc_column_text][\/vc_column][vc_column width=&#8221;1\/3&#8243;][\/vc_column][\/vc_row][vc_row][vc_column width=&#8221;1\/2&#8243; css=&#8221;.vc_custom_1774346114467{border-bottom-width: 6px !important;border-left-width: 6px !important;padding-top: 6px !important;padding-right: 6px !important;padding-bottom: 6px !important;padding-left: 6px !important;background-color: #FFFFFF !important;border-radius: 15px !important;}&#8221;][vc_column_text css=&#8221;.vc_custom_1774346070867{border-top-width: 6px !important;border-bottom-width: 6px !important;border-left-width: 6px !important;padding-top: 6px !important;padding-right: 6px !important;padding-bottom: 6px&nbsp; &hellip; Read more","og_url":"https:\/\/www.4h.se\/kallhall\/fritidskortet\/","og_site_name":"Kallh\u00e4ll 4H-g\u00e5rd","article_publisher":"https:\/\/www.facebook.com\/kallhalls4hgard\/","article_modified_time":"2026-03-24T10:00:43+00:00","twitter_card":"summary_large_image","schema":{"@context":"https:\/\/schema.org","@graph":[{"@type":"WebPage","@id":"https:\/\/www.4h.se\/kallhall\/fritidskortet\/","url":"https:\/\/www.4h.se\/kallhall\/fritidskortet\/","name":"Fritidskortet - Kallh\u00e4ll 4H-g\u00e5rd","isPartOf":{"@id":"https:\/\/www.4h.se\/kallhall\/#website"},"datePublished":"2026-03-24T09:56:52+00:00","dateModified":"2026-03-24T10:00:43+00:00","breadcrumb":{"@id":"https:\/\/www.4h.se\/kallhall\/fritidskortet\/#breadcrumb"},"inLanguage":"sv-SE","potentialAction":[{"@type":"ReadAction","target":["https:\/\/www.4h.se\/kallhall\/fritidskortet\/"]}]},{"@type":"BreadcrumbList","@id":"https:\/\/www.4h.se\/kallhall\/fritidskortet\/#breadcrumb","itemListElement":[{"@type":"ListItem","position":1,"name":"Hem","item":"https:\/\/www.4h.se\/kallhall\/"},{"@type":"ListItem","position":2,"name":"Fritidskortet"}]},{"@type":"WebSite","@id":"https:\/\/www.4h.se\/kallhall\/#website","url":"https:\/\/www.4h.se\/kallhall\/","name":"Kallh\u00e4ll 4H-g\u00e5rd","description":"","potentialAction":[{"@type":"SearchAction","target":{"@type":"EntryPoint","urlTemplate":"https:\/\/www.4h.se\/kallhall\/?s={search_term_string}"},"query-input":{"@type":"PropertyValueSpecification","valueRequired":true,"valueName":"search_term_string"}}],"inLanguage":"sv-SE"}]}},"_links":{"self":[{"href":"https:\/\/www.4h.se\/kallhall\/wp-json\/wp\/v2\/pages\/1302","targetHints":{"allow":["GET"]}}],"collection":[{"href":"https:\/\/www.4h.se\/kallhall\/wp-json\/wp\/v2\/pages"}],"about":[{"href":"https:\/\/www.4h.se\/kallhall\/wp-json\/wp\/v2\/types\/page"}],"author":[{"embeddable":true,"href":"https:\/\/www.4h.se\/kallhall\/wp-json\/wp\/v2\/users\/214"}],"replies":[{"embeddable":true,"href":"https:\/\/www.4h.se\/kallhall\/wp-json\/wp\/v2\/comments?post=1302"}],"version-history":[{"count":0,"href":"https:\/\/www.4h.se\/kallhall\/wp-json\/wp\/v2\/pages\/1302\/revisions"}],"wp:attachment":[{"href":"https:\/\/www.4h.se\/kallhall\/wp-json\/wp\/v2\/media?parent=1302"}],"curies":[{"name":"wp","href":"https:\/\/api.w.org\/{rel}","templated":true}]}}