



{"id":1000,"date":"2024-04-18T19:40:20","date_gmt":"2024-04-18T17:40:20","guid":{"rendered":"https:\/\/www.4h.se\/kallhall\/?page_id=1000"},"modified":"2025-12-08T14:31:54","modified_gmt":"2025-12-08T13:31:54","slug":"ledare","status":"publish","type":"page","link":"https:\/\/www.4h.se\/kallhall\/ledare\/","title":{"rendered":"Ledare"},"content":{"rendered":"<div class=\"wpb-content-wrapper\"><p>[vc_row][vc_column width=&#8221;2\/3&#8243; css=&#8221;.vc_custom_1728899443246{background-color: #ffffff !important;border-radius: 25px !important;}&#8221;][vc_column_text css=&#8221;&#8221;]<\/p>\n<p style=\"font-size: 30px; text-align: left;\"><strong><span style=\"color: #006340;\">Ledare<\/span><\/strong><\/p>\n<p class=\"x_elementToProof\">Fr\u00e5n det \u00e5ret du fyller 10 \u00e5r har du som medlem i Kallh\u00e4ll 4H-klubb m\u00f6jlighet att utbilda dig till ledare hos oss. Innan du g\u00e5r en utbildning till ledare vill vi att du har g\u00e5tt minst tv\u00e5 terminer djursk\u00f6tarkurs.<\/p>\n<p class=\"x_elementToProof\">Som ledare p\u00e5 Kallh\u00e4ll 4H \u00e4r du med och hj\u00e4lper till p\u00e5 g\u00e5rdens kurser och\/eller l\u00e4ger. Vi har l\u00e4ger p\u00e5 alla skollov och kurser veckodagar under terminerna. Du v\u00e4ljer sj\u00e4lv vilken kurs du vill hj\u00e4lpa till i eller vilket l\u00e4ger som du vill hj\u00e4lpa till p\u00e5. Som ledare \u00e4r du en f\u00f6rebild i gruppen, hj\u00e4lper barnen och f\u00e5r tr\u00e4na b\u00e5de p\u00e5 att ta ansvar och att prata inf\u00f6r andra. Vi har alltid en personal med som h\u00e5ller i kursen\/l\u00e4gret. Vi anpassar ledarens ansvar och uppgifter i kursen efter \u00e5lder, \u00f6nskem\u00e5l och erfarenhet. Vi vill att alla ledare ska f\u00e5 m\u00f6jlighet att v\u00e4xa och utvecklas hos oss. Vi anordnar regelbundet utbildningstillf\u00e4llen inom olika omr\u00e5den f\u00f6r v\u00e5ra ledare.<\/p>\n<p class=\"x_elementToProof\">Som ledare kan du \u00e4ven engagera dig p\u00e5 andra s\u00e4tt i v\u00e5r klubb, exempelvis genom att vara med i styrelsen eller kanske p\u00e5 v\u00e5ra event som vi anordnar p\u00e5 g\u00e5rden varje \u00e5r.<\/p>\n<p class=\"x_elementToProof\">Som ledare \u00e4r du ocks\u00e5 alltid v\u00e4lkommen att vara p\u00e5 g\u00e5rden efter skolan eller p\u00e5 studiedagar. D\u00e5 kan du h\u00e4nga i klubbhuset, vara med djuren eller kanske sitta och plugga. Vi anordnar ocks\u00e5 ledartr\u00e4ffar f\u00f6r alla ledare d\u00e4r vi hittar p\u00e5 olika aktiviteter, det kan vara allt fr\u00e5n pannkakskv\u00e4ll p\u00e5 g\u00e5rden till att vi \u00e5ker och iv\u00e4g p\u00e5 aktiviteter.<\/p>\n<p style=\"font-size: 30px; text-align: left;\"><strong><span style=\"color: #006340;\">Miniledare<\/span><\/strong><\/p>\n<p class=\"x_elementToProof\">Det f\u00f6rsta steget, f\u00f6r dig mellan 10-11 \u00e5r, kallas f\u00f6r miniledare. F\u00f6r att bli miniledare g\u00e5r du en kurs hos oss som str\u00e4cker sig \u00f6ver 2 terminer. D\u00e4r pratar vi bland annat om hur du \u00e4r en bra ledare, l\u00e4r oss mer om djuren och rutinerna p\u00e5 g\u00e5rden samt 4H som organisation.<\/p>\n<p style=\"font-size: 30px; text-align: left;\"><strong><span style=\"color: #006340;\">Hj\u00e4lpledare<\/span><\/strong><\/p>\n<p class=\"x_elementToProof\">Steget efter miniledare \u00e4r hj\u00e4lpledare 11-13 \u00e5r. F\u00f6r att bli Hj\u00e4lpledare beh\u00f6ver du g\u00e5 en Steg 1 kurs som arrangeras av Stockholm l\u00e4ns 4H. <span data-olk-copy-source=\"MailCompose\">Under denna kurs l\u00e4r ni er bland annat mer om ledarskap, 4Hs historia och vad dem globala m\u00e5len \u00e4r. Vi l\u00e4r oss om 4H som organisation, ledartyper och tr\u00e4ffar 4H-ledare fr\u00e5n andra g\u00e5rdar och klubbar inom Stockholms l\u00e4nsf\u00f6rbund.&nbsp;<\/span><\/p>\n<p style=\"font-size: 30px; text-align: left;\"><strong><span style=\"color: #006340;\">Juniorledare<\/span><\/strong><\/p>\n<p>Steget efter Hj\u00e4lpledare \u00e4r Juniorledare, 14-16 \u00e5r. F\u00f6r att bli juniorledare beh\u00f6ver man g\u00e5 Steg 2 kursen, \u00e4ven denna kurs arrangeras av Stockholm l\u00e4ns 4H. Som juniorledare f\u00e5r du mer ansvar i att leda kurser\/l\u00e4ger samt hj\u00e4lpa till att arrangera event.<\/p>\n<p style=\"font-size: 30px; text-align: left;\"><strong><span style=\"color: #006340;\">Seniorledare<\/span><\/strong><\/p>\n<p>Steget efter Juniorledare \u00e4r Seniorledare, 16+. F\u00f6r att bli seniorledare beh\u00f6ver man g\u00e5 Steg 3 kursen som arrangeras av Stockholm l\u00e4ns 4H.<\/p>\n<p style=\"font-size: 30px; text-align: left;\"><strong><span style=\"color: #006340;\">Mer f\u00f6r ledare<\/span><\/strong><\/p>\n<p class=\"x_elementToProof\">L\u00e4nsf\u00f6rbundet har \u00e4ven ett s\u00e4rskilt ledarprogram fr\u00e5n 14 \u00e5r som kallas L\u00e4nsjuniorledare, d\u00e4r f\u00e5r utvalda ledare uppgifter att g\u00f6ra under ett \u00e5r och genomf\u00f6r sedan en premie resa tillsammans med andra l\u00e4nsjuniorledare fr\u00e5n Stockholm. F\u00f6r att f\u00e5 bli l\u00e4nsjuniorledare beh\u00f6ver man v\u00e4ljas under Kallh\u00e4ll 4Hs \u00e5rsst\u00e4mma.<\/p>\n<p>Denna premie resa har olika destinationer, bland annat har man \u00e5kt till Berlin.<\/p>\n<div class=\"x_elementToProof\">Mellan alla steg kurser finns \u00e4ven andra frivilliga kurser som man kan g\u00e5 p\u00e5, exempel Jordbruk 1.<\/div>\n<p>[\/vc_column_text][vc_single_image image=&#8221;1219&#8243; img_size=&#8221;large&#8221; css=&#8221;&#8221;][\/vc_column][vc_column width=&#8221;1\/3&#8243;][vc_single_image image=&#8221;1218&#8243; img_size=&#8221;medium&#8221; alignment=&#8221;center&#8221; css=&#8221;&#8221;][vc_single_image image=&#8221;997&#8243; img_size=&#8221;medium&#8221;][\/vc_column][\/vc_row]<\/p>\n<\/div>","protected":false},"excerpt":{"rendered":"<p>[vc_row][vc_column width=&#8221;2\/3&#8243; css=&#8221;.vc_custom_1728899443246{background-color: #ffffff !important;border-radius: 25px !important;}&#8221;][vc_column_text css=&#8221;&#8221;] Ledare Fr\u00e5n det \u00e5ret du fyller 10 \u00e5r har du som medlem i Kallh\u00e4ll 4H-klubb m\u00f6jlighet att utbilda dig till ledare hos oss. Innan du g\u00e5r en utbildning till ledare vill vi att du har g\u00e5tt minst tv\u00e5 terminer djursk\u00f6tarkurs. Som ledare p\u00e5 Kallh\u00e4ll 4H \u00e4r du&nbsp; <a href=\"https:\/\/www.4h.se\/kallhall\/ledare\/\">&hellip; Read more <i class=\"glyphicon glyphicon-arrow-right\"><\/i><\/a><\/p>\n","protected":false},"author":121,"featured_media":0,"parent":0,"menu_order":0,"comment_status":"closed","ping_status":"closed","template":"","meta":{"footnotes":""},"class_list":["post-1000","page","type-page","status-publish","hentry"],"yoast_head":"<!-- This site is optimized with the Yoast SEO plugin v27.4 - https:\/\/yoast.com\/product\/yoast-seo-wordpress\/ -->\n<title>Ledare - Kallh\u00e4ll 4H-g\u00e5rd<\/title>\n<meta name=\"robots\" content=\"index, follow, max-snippet:-1, max-image-preview:large, max-video-preview:-1\" \/>\n<link rel=\"canonical\" href=\"https:\/\/www.4h.se\/kallhall\/ledare\/\" \/>\n<meta property=\"og:locale\" content=\"sv_SE\" \/>\n<meta property=\"og:type\" content=\"article\" \/>\n<meta property=\"og:title\" content=\"Ledare - Kallh\u00e4ll 4H-g\u00e5rd\" \/>\n<meta property=\"og:description\" content=\"[vc_row][vc_column width=&#8221;2\/3&#8243; css=&#8221;.vc_custom_1728899443246{background-color: #ffffff !important;border-radius: 25px !important;}&#8221;][vc_column_text css=&#8221;&#8221;] Ledare Fr\u00e5n det \u00e5ret du fyller 10 \u00e5r har du som medlem i Kallh\u00e4ll 4H-klubb m\u00f6jlighet att utbilda dig till ledare hos oss. Innan du g\u00e5r en utbildning till ledare vill vi att du har g\u00e5tt minst tv\u00e5 terminer djursk\u00f6tarkurs. Som ledare p\u00e5 Kallh\u00e4ll 4H \u00e4r du&nbsp; &hellip; Read more\" \/>\n<meta property=\"og:url\" content=\"https:\/\/www.4h.se\/kallhall\/ledare\/\" \/>\n<meta property=\"og:site_name\" content=\"Kallh\u00e4ll 4H-g\u00e5rd\" \/>\n<meta property=\"article:publisher\" content=\"https:\/\/www.facebook.com\/kallhalls4hgard\/\" \/>\n<meta property=\"article:modified_time\" content=\"2025-12-08T13:31:54+00:00\" \/>\n<meta name=\"twitter:card\" content=\"summary_large_image\" \/>\n<script type=\"application\/ld+json\" class=\"yoast-schema-graph\">{\"@context\":\"https:\\\/\\\/schema.org\",\"@graph\":[{\"@type\":\"WebPage\",\"@id\":\"https:\\\/\\\/www.4h.se\\\/kallhall\\\/ledare\\\/\",\"url\":\"https:\\\/\\\/www.4h.se\\\/kallhall\\\/ledare\\\/\",\"name\":\"Ledare - Kallh\u00e4ll 4H-g\u00e5rd\",\"isPartOf\":{\"@id\":\"https:\\\/\\\/www.4h.se\\\/kallhall\\\/#website\"},\"datePublished\":\"2024-04-18T17:40:20+00:00\",\"dateModified\":\"2025-12-08T13:31:54+00:00\",\"breadcrumb\":{\"@id\":\"https:\\\/\\\/www.4h.se\\\/kallhall\\\/ledare\\\/#breadcrumb\"},\"inLanguage\":\"sv-SE\",\"potentialAction\":[{\"@type\":\"ReadAction\",\"target\":[\"https:\\\/\\\/www.4h.se\\\/kallhall\\\/ledare\\\/\"]}]},{\"@type\":\"BreadcrumbList\",\"@id\":\"https:\\\/\\\/www.4h.se\\\/kallhall\\\/ledare\\\/#breadcrumb\",\"itemListElement\":[{\"@type\":\"ListItem\",\"position\":1,\"name\":\"Hem\",\"item\":\"https:\\\/\\\/www.4h.se\\\/kallhall\\\/\"},{\"@type\":\"ListItem\",\"position\":2,\"name\":\"Ledare\"}]},{\"@type\":\"WebSite\",\"@id\":\"https:\\\/\\\/www.4h.se\\\/kallhall\\\/#website\",\"url\":\"https:\\\/\\\/www.4h.se\\\/kallhall\\\/\",\"name\":\"Kallh\u00e4ll 4H-g\u00e5rd\",\"description\":\"\",\"potentialAction\":[{\"@type\":\"SearchAction\",\"target\":{\"@type\":\"EntryPoint\",\"urlTemplate\":\"https:\\\/\\\/www.4h.se\\\/kallhall\\\/?s={search_term_string}\"},\"query-input\":{\"@type\":\"PropertyValueSpecification\",\"valueRequired\":true,\"valueName\":\"search_term_string\"}}],\"inLanguage\":\"sv-SE\"}]}<\/script>\n<!-- \/ Yoast SEO plugin. -->","yoast_head_json":{"title":"Ledare - Kallh\u00e4ll 4H-g\u00e5rd","robots":{"index":"index","follow":"follow","max-snippet":"max-snippet:-1","max-image-preview":"max-image-preview:large","max-video-preview":"max-video-preview:-1"},"canonical":"https:\/\/www.4h.se\/kallhall\/ledare\/","og_locale":"sv_SE","og_type":"article","og_title":"Ledare - Kallh\u00e4ll 4H-g\u00e5rd","og_description":"[vc_row][vc_column width=&#8221;2\/3&#8243; css=&#8221;.vc_custom_1728899443246{background-color: #ffffff !important;border-radius: 25px !important;}&#8221;][vc_column_text css=&#8221;&#8221;] Ledare Fr\u00e5n det \u00e5ret du fyller 10 \u00e5r har du som medlem i Kallh\u00e4ll 4H-klubb m\u00f6jlighet att utbilda dig till ledare hos oss. Innan du g\u00e5r en utbildning till ledare vill vi att du har g\u00e5tt minst tv\u00e5 terminer djursk\u00f6tarkurs. Som ledare p\u00e5 Kallh\u00e4ll 4H \u00e4r du&nbsp; &hellip; Read more","og_url":"https:\/\/www.4h.se\/kallhall\/ledare\/","og_site_name":"Kallh\u00e4ll 4H-g\u00e5rd","article_publisher":"https:\/\/www.facebook.com\/kallhalls4hgard\/","article_modified_time":"2025-12-08T13:31:54+00:00","twitter_card":"summary_large_image","schema":{"@context":"https:\/\/schema.org","@graph":[{"@type":"WebPage","@id":"https:\/\/www.4h.se\/kallhall\/ledare\/","url":"https:\/\/www.4h.se\/kallhall\/ledare\/","name":"Ledare - Kallh\u00e4ll 4H-g\u00e5rd","isPartOf":{"@id":"https:\/\/www.4h.se\/kallhall\/#website"},"datePublished":"2024-04-18T17:40:20+00:00","dateModified":"2025-12-08T13:31:54+00:00","breadcrumb":{"@id":"https:\/\/www.4h.se\/kallhall\/ledare\/#breadcrumb"},"inLanguage":"sv-SE","potentialAction":[{"@type":"ReadAction","target":["https:\/\/www.4h.se\/kallhall\/ledare\/"]}]},{"@type":"BreadcrumbList","@id":"https:\/\/www.4h.se\/kallhall\/ledare\/#breadcrumb","itemListElement":[{"@type":"ListItem","position":1,"name":"Hem","item":"https:\/\/www.4h.se\/kallhall\/"},{"@type":"ListItem","position":2,"name":"Ledare"}]},{"@type":"WebSite","@id":"https:\/\/www.4h.se\/kallhall\/#website","url":"https:\/\/www.4h.se\/kallhall\/","name":"Kallh\u00e4ll 4H-g\u00e5rd","description":"","potentialAction":[{"@type":"SearchAction","target":{"@type":"EntryPoint","urlTemplate":"https:\/\/www.4h.se\/kallhall\/?s={search_term_string}"},"query-input":{"@type":"PropertyValueSpecification","valueRequired":true,"valueName":"search_term_string"}}],"inLanguage":"sv-SE"}]}},"_links":{"self":[{"href":"https:\/\/www.4h.se\/kallhall\/wp-json\/wp\/v2\/pages\/1000","targetHints":{"allow":["GET"]}}],"collection":[{"href":"https:\/\/www.4h.se\/kallhall\/wp-json\/wp\/v2\/pages"}],"about":[{"href":"https:\/\/www.4h.se\/kallhall\/wp-json\/wp\/v2\/types\/page"}],"author":[{"embeddable":true,"href":"https:\/\/www.4h.se\/kallhall\/wp-json\/wp\/v2\/users\/121"}],"replies":[{"embeddable":true,"href":"https:\/\/www.4h.se\/kallhall\/wp-json\/wp\/v2\/comments?post=1000"}],"version-history":[{"count":0,"href":"https:\/\/www.4h.se\/kallhall\/wp-json\/wp\/v2\/pages\/1000\/revisions"}],"wp:attachment":[{"href":"https:\/\/www.4h.se\/kallhall\/wp-json\/wp\/v2\/media?parent=1000"}],"curies":[{"name":"wp","href":"https:\/\/api.w.org\/{rel}","templated":true}]}}