



{"id":3181,"date":"2026-04-02T11:47:03","date_gmt":"2026-04-02T09:47:03","guid":{"rendered":"https:\/\/www.4h.se\/halland\/?page_id=3181"},"modified":"2026-04-16T19:15:34","modified_gmt":"2026-04-16T17:15:34","slug":"externa","status":"publish","type":"page","link":"https:\/\/www.4h.se\/halland\/externa\/","title":{"rendered":"Samverka med 4H"},"content":{"rendered":"<div class=\"wpb-content-wrapper\"><p>[vc_row][vc_column][vc_single_image image=&#8221;3195&#8243; img_size=&#8221;600&#215;450&#8243; alignment=&#8221;center&#8221; style=&#8221;vc_box_border_circle&#8221; css=&#8221;&#8221;][vc_column_text css=&#8221;&#8221;]<\/p>\n<h1 style=\"text-align: center;\"><span style=\"color: #008b48;\"><strong>Hallands 4H \u2013 samverkan<\/strong><\/span><\/h1>\n<h2 style=\"text-align: center;\"><span style=\"color: #008b48;\">s\u00e5 h\u00e4r skapar hallands 4h v\u00e4rde f\u00f6r unga och bidrar till lokalsamh\u00e4llet<\/span><\/h2>\n<p>[\/vc_column_text][vc_separator color=&#8221;white&#8221; css=&#8221;&#8221;][\/vc_column][\/vc_row][vc_row][vc_column][vc_row_inner][vc_column_inner][vc_column_text css=&#8221;&#8221;]<\/p>\n<h1 style=\"text-align: center;\"><span style=\"color: #008b47;\"><u>Om Hallands 4H<\/u><\/span><\/h1>\n<p><!--more--><\/p>\n<p style=\"text-align: center;\">Hallands 4H skapar m\u00f6tesplatser d\u00e4r barn och unga utvecklas genom att g\u00f6ra, samarbeta och ta ansvar. Verksamheten bygger p\u00e5 lokalt engagemang d\u00e4r unga sj\u00e4lva \u00e4r delaktiga i att forma inneh\u00e5llet.<\/p>\n<p style=\"text-align: center;\">Varje termin deltar \u00f6ver 300 barn och unga i Hallands 4H:s verksamhet. Genom samverkan med skolor, byalag och familjer n\u00e5r verksamheten ytterligare omkring 700 personer. Under 2025 startades dessutom 20 ungdomsdrivna 4H-f\u00f6retag inom omr\u00e5den som mat, djur, odling och hantverk.<\/p>\n<p style=\"text-align: center;\">Ut\u00f6ver den ordinarie klubbverksamheten deltar medlemmarna i gemensamma aktiviteter som exempelvis 4H-kv\u00e4llar, l\u00e4ger och ledarutbildningar.<\/p>\n<p>[\/vc_column_text][vc_btn title=&#8221;Vill du veta mer? tryck h\u00e4r&#8221; color=&#8221;green&#8221; size=&#8221;lg&#8221; align=&#8221;left&#8221; css=&#8221;&#8221; link=&#8221;url:https%3A%2F%2Fwww.4h.se%2Fhalland%2Fvarfor-hur-vad%2F|title:Varf%C3%B6r%20finns%204H%3F%20Hur%20jobbar%204H%3F%20Vad%20g%C3%B6r%204H%3F&#8221;][\/vc_column_inner][\/vc_row_inner][vc_row_inner][vc_column_inner width=&#8221;1\/2&#8243;][vc_separator color=&#8221;white&#8221; css=&#8221;&#8221;][vc_single_image image=&#8221;2842&#8243; img_size=&#8221;medium&#8221; style=&#8221;vc_box_shadow&#8221; css=&#8221;&#8221;][vc_separator color=&#8221;white&#8221; css=&#8221;&#8221;][\/vc_column_inner][vc_column_inner width=&#8221;1\/2&#8243;][vc_column_text css=&#8221;&#8221;]<\/p>\n<h1><span style=\"color: #641537;\">Det h\u00e4r kan Hallands 4H bidra med<\/span><\/h1>\n<p>&nbsp;<\/p>\n<h3><span style=\"color: #000000;\">\u2022 meningsfull fritid f\u00f6r unga<\/span><\/h3>\n<h3><span style=\"color: #000000;\">\u2022 fler lokala ledare och f\u00f6rebilder<\/span><\/h3>\n<h3><span style=\"color: #000000;\">\u2022 aktiviteter i landsbygd och mindre orter<\/span><\/h3>\n<h3><span style=\"color: #000000;\">\u2022 projekt som st\u00e4rker social h\u00e5llbarhet<\/span><\/h3>\n<h3><span style=\"color: #000000;\">\u2022 samverkan med skola och civilsamh\u00e4lle<\/span><\/h3>\n<p>[\/vc_column_text][\/vc_column_inner][\/vc_row_inner][vc_toggle title=&#8221;Fr\u00e5n id\u00e9 till verklighet&#8221; color=&#8221;green&#8221; size=&#8221;lg&#8221; custom_font_container=&#8221;tag:h1|text_align:left&#8221; custom_use_theme_fonts=&#8221;yes&#8221; css=&#8221;&#8221; use_custom_heading=&#8221;true&#8221;]<\/p>\n<p data-start=\"99\" data-end=\"316\">Hallands 4H jobbar aktivt med att f\u00e5 id\u00e9er att bli verklighet. Vi utg\u00e5r fr\u00e5n ungas<\/p>\n<p data-start=\"99\" data-end=\"316\"><img loading=\"lazy\" decoding=\"async\" class=\"size-medium wp-image-2930 alignright\" src=\"https:\/\/www.4h.se\/halland\/wp-content\/uploads\/sites\/69\/2024\/05\/Lager_Astad_Halland_Alma_Bengtsson_MG_7113_web-450x300.jpg\" alt=\"\" width=\"450\" height=\"300\" srcset=\"https:\/\/www.4h.se\/halland\/wp-content\/uploads\/sites\/69\/2024\/05\/Lager_Astad_Halland_Alma_Bengtsson_MG_7113_web-450x300.jpg 450w, https:\/\/www.4h.se\/halland\/wp-content\/uploads\/sites\/69\/2024\/05\/Lager_Astad_Halland_Alma_Bengtsson_MG_7113_web-970x647.jpg 970w, https:\/\/www.4h.se\/halland\/wp-content\/uploads\/sites\/69\/2024\/05\/Lager_Astad_Halland_Alma_Bengtsson_MG_7113_web-170x113.jpg 170w, https:\/\/www.4h.se\/halland\/wp-content\/uploads\/sites\/69\/2024\/05\/Lager_Astad_Halland_Alma_Bengtsson_MG_7113_web-768x512.jpg 768w, https:\/\/www.4h.se\/halland\/wp-content\/uploads\/sites\/69\/2024\/05\/Lager_Astad_Halland_Alma_Bengtsson_MG_7113_web-1536x1024.jpg 1536w, https:\/\/www.4h.se\/halland\/wp-content\/uploads\/sites\/69\/2024\/05\/Lager_Astad_Halland_Alma_Bengtsson_MG_7113_web-2048x1365.jpg 2048w\" sizes=\"auto, (max-width: 450px) 100vw, 450px\" \/>engagemang och lokala behov, och ser till att skapa en bra grund fr\u00e5n start<\/p>\n<p data-start=\"99\" data-end=\"316\">samtidigt som verksamheten hela tiden utvecklas vidare.<\/p>\n<p data-start=\"323\" data-end=\"445\">Genom att st\u00e4ndigt arbeta med att utveckla och st\u00e4rka v\u00e5r struktur,<\/p>\n<p data-start=\"323\" data-end=\"445\">v\u00e5rt st\u00f6d och v\u00e5r utbildning skapar vi verksamheter som h\u00e5ller \u00f6ver tid<\/p>\n<p data-start=\"323\" data-end=\"445\">med engagemang, delaktighet och stabilitet.<\/p>\n<p>[\/vc_toggle][vc_toggle title=&#8221;S\u00e5 arbetar vi och \u00e4r organiserade&#8221; color=&#8221;green&#8221; size=&#8221;lg&#8221; custom_font_container=&#8221;tag:h1|text_align:left&#8221; custom_use_theme_fonts=&#8221;yes&#8221; css=&#8221;&#8221; use_custom_heading=&#8221;true&#8221;]<\/p>\n<p data-start=\"161\" data-end=\"267\">Arbetet vilar p\u00e5 en demokratisk grund, f\u00f6rankrad i 4H:s stadgar, d\u00e4r inflytande och respekt \u00e4r centrala.<\/p>\n<p data-start=\"274\" data-end=\"370\">4H \u00e4r en organisation av unga f\u00f6r unga, d\u00e4r l\u00e4rande sker genom mottot <em data-start=\"344\" data-end=\"367\">\u201cl\u00e4ra genom att g\u00f6ra\u201d<\/em>.<\/p>\n<p data-start=\"377\" data-end=\"540\">Genom en stabil organisation skapas en verksamhet som \u00e4r b\u00e5de flexibel och h\u00e5llbar \u00f6ver tid,<\/p>\n<p data-start=\"377\" data-end=\"540\">d\u00e4r engagemang v\u00e4xer och unga f\u00e5r m\u00f6jlighet att p\u00e5verka och utvecklas.<\/p>\n<p><img loading=\"lazy\" decoding=\"async\" class=\" wp-image-1999 alignright\" src=\"https:\/\/www.4h.se\/halland\/wp-content\/uploads\/sites\/69\/2018\/11\/Rix19_Gotland_2019_Alma_Bengtsson_027_web-450x300.jpg\" alt=\"\" width=\"586\" height=\"390\" srcset=\"https:\/\/www.4h.se\/halland\/wp-content\/uploads\/sites\/69\/2018\/11\/Rix19_Gotland_2019_Alma_Bengtsson_027_web-450x300.jpg 450w, https:\/\/www.4h.se\/halland\/wp-content\/uploads\/sites\/69\/2018\/11\/Rix19_Gotland_2019_Alma_Bengtsson_027_web-170x113.jpg 170w, https:\/\/www.4h.se\/halland\/wp-content\/uploads\/sites\/69\/2018\/11\/Rix19_Gotland_2019_Alma_Bengtsson_027_web-970x647.jpg 970w\" sizes=\"auto, (max-width: 586px) 100vw, 586px\" \/><\/p>\n<h3 data-section-id=\"14srxkc\" data-start=\"877\" data-end=\"896\"><span role=\"text\"><strong data-start=\"881\" data-end=\"896\">L\u00e4nsf\u00f6rbund<\/strong><\/span><\/h3>\n<p data-start=\"897\" data-end=\"971\">Samordnar och st\u00f6ttar verksamheten regionalt genom styrelse och anst\u00e4llda.<\/p>\n<h3 data-section-id=\"1x5zm71\" data-start=\"973\" data-end=\"986\"><span role=\"text\"><strong data-start=\"977\" data-end=\"986\">Krets<\/strong><\/span><\/h3>\n<p data-start=\"987\" data-end=\"1056\">Samlar flera klubbar och skapar samverkan och gemensamma aktiviteter.<\/p>\n<h3 data-section-id=\"153hld3\" data-start=\"1058\" data-end=\"1073\"><span role=\"text\"><strong data-start=\"1062\" data-end=\"1073\">Klubbar<\/strong><\/span><\/h3>\n<p data-start=\"1074\" data-end=\"1158\">H\u00e4r bedrivs verksamheten \u2013 unga tr\u00e4ffas, driver aktiviteter och p\u00e5verkar inneh\u00e5llet.<\/p>\n<h3 data-section-id=\"1ydhvrk\" data-start=\"1160\" data-end=\"1177\"><span role=\"text\"><strong data-start=\"1164\" data-end=\"1177\">4H-g\u00e5rdar<\/strong><\/span><\/h3>\n<p data-start=\"1178\" data-end=\"1239\">\u00d6ppna m\u00f6tesplatser f\u00f6r l\u00e4rande om djur, natur och h\u00e5llbarhet.<\/p>\n<h3 data-section-id=\"g5cewr\" data-start=\"1241\" data-end=\"1256\"><span role=\"text\"><strong data-start=\"1245\" data-end=\"1256\">Projekt<\/strong><\/span><\/h3>\n<p data-start=\"1257\" data-end=\"1321\">Utvecklar verksamheten, n\u00e5r fler unga och testar nya arbetss\u00e4tt.<\/p>\n<p>[\/vc_toggle][vc_toggle title=&#8221;V\u00e5rt bidrag till lokala och globala m\u00e5l&#8221; color=&#8221;green&#8221; size=&#8221;lg&#8221; custom_font_container=&#8221;tag:h1|text_align:left&#8221; custom_use_theme_fonts=&#8221;yes&#8221; css=&#8221;&#8221; use_custom_heading=&#8221;true&#8221;]<\/p>\n<p data-start=\"192\" data-end=\"392\">Hallands 4H bidrar till lokala, regionala och globala m\u00e5l genom<\/p>\n<p data-start=\"192\" data-end=\"392\"><img loading=\"lazy\" decoding=\"async\" class=\" wp-image-1583 alignright\" src=\"https:\/\/www.4h.se\/halland\/wp-content\/uploads\/sites\/69\/2019\/01\/Devonutbyte_Halland_2013_Alma_Bengtsson_009-450x300.jpg\" alt=\"\" width=\"500\" height=\"333\" srcset=\"https:\/\/www.4h.se\/halland\/wp-content\/uploads\/sites\/69\/2019\/01\/Devonutbyte_Halland_2013_Alma_Bengtsson_009-450x300.jpg 450w, https:\/\/www.4h.se\/halland\/wp-content\/uploads\/sites\/69\/2019\/01\/Devonutbyte_Halland_2013_Alma_Bengtsson_009-170x113.jpg 170w, https:\/\/www.4h.se\/halland\/wp-content\/uploads\/sites\/69\/2019\/01\/Devonutbyte_Halland_2013_Alma_Bengtsson_009-970x647.jpg 970w, https:\/\/www.4h.se\/halland\/wp-content\/uploads\/sites\/69\/2019\/01\/Devonutbyte_Halland_2013_Alma_Bengtsson_009.jpg 2000w\" sizes=\"auto, (max-width: 500px) 100vw, 500px\" \/>att integrera de p\u00e5 ett naturligt s\u00e4tt i den dagliga verksamheten.<\/p>\n<p>Detta oms\u00e4tts i praktiken genom klubbar, l\u00e4ger, utbildningar och lokala samarbeten.<\/p>\n<p data-start=\"399\" data-end=\"529\">Genom detta st\u00e4rker 4H ungas m\u00f6jlighet att utvecklas,<\/p>\n<p data-start=\"399\" data-end=\"529\">ta ansvar och bidra till ett l\u00e5ngsiktigt h\u00e5llbart och levande lokalsamh\u00e4lle.<\/p>\n<p>&nbsp;<\/p>\n<p>L\u00e4s mer h\u00e4r: <a href=\"https:\/\/www.4h.se\/halland\/hur-vi-paverkar-varlden\/\">Hur vi p\u00e5verkar v\u00e4rlden &#8211; 4H i Halland<\/a>[\/vc_toggle][vc_toggle title=&#8221;Samarbete utifr\u00e5n erat behov&#8221; color=&#8221;green&#8221; size=&#8221;lg&#8221; custom_font_container=&#8221;tag:h1|text_align:left&#8221; custom_use_theme_fonts=&#8221;yes&#8221; css=&#8221;&#8221; use_custom_heading=&#8221;true&#8221;]<\/p>\n<p data-start=\"128\" data-end=\"343\">Samverkan kan se olika ut beroende p\u00e5 kommunens och regionens behov, f\u00f6ruts\u00e4ttningar och m\u00e5ls\u00e4ttningar.<\/p>\n<p data-start=\"128\" data-end=\"343\">Modellen \u00e4r flexibel och anpassas efter lokala behov f\u00f6r att skapa en aktiv och inkluderande fritid f\u00f6r unga.<\/p>\n<p data-start=\"350\" data-end=\"477\"><img loading=\"lazy\" decoding=\"async\" class=\"size-medium wp-image-2243 alignright\" src=\"https:\/\/www.4h.se\/halland\/wp-content\/uploads\/sites\/69\/2021\/10\/166641698_3919042384801128_2385289813067794472_n-394x300.jpg\" alt=\"\" width=\"394\" height=\"300\" srcset=\"https:\/\/www.4h.se\/halland\/wp-content\/uploads\/sites\/69\/2021\/10\/166641698_3919042384801128_2385289813067794472_n-394x300.jpg 394w, https:\/\/www.4h.se\/halland\/wp-content\/uploads\/sites\/69\/2021\/10\/166641698_3919042384801128_2385289813067794472_n-170x129.jpg 170w, https:\/\/www.4h.se\/halland\/wp-content\/uploads\/sites\/69\/2021\/10\/166641698_3919042384801128_2385289813067794472_n-970x738.jpg 970w, https:\/\/www.4h.se\/halland\/wp-content\/uploads\/sites\/69\/2021\/10\/166641698_3919042384801128_2385289813067794472_n.jpg 1280w\" sizes=\"auto, (max-width: 394px) 100vw, 394px\" \/><\/p>\n<p data-start=\"484\" data-end=\"645\">Genom samverkan, praktik och samarbeten skapas f\u00f6ruts\u00e4ttningar<\/p>\n<p data-start=\"484\" data-end=\"645\">f\u00f6r fler unga att ta del av en trygg och aktiv fritid och en kultur de sj\u00e4lva \u00e4r med och formar.<\/p>\n<p>[\/vc_toggle][vc_zigzag color=&#8221;white&#8221;][vc_separator color=&#8221;white&#8221; css=&#8221;&#8221;][vc_separator color=&#8221;white&#8221; css=&#8221;&#8221;][vc_text_separator title=&#8221;L\u00e4nsf\u00f6rbundsstyrelsen&#8221; title_align=&#8221;separator_align_left&#8221; align=&#8221;align_left&#8221; color=&#8221;green&#8221; border_width=&#8221;10&#8243; css=&#8221;&#8221;][\/vc_column][\/vc_row][vc_row][vc_column width=&#8221;1\/4&#8243;][vc_single_image image=&#8221;2955&#8243; img_size=&#8221;500&#215;500&#8243; alignment=&#8221;center&#8221; style=&#8221;vc_box_rounded&#8221; css=&#8221;&#8221;][vc_column_text]<\/p>\n<h3>Ordf\u00f6rande<\/h3>\n<h4>Hampus Brink<\/h4>\n<p>F\u00f6dd 1998 och \u00e4r medlem i Valinge 4H-klubb. N\u00e4r han inte engagerar sig i\u00a04H jobbar han i filmbranschen.<\/p>\n<hr \/>\n<p><strong>Ansvaromr\u00e5den inom styrelsen<\/strong><\/p>\n<p>Organisering &amp; kommunikation<\/p>\n<hr \/>\n<p><strong>Kontaktuppgifter<\/strong><\/p>\n<p>Mobil 0768124652<\/p>\n<p>Mail Hampus.Brink@4H.se<\/p>\n<p>&nbsp;[\/vc_column_text][\/vc_column][vc_column width=&#8221;1\/4&#8243;][vc_single_image image=&#8221;2846&#8243; img_size=&#8221;500&#215;500&#8243; alignment=&#8221;center&#8221; style=&#8221;vc_box_rounded&#8221;][vc_column_text css=&#8221;&#8221;]<\/p>\n<h3>Vice ordf\u00f6rande<\/h3>\n<h4>Emilia Andersson<\/h4>\n<p>F\u00f6dd 1998 och \u00e4r medlem i Valinge 4H-klubb. N\u00e4r hon inte engagerar sig i 4H pluggar hon i Link\u00f6ping.<\/p>\n<hr \/>\n<p><strong>Ansvaromr\u00e5den inom styrelsen<\/strong><\/p>\n<p>Klubbverksamheten<\/p>\n<hr \/>\n<p><strong>Kontaktuppgifter<\/strong><\/p>\n<p>Mail Emilia.Andersson@4H.se<\/p>\n<p>&nbsp;[\/vc_column_text][\/vc_column][vc_column width=&#8221;1\/4&#8243;][vc_single_image image=&#8221;2768&#8243; img_size=&#8221;500&#215;500&#8243; alignment=&#8221;center&#8221; style=&#8221;vc_box_rounded&#8221;][vc_column_text]<\/p>\n<h3>Ekonomiansvarig<\/h3>\n<h4>Oliver Brink<\/h4>\n<p>F\u00f6dd 1998 och \u00e4r medlem i Valinge 4H-klubb. N\u00e4r han inte engagerar sig i\u00a04H studerar han p\u00e5 Chalmers i G\u00f6teborg.<\/p>\n<hr \/>\n<p><strong>Ansvaromr\u00e5den inom styrelsen<\/strong><\/p>\n<p>Ekonomi<\/p>\n<hr \/>\n<p><strong>Kontaktuppgifter<\/strong><\/p>\n<p>Mail Oliver.Brink@4H.se<\/p>\n<p>&nbsp;[\/vc_column_text][\/vc_column][vc_column width=&#8221;1\/4&#8243;][vc_single_image image=&#8221;3200&#8243; img_size=&#8221;500&#215;500&#8243; alignment=&#8221;center&#8221; style=&#8221;vc_box_rounded&#8221; css=&#8221;&#8221;][vc_column_text css=&#8221;&#8221;]<\/p>\n<h3>Ledamot<\/h3>\n<h4>Filip Bengtsson<\/h4>\n<p>F\u00f6dd 2006 och \u00e4r medlem i Sibbarps 4H-klubb.<\/p>\n<hr \/>\n<p><strong>Ansvaromr\u00e5den inom styrelsen<\/strong><\/p>\n<p>Klubbansvarig<\/p>\n<hr \/>\n<p><strong>Kontaktuppgifter<\/strong><\/p>\n<p>Mail Filip.Bengtsson@4H.se<\/p>\n<p>&nbsp;[\/vc_column_text][\/vc_column][\/vc_row][vc_row][vc_column][vc_text_separator title=&#8221;Personal&#8221; title_align=&#8221;separator_align_left&#8221; align=&#8221;align_left&#8221; color=&#8221;green&#8221; border_width=&#8221;10&#8243; css=&#8221;&#8221;][\/vc_column][\/vc_row][vc_row][vc_column width=&#8221;1\/4&#8243;][vc_single_image image=&#8221;2767&#8243; img_size=&#8221;500&#215;500&#8243; alignment=&#8221;center&#8221; style=&#8221;vc_box_rounded&#8221;][vc_column_text css=&#8221;&#8221;]<\/p>\n<h3>Verksamhetsledare<\/h3>\n<h4>Per Norrman<\/h4>\n<p>&nbsp;<\/p>\n<hr \/>\n<p><strong>Kontaktuppgifter<\/strong><\/p>\n<p>Mobil\u00a00725 12 15 01<\/p>\n<p>Mail Per.Norrman@4H.se<\/p>\n<p>&nbsp;[\/vc_column_text][\/vc_column][vc_column width=&#8221;1\/4&#8243;][vc_single_image image=&#8221;2760&#8243; img_size=&#8221;500&#215;500&#8243; alignment=&#8221;center&#8221; style=&#8221;vc_box_rounded&#8221;][vc_column_text]<\/p>\n<h3>Ungdomsinstrukt\u00f6r<\/h3>\n<h4>Andreas Andersson<\/h4>\n<p>N\u00e4r han inte jobbar inom 4H gillar Andreas att g\u00e5 p\u00e5 olika typer av konserter och vara ute i naturen.<\/p>\n<hr \/>\n<p><strong>Kontaktuppgifter<\/strong><\/p>\n<p>Mobil\u00a00725 12 15 08<\/p>\n<p>Mail Andreas.Andersson@4H.se<\/p>\n<p>&nbsp;[\/vc_column_text][\/vc_column][\/vc_row]<\/p>\n<\/div>","protected":false},"excerpt":{"rendered":"<p>[vc_row][vc_column][vc_single_image image=&#8221;3195&#8243; img_size=&#8221;600&#215;450&#8243; alignment=&#8221;center&#8221; style=&#8221;vc_box_border_circle&#8221; css=&#8221;&#8221;][vc_column_text css=&#8221;&#8221;] Hallands 4H \u2013 samverkan s\u00e5 h\u00e4r skapar hallands 4h v\u00e4rde f\u00f6r unga och bidrar till lokalsamh\u00e4llet [\/vc_column_text][vc_separator color=&#8221;white&#8221; css=&#8221;&#8221;][\/vc_column][\/vc_row][vc_row][vc_column][vc_row_inner][vc_column_inner][vc_column_text css=&#8221;&#8221;] Om Hallands 4H<\/p>\n","protected":false},"author":142,"featured_media":0,"parent":0,"menu_order":133,"comment_status":"closed","ping_status":"closed","template":"","meta":{"footnotes":""},"class_list":["post-3181","page","type-page","status-publish","hentry"],"yoast_head":"<!-- This site is optimized with the Yoast SEO plugin v27.4 - https:\/\/yoast.com\/product\/yoast-seo-wordpress\/ -->\n<title>Samverka med 4H - 4H i Halland<\/title>\n<meta name=\"robots\" content=\"index, follow, max-snippet:-1, max-image-preview:large, max-video-preview:-1\" \/>\n<link rel=\"canonical\" href=\"https:\/\/www.4h.se\/halland\/externa\/\" \/>\n<meta property=\"og:locale\" content=\"sv_SE\" \/>\n<meta property=\"og:type\" content=\"article\" \/>\n<meta property=\"og:title\" content=\"Samverka med 4H - 4H i Halland\" \/>\n<meta property=\"og:description\" content=\"[vc_row][vc_column][vc_single_image image=&#8221;3195&#8243; img_size=&#8221;600&#215;450&#8243; alignment=&#8221;center&#8221; style=&#8221;vc_box_border_circle&#8221; css=&#8221;&#8221;][vc_column_text css=&#8221;&#8221;] Hallands 4H \u2013 samverkan s\u00e5 h\u00e4r skapar hallands 4h v\u00e4rde f\u00f6r unga och bidrar till lokalsamh\u00e4llet [\/vc_column_text][vc_separator color=&#8221;white&#8221; css=&#8221;&#8221;][\/vc_column][\/vc_row][vc_row][vc_column][vc_row_inner][vc_column_inner][vc_column_text css=&#8221;&#8221;] Om Hallands 4H\" \/>\n<meta property=\"og:url\" content=\"https:\/\/www.4h.se\/halland\/externa\/\" \/>\n<meta property=\"og:site_name\" content=\"4H i Halland\" \/>\n<meta property=\"article:publisher\" content=\"https:\/\/www.facebook.com\/hallands4h\/\" \/>\n<meta property=\"article:modified_time\" content=\"2026-04-16T17:15:34+00:00\" \/>\n<meta property=\"og:image\" content=\"https:\/\/www.4h.se\/halland\/wp-content\/uploads\/sites\/69\/2024\/05\/Lager_Astad_Halland_Alma_Bengtsson_MG_7113_web-scaled.jpg\" \/>\n\t<meta property=\"og:image:width\" content=\"2560\" \/>\n\t<meta property=\"og:image:height\" content=\"1707\" \/>\n\t<meta property=\"og:image:type\" content=\"image\/jpeg\" \/>\n<meta name=\"twitter:card\" content=\"summary_large_image\" \/>\n<meta name=\"twitter:site\" content=\"@Hallands4H\" \/>\n<script type=\"application\/ld+json\" class=\"yoast-schema-graph\">{\"@context\":\"https:\\\/\\\/schema.org\",\"@graph\":[{\"@type\":\"WebPage\",\"@id\":\"https:\\\/\\\/www.4h.se\\\/halland\\\/externa\\\/\",\"url\":\"https:\\\/\\\/www.4h.se\\\/halland\\\/externa\\\/\",\"name\":\"Samverka med 4H - 4H i Halland\",\"isPartOf\":{\"@id\":\"https:\\\/\\\/www.4h.se\\\/halland\\\/#website\"},\"primaryImageOfPage\":{\"@id\":\"https:\\\/\\\/www.4h.se\\\/halland\\\/externa\\\/#primaryimage\"},\"image\":{\"@id\":\"https:\\\/\\\/www.4h.se\\\/halland\\\/externa\\\/#primaryimage\"},\"thumbnailUrl\":\"https:\\\/\\\/www.4h.se\\\/halland\\\/wp-content\\\/uploads\\\/sites\\\/69\\\/2024\\\/05\\\/Lager_Astad_Halland_Alma_Bengtsson_MG_7113_web-450x300.jpg\",\"datePublished\":\"2026-04-02T09:47:03+00:00\",\"dateModified\":\"2026-04-16T17:15:34+00:00\",\"breadcrumb\":{\"@id\":\"https:\\\/\\\/www.4h.se\\\/halland\\\/externa\\\/#breadcrumb\"},\"inLanguage\":\"sv-SE\",\"potentialAction\":[{\"@type\":\"ReadAction\",\"target\":[\"https:\\\/\\\/www.4h.se\\\/halland\\\/externa\\\/\"]}]},{\"@type\":\"ImageObject\",\"inLanguage\":\"sv-SE\",\"@id\":\"https:\\\/\\\/www.4h.se\\\/halland\\\/externa\\\/#primaryimage\",\"url\":\"https:\\\/\\\/www.4h.se\\\/halland\\\/wp-content\\\/uploads\\\/sites\\\/69\\\/2024\\\/05\\\/Lager_Astad_Halland_Alma_Bengtsson_MG_7113_web-scaled.jpg\",\"contentUrl\":\"https:\\\/\\\/www.4h.se\\\/halland\\\/wp-content\\\/uploads\\\/sites\\\/69\\\/2024\\\/05\\\/Lager_Astad_Halland_Alma_Bengtsson_MG_7113_web-scaled.jpg\",\"width\":2560,\"height\":1707},{\"@type\":\"BreadcrumbList\",\"@id\":\"https:\\\/\\\/www.4h.se\\\/halland\\\/externa\\\/#breadcrumb\",\"itemListElement\":[{\"@type\":\"ListItem\",\"position\":1,\"name\":\"Hem\",\"item\":\"https:\\\/\\\/www.4h.se\\\/halland\\\/\"},{\"@type\":\"ListItem\",\"position\":2,\"name\":\"Samverka med 4H\"}]},{\"@type\":\"WebSite\",\"@id\":\"https:\\\/\\\/www.4h.se\\\/halland\\\/#website\",\"url\":\"https:\\\/\\\/www.4h.se\\\/halland\\\/\",\"name\":\"4H i Halland\",\"description\":\"Av unga f\u00f6r unga\",\"potentialAction\":[{\"@type\":\"SearchAction\",\"target\":{\"@type\":\"EntryPoint\",\"urlTemplate\":\"https:\\\/\\\/www.4h.se\\\/halland\\\/?s={search_term_string}\"},\"query-input\":{\"@type\":\"PropertyValueSpecification\",\"valueRequired\":true,\"valueName\":\"search_term_string\"}}],\"inLanguage\":\"sv-SE\"}]}<\/script>\n<!-- \/ Yoast SEO plugin. -->","yoast_head_json":{"title":"Samverka med 4H - 4H i Halland","robots":{"index":"index","follow":"follow","max-snippet":"max-snippet:-1","max-image-preview":"max-image-preview:large","max-video-preview":"max-video-preview:-1"},"canonical":"https:\/\/www.4h.se\/halland\/externa\/","og_locale":"sv_SE","og_type":"article","og_title":"Samverka med 4H - 4H i Halland","og_description":"[vc_row][vc_column][vc_single_image image=&#8221;3195&#8243; img_size=&#8221;600&#215;450&#8243; alignment=&#8221;center&#8221; style=&#8221;vc_box_border_circle&#8221; css=&#8221;&#8221;][vc_column_text css=&#8221;&#8221;] Hallands 4H \u2013 samverkan s\u00e5 h\u00e4r skapar hallands 4h v\u00e4rde f\u00f6r unga och bidrar till lokalsamh\u00e4llet [\/vc_column_text][vc_separator color=&#8221;white&#8221; css=&#8221;&#8221;][\/vc_column][\/vc_row][vc_row][vc_column][vc_row_inner][vc_column_inner][vc_column_text css=&#8221;&#8221;] Om Hallands 4H","og_url":"https:\/\/www.4h.se\/halland\/externa\/","og_site_name":"4H i Halland","article_publisher":"https:\/\/www.facebook.com\/hallands4h\/","article_modified_time":"2026-04-16T17:15:34+00:00","og_image":[{"width":2560,"height":1707,"url":"https:\/\/www.4h.se\/halland\/wp-content\/uploads\/sites\/69\/2024\/05\/Lager_Astad_Halland_Alma_Bengtsson_MG_7113_web-scaled.jpg","type":"image\/jpeg"}],"twitter_card":"summary_large_image","twitter_site":"@Hallands4H","schema":{"@context":"https:\/\/schema.org","@graph":[{"@type":"WebPage","@id":"https:\/\/www.4h.se\/halland\/externa\/","url":"https:\/\/www.4h.se\/halland\/externa\/","name":"Samverka med 4H - 4H i Halland","isPartOf":{"@id":"https:\/\/www.4h.se\/halland\/#website"},"primaryImageOfPage":{"@id":"https:\/\/www.4h.se\/halland\/externa\/#primaryimage"},"image":{"@id":"https:\/\/www.4h.se\/halland\/externa\/#primaryimage"},"thumbnailUrl":"https:\/\/www.4h.se\/halland\/wp-content\/uploads\/sites\/69\/2024\/05\/Lager_Astad_Halland_Alma_Bengtsson_MG_7113_web-450x300.jpg","datePublished":"2026-04-02T09:47:03+00:00","dateModified":"2026-04-16T17:15:34+00:00","breadcrumb":{"@id":"https:\/\/www.4h.se\/halland\/externa\/#breadcrumb"},"inLanguage":"sv-SE","potentialAction":[{"@type":"ReadAction","target":["https:\/\/www.4h.se\/halland\/externa\/"]}]},{"@type":"ImageObject","inLanguage":"sv-SE","@id":"https:\/\/www.4h.se\/halland\/externa\/#primaryimage","url":"https:\/\/www.4h.se\/halland\/wp-content\/uploads\/sites\/69\/2024\/05\/Lager_Astad_Halland_Alma_Bengtsson_MG_7113_web-scaled.jpg","contentUrl":"https:\/\/www.4h.se\/halland\/wp-content\/uploads\/sites\/69\/2024\/05\/Lager_Astad_Halland_Alma_Bengtsson_MG_7113_web-scaled.jpg","width":2560,"height":1707},{"@type":"BreadcrumbList","@id":"https:\/\/www.4h.se\/halland\/externa\/#breadcrumb","itemListElement":[{"@type":"ListItem","position":1,"name":"Hem","item":"https:\/\/www.4h.se\/halland\/"},{"@type":"ListItem","position":2,"name":"Samverka med 4H"}]},{"@type":"WebSite","@id":"https:\/\/www.4h.se\/halland\/#website","url":"https:\/\/www.4h.se\/halland\/","name":"4H i Halland","description":"Av unga f\u00f6r unga","potentialAction":[{"@type":"SearchAction","target":{"@type":"EntryPoint","urlTemplate":"https:\/\/www.4h.se\/halland\/?s={search_term_string}"},"query-input":{"@type":"PropertyValueSpecification","valueRequired":true,"valueName":"search_term_string"}}],"inLanguage":"sv-SE"}]}},"_links":{"self":[{"href":"https:\/\/www.4h.se\/halland\/wp-json\/wp\/v2\/pages\/3181","targetHints":{"allow":["GET"]}}],"collection":[{"href":"https:\/\/www.4h.se\/halland\/wp-json\/wp\/v2\/pages"}],"about":[{"href":"https:\/\/www.4h.se\/halland\/wp-json\/wp\/v2\/types\/page"}],"author":[{"embeddable":true,"href":"https:\/\/www.4h.se\/halland\/wp-json\/wp\/v2\/users\/142"}],"replies":[{"embeddable":true,"href":"https:\/\/www.4h.se\/halland\/wp-json\/wp\/v2\/comments?post=3181"}],"version-history":[{"count":0,"href":"https:\/\/www.4h.se\/halland\/wp-json\/wp\/v2\/pages\/3181\/revisions"}],"wp:attachment":[{"href":"https:\/\/www.4h.se\/halland\/wp-json\/wp\/v2\/media?parent=3181"}],"curies":[{"name":"wp","href":"https:\/\/api.w.org\/{rel}","templated":true}]}}