



{"id":2858,"date":"2023-11-29T22:31:03","date_gmt":"2023-11-29T21:31:03","guid":{"rendered":"https:\/\/www.4h.se\/halland\/?page_id=2858"},"modified":"2025-03-24T15:27:39","modified_gmt":"2025-03-24T14:27:39","slug":"jobba-som-lagerchef","status":"publish","type":"page","link":"https:\/\/www.4h.se\/halland\/lediga-jobb\/jobba-som-lagerchef\/","title":{"rendered":"jobba som l\u00e4gerchef"},"content":{"rendered":"<div class=\"wpb-content-wrapper\"><p>[vc_row][vc_column][vc_single_image image=&#8221;2809&#8243; img_size=&#8221;2000&#215;250&#8243; alignment=&#8221;center&#8221; style=&#8221;vc_box_rounded&#8221;][\/vc_column][\/vc_row][vc_row][vc_column width=&#8221;1\/2&#8243;][vc_column_text]<\/p>\n<h1 style=\"text-align: left;\">Hallands 4H s\u00f6ker l\u00e4gerchefer till sommarens lantlivsl\u00e4ger<\/h1>\n<p>L\u00e4ger \u00e4r en rolig och l\u00e4rorik upplevelse f\u00f6r b\u00e5de barn och ledare. Som l\u00e4gerchef har du en viktig roll i att skapa en trygg och trivsam milj\u00f6 d\u00e4r alla kan ha kul och l\u00e4ra sig nya saker. Vill du vara med och skapa of\u00f6rgl\u00f6mliga sommarminnen f\u00f6r barn i \u00e5ldern 10-14 \u00e5r? <strong>D\u00e5 \u00e4r du den vi s\u00f6ker!<\/strong>[\/vc_column_text][vc_column_text css=&#8221;&#8221;]<\/p>\n<h3 style=\"text-align: left;\">Om oss<\/h3>\n<p style=\"text-align: left;\">Hallands 4H \u00e4r en ideell f\u00f6rening som arbetar f\u00f6r att uppn\u00e5 v\u00e5ran vision som \u00e4r att alla barn och unga ska utvecklas till engagerade, v\u00e4lm\u00e5ende, ansvarstagande m\u00e4nniskor med respekt f\u00f6r omv\u00e4rlden. Vi arrangerar olika aktiviteter, resor och utbildningar. Bland annat \u00f6vernattningsl\u00e4ger p\u00e5 sommaren p\u00e5 \u00c4stad 4H-g\u00e5rd i \u00c4stad.<\/p>\n<p>[\/vc_column_text][vc_column_text css=&#8221;&#8221;]<\/p>\n<h3 style=\"text-align: left;\">L\u00e4gerverksamheten<\/h3>\n<p style=\"text-align: left;\">V\u00e5ra l\u00e4ger \u00e4r fyllda med roliga och l\u00e4rorika aktiviteter som kanotpaddling, utflykter, t\u00e4vlingar, lekar, djursk\u00f6tsel, matlagning och friluftsliv. Vi sover inomhus p\u00e5 \u00c4stad 4H-g\u00e5rd, med undantag sista natten d\u00e4r ett par ledare tillsammans med deltagarna antingen sover i t\u00e4lt eller i ett vindskydd.<\/p>\n<p>[\/vc_column_text][\/vc_column][vc_column width=&#8221;1\/2&#8243;][vc_single_image image=&#8221;1834&#8243; img_size=&#8221;600&#215;600&#8243; alignment=&#8221;center&#8221; style=&#8221;vc_box_rounded&#8221;][\/vc_column][\/vc_row][vc_row][vc_column][vc_separator][\/vc_column][\/vc_row][vc_row][vc_column width=&#8221;1\/2&#8243;][vc_column_text]<\/p>\n<h3 style=\"text-align: left;\">Vi s\u00f6ker dig som<\/h3>\n<p>[\/vc_column_text][vc_message message_box_style=&#8221;solid-icon&#8221; message_box_color=&#8221;vista_blue&#8221; icon_type=&#8221;linecons&#8221; icon_linecons=&#8221;vc_li vc_li-like&#8221;]Har erfarenhet av att arbeta med barn och ungdomar.[\/vc_message][vc_message message_box_style=&#8221;solid-icon&#8221; message_box_color=&#8221;vista_blue&#8221; icon_type=&#8221;linecons&#8221; icon_linecons=&#8221;vc_li vc_li-like&#8221;]\u00c4r intresserad av friluftsliv och lantliv.[\/vc_message][vc_message message_box_style=&#8221;solid-icon&#8221; message_box_color=&#8221;vista_blue&#8221; icon_type=&#8221;linecons&#8221; icon_linecons=&#8221;vc_li vc_li-like&#8221;]\u00c4r simkunnig.[\/vc_message][vc_message message_box_style=&#8221;solid-icon&#8221; message_box_color=&#8221;vista_blue&#8221; icon_type=&#8221;linecons&#8221; icon_linecons=&#8221;vc_li vc_li-like&#8221;]Har k\u00f6rkort och egen bil.[\/vc_message][vc_message message_box_style=&#8221;solid-icon&#8221; message_box_color=&#8221;vista_blue&#8221; icon_type=&#8221;linecons&#8221; icon_linecons=&#8221;vc_li vc_li-like&#8221;]\u00c4r ansvarsfull, positiv och har l\u00e4tt f\u00f6r att fatta beslut.[\/vc_message][\/vc_column][vc_column width=&#8221;1\/2&#8243;][vc_column_text]<\/p>\n<h3 style=\"text-align: left;\">Som l\u00e4gerchef har du f\u00f6ljande ansvarsomr\u00e5den<\/h3>\n<p>[\/vc_column_text][vc_message message_box_style=&#8221;solid-icon&#8221; message_box_color=&#8221;vista_blue&#8221; icon_type=&#8221;linecons&#8221; icon_linecons=&#8221;vc_li vc_li-like&#8221;]Leda och organisera l\u00e4gret.[\/vc_message][vc_message message_box_style=&#8221;solid-icon&#8221; message_box_color=&#8221;vista_blue&#8221; icon_type=&#8221;linecons&#8221; icon_linecons=&#8221;vc_li vc_li-like&#8221;]Samarbeta med \u00f6vriga ledare[\/vc_message][vc_message message_box_style=&#8221;solid-icon&#8221; message_box_color=&#8221;vista_blue&#8221; icon_type=&#8221;linecons&#8221; icon_linecons=&#8221;vc_li vc_li-like&#8221;]Ha kontakt med v\u00e5rdnadshavare och personal.[\/vc_message][vc_message message_box_style=&#8221;solid-icon&#8221; message_box_color=&#8221;vista_blue&#8221; icon_type=&#8221;linecons&#8221; icon_linecons=&#8221;vc_li vc_li-like&#8221;]Vara en god f\u00f6rebild.[\/vc_message][vc_message message_box_style=&#8221;solid-icon&#8221; message_box_color=&#8221;vista_blue&#8221; icon_type=&#8221;linecons&#8221; icon_linecons=&#8221;vc_li vc_li-like&#8221;]Se till att l\u00e4gret genomf\u00f6rs p\u00e5 ett s\u00e4kert och tryggt s\u00e4tt.[\/vc_message][\/vc_column][\/vc_row][vc_row][vc_column][vc_separator][\/vc_column][\/vc_row][vc_row][vc_column width=&#8221;1\/2&#8243;][vc_column_text css=&#8221;&#8221;]<\/p>\n<h3>Utbildning<\/h3>\n<p>F\u00f6r att du ska ha r\u00e4tt f\u00f6ruts\u00e4ttningar f\u00f6r att vara en bra l\u00e4gerchef erbjuder vi en rad olika utbildningar. Det \u00e4r obligatoriskt att g\u00e5 de utbildningar vi erbjuder om du blir erbjuden jobb via oss.[\/vc_column_text][vc_column_text css=&#8221;&#8221;]<\/p>\n<h3>Veckor<\/h3>\n<p>En vanlig l\u00e4gervecka b\u00f6rjar med jobb p\u00e5 s\u00f6ndagen 11.00 och avslutas vid 23.00 p\u00e5 torsdagen. Mat och boende ing\u00e5r alltid b\u00e5de n\u00e4r du jobbar och n\u00e4r du \u00e4r ledig under datumen ovan.<\/p>\n<p>&nbsp;<\/p>\n<h4><strong>Som l\u00e4gerchef beh\u00f6ver du kunna jobba f\u00f6ljande veckor 2025<\/strong><\/h4>\n<p>[\/vc_column_text][vc_message message_box_style=&#8221;solid-icon&#8221; message_box_color=&#8221;vista_blue&#8221; icon_type=&#8221;linecons&#8221; css=&#8221;&#8221; icon_linecons=&#8221;vc_li vc_li-like&#8221;]Vecka 24 (9-13 juni) &#8211; F\u00f6rberedelsevecka[\/vc_message][vc_message message_box_style=&#8221;solid-icon&#8221; message_box_color=&#8221;vista_blue&#8221; icon_type=&#8221;linecons&#8221; css=&#8221;&#8221; icon_linecons=&#8221;vc_li vc_li-like&#8221;]Vecka 25 (15-19 juni)[\/vc_message][vc_message message_box_style=&#8221;solid-icon&#8221; message_box_color=&#8221;vista_blue&#8221; icon_type=&#8221;linecons&#8221; css=&#8221;&#8221; icon_linecons=&#8221;vc_li vc_li-like&#8221;]Vecka 26 (22-26 juni[\/vc_message][vc_message message_box_style=&#8221;solid-icon&#8221; message_box_color=&#8221;vista_blue&#8221; icon_type=&#8221;linecons&#8221; css=&#8221;&#8221; icon_linecons=&#8221;vc_li vc_li-like&#8221;]Vecka 27 (29 juni-3 juli)[\/vc_message][vc_message message_box_style=&#8221;solid-icon&#8221; message_box_color=&#8221;vista_blue&#8221; icon_type=&#8221;linecons&#8221; css=&#8221;&#8221; icon_linecons=&#8221;vc_li vc_li-like&#8221;]Vecka 28 (6-10 juli)[\/vc_message][vc_message message_box_style=&#8221;solid-icon&#8221; message_box_color=&#8221;vista_blue&#8221; icon_type=&#8221;linecons&#8221; css=&#8221;&#8221; icon_linecons=&#8221;vc_li vc_li-like&#8221;]Vecka 32 (3-7 augusti)[\/vc_message][vc_separator][vc_column_text]<\/p>\n<h3>Registerutdrag fr\u00e5n polisen<\/h3>\n<p>Alla som ska jobba f\u00f6r Hallands 4H m\u00e5ste visa upp ett godk\u00e4nt belastningsregister. Att best\u00e4lla ett registerutdrag \u00e4r gratis, men kan ta lite tid. F\u00f6r att rekryteringen ska g\u00e5 s\u00e5 l\u00e4tt som m\u00f6jligt kan du redan nu best\u00e4lla ett registerutdrag, p\u00e5 s\u00e5 s\u00e4tt \u00e4r du f\u00f6rberedd ifall du \u00e4r aktuell f\u00f6r en anst\u00e4llning hos oss.<\/p>\n<p>F\u00f6lj l\u00e4nken, klicka vidare till \u201dannan verksamhet \u00e4n skola och barnomsorg. P\u00e5 fr\u00e5gan \u201dVilken typ av belastningsregister vill du beg\u00e4ra ut?\u201d Svarar du: Arbete med barn i annan verksamhet \u00e4n skola och barnomsorg.[\/vc_column_text][vc_btn title=&#8221;Best\u00e4ll registerutdrag fr\u00e5n polisen h\u00e4r&#8221; style=&#8221;3d&#8221; color=&#8221;success&#8221; size=&#8221;lg&#8221; align=&#8221;center&#8221; button_block=&#8221;true&#8221; link=&#8221;url:https%3A%2F%2Fpolisen.se%2Ftjanster-tillstand%2Fbelastningsregistret%2F|title:Registerutdrag|target:_blank&#8221;][\/vc_column][vc_column width=&#8221;1\/2&#8243;][vc_single_image image=&#8221;2273&#8243; img_size=&#8221;600&#215;1225&#8243; alignment=&#8221;center&#8221; style=&#8221;vc_box_rounded&#8221;][\/vc_column][\/vc_row][vc_row][vc_column][vc_separator][\/vc_column][\/vc_row][vc_row][vc_column][vc_column_text]<\/p>\n<h3>Tidsplan f\u00f6r rekryteringen<\/h3>\n<p>[\/vc_column_text][\/vc_column][\/vc_row][vc_row][vc_column width=&#8221;1\/4&#8243;][vc_column_text css=&#8221;&#8221;]<\/p>\n<h4>September &#8211; december 2024<\/h4>\n<p>Rekryteringen av erfarna ledare startar. Har du jobbat som l\u00e4gerledare tidigare kan du f\u00f6rv\u00e4nta dig att bli rekryterad innan \u00e5rsskiftet.[\/vc_column_text][\/vc_column][vc_column width=&#8221;1\/4&#8243;][vc_column_text css=&#8221;&#8221;]<\/p>\n<h4>Januari &#8211; februari 2025<\/h4>\n<p>Under den h\u00e4r perioden rekryterar vi resterande ledare f\u00f6r alla v\u00e5ra sommarl\u00e4ger. Du kan f\u00f6rv\u00e4nta dig att f\u00e5 svar om du \u00e4r aktuell f\u00f6r oss eller inte under den h\u00e4r tiden.[\/vc_column_text][\/vc_column][vc_column width=&#8221;1\/4&#8243;][vc_column_text css=&#8221;&#8221;]<\/p>\n<h4>Mars &#8211; april 2025<\/h4>\n<p>Rekryteringen b\u00f6rjar bli klar och utbildning sker f\u00f6r alla v\u00e5ra l\u00e4gerledare. Utbildningstillf\u00e4llena \u00e4r obligatoriska f\u00f6r alla ledare oavsett roll och erfarenhet.[\/vc_column_text][\/vc_column][vc_column width=&#8221;1\/4&#8243;][vc_column_text css=&#8221;&#8221;]<\/p>\n<h4>juni &#8211; augusti 2025<\/h4>\n<p>Ytterligare utbildningstillf\u00e4llen sker i b\u00f6rjan p\u00e5 juni och v\u00e5ra l\u00e4ger startar samt p\u00e5g\u00e5r under den h\u00e4r perioden.[\/vc_column_text][\/vc_column][\/vc_row][vc_row][vc_column][vc_separator][\/vc_column][\/vc_row][vc_row][vc_column width=&#8221;1\/2&#8243;][vc_column_text css=&#8221;&#8221;]<\/p>\n<h3>S\u00f6k jobbet som l\u00e4gerchef h\u00e4r!<\/h3>\n<p>Har du fr\u00e5gor och funderingar f\u00e5r du g\u00e4rna h\u00f6ra av dig till Ellen Svensson som \u00e4r Hallands 4Hs l\u00e4geransvariga. Ring eller SMS till Ellen p\u00e5: 0700478728 och maila g\u00e4rna personligt brev och CV till henne via Ellen.Svensson@4H.se.<\/p>\n<p>Ans\u00f6k senast 2024-12-31 via f\u00f6ljande formul\u00e4r.<\/p>\n<p><em><strong>V\u00e4lkommen med din ans\u00f6kan!<\/strong><\/em>[\/vc_column_text][vc_btn title=&#8221;S\u00f6k jobbet som l\u00e4gerchef h\u00e4r!&#8221; style=&#8221;3d&#8221; color=&#8221;success&#8221; size=&#8221;lg&#8221; align=&#8221;center&#8221; button_block=&#8221;true&#8221; link=&#8221;url:https%3A%2F%2Fdocs.google.com%2Fforms%2Fd%2F1uG52111bHGs0BCMhBuvwAkIuiXQqd6aXHikdjCAGtMo%2Fviewform%3Fedit_requested%3Dtrue|title:S%C3%B6k%20jobbet%20som%20l%C3%A4gerchef%20h%C3%A4r!|target:_blank&#8221;][\/vc_column][vc_column width=&#8221;1\/2&#8243;][vc_column_text]<\/p>\n<h3>Passar det b\u00e4ttre att vara l\u00e4gerledare?<\/h3>\n<p>\u00c4r du intresserad av att jobba p\u00e5 v\u00e5ra l\u00e4ger, men chefsrollen passar dig inte. S\u00f6k d\u00e5 ist\u00e4llet jobbet som l\u00e4gerledare genom att klicka p\u00e5 knappen h\u00e4r nedan.[\/vc_column_text][vc_btn title=&#8221;S\u00f6k jobbet som l\u00e4gerledare h\u00e4r!&#8221; style=&#8221;3d&#8221; color=&#8221;success&#8221; size=&#8221;lg&#8221; align=&#8221;center&#8221; css=&#8221;&#8221; button_block=&#8221;true&#8221; link=&#8221;url:https%3A%2F%2Fwww.4h.se%2Fhalland%2Flediga-jobb%2F|title:S%C3%B6k%20jobbet%20som%20l%C3%A4gerledare!|target:_blank&#8221;][vc_btn title=&#8221;L\u00e4s mer om v\u00e5ra l\u00e4ger h\u00e4r!&#8221; style=&#8221;3d&#8221; color=&#8221;success&#8221; size=&#8221;lg&#8221; align=&#8221;center&#8221; button_block=&#8221;true&#8221; link=&#8221;url:https%3A%2F%2Fwww.4h.se%2Fhalland%2Falla-vara-lager%2F|title:Alla%20v%C3%A5ra%20l%C3%A4ger&#8221;][\/vc_column][\/vc_row][vc_row][vc_column][vc_single_image image=&#8221;2174&#8243; img_size=&#8221;2000&#215;250&#8243; alignment=&#8221;center&#8221; style=&#8221;vc_box_rounded&#8221;][\/vc_column][\/vc_row][vc_row][vc_column width=&#8221;1\/4&#8243;][\/vc_column][vc_column width=&#8221;1\/2&#8243;][vc_column_text]<div class=\"frm_forms  with_frm_style frm_style_formidable-style\" id=\"frm_form_78_container\" >\n<form enctype=\"multipart\/form-data\" method=\"post\" class=\"frm-show-form \" id=\"form_lbhrl\" >\n<div class=\"frm_form_fields \">\n<fieldset>\n<legend class=\"frm_hidden\">Utveckla v\u00e5r hemsida! <\/legend>\r\n<h3 class=\"frm_form_title\">Utveckla v\u00e5r hemsida! <\/h3>\r\n<div class=\"frm_fields_container\">\n<input type=\"hidden\" name=\"frm_action\" value=\"create\" \/>\n<input type=\"hidden\" name=\"form_id\" value=\"78\" \/>\n<input type=\"hidden\" name=\"frm_hide_fields_78\" id=\"frm_hide_fields_78\" value=\"\" \/>\n<input type=\"hidden\" name=\"form_key\" value=\"lbhrl\" \/>\n<input type=\"hidden\" name=\"item_meta[0]\" value=\"\" \/>\n<input type=\"hidden\" id=\"frm_submit_entry_78\" name=\"frm_submit_entry_78\" value=\"52f5dbe88d\" \/><input type=\"hidden\" name=\"_wp_http_referer\" value=\"\/halland\/wp-json\/wp\/v2\/pages\/2858\" \/><div id=\"frm_field_709_container\" class=\"frm_form_field form-field  frm_top_container vertical_radio\">\r\n    <label class=\"frm_primary_label\">Vad tycker du om denna sidan?\r\n        <span class=\"frm_required\"><\/span>\r\n    <\/label>\r\n    <div class=\"frm_opt_container\">\t\t<div class=\"frm_radio\" id=\"frm_radio_709-0\">\t\t\t<label  for=\"field_vltn6-0\">\n\t\t\t\t\t<input type=\"radio\" name=\"item_meta[709]\" id=\"field_vltn6-0\" value=\"Superbra!\"\n\t\t data-invmsg=\"Vad tycker du om denna sidan? \u00e4r ogiltigt\"   \/> Superbra!<\/label><\/div>\n\t\t<div class=\"frm_radio\" id=\"frm_radio_709-1\">\t\t\t<label  for=\"field_vltn6-1\">\n\t\t\t\t\t<input type=\"radio\" name=\"item_meta[709]\" id=\"field_vltn6-1\" value=\"Bra!\"\n\t\t data-invmsg=\"Vad tycker du om denna sidan? \u00e4r ogiltigt\"   \/> Bra!<\/label><\/div>\n\t\t<div class=\"frm_radio\" id=\"frm_radio_709-2\">\t\t\t<label  for=\"field_vltn6-2\">\n\t\t\t\t\t<input type=\"radio\" name=\"item_meta[709]\" id=\"field_vltn6-2\" value=\"Varken bra eller d\u00e5lig.\"\n\t\t data-invmsg=\"Vad tycker du om denna sidan? \u00e4r ogiltigt\"   \/> Varken bra eller d\u00e5lig.<\/label><\/div>\n\t\t<div class=\"frm_radio\" id=\"frm_radio_709-3\">\t\t\t<label  for=\"field_vltn6-3\">\n\t\t\t\t\t<input type=\"radio\" name=\"item_meta[709]\" id=\"field_vltn6-3\" value=\"D\u00e5lig!\"\n\t\t data-invmsg=\"Vad tycker du om denna sidan? \u00e4r ogiltigt\"   \/> D\u00e5lig!<\/label><\/div>\n\t\t<div class=\"frm_radio\" id=\"frm_radio_709-4\">\t\t\t<label  for=\"field_vltn6-4\">\n\t\t\t\t\t<input type=\"radio\" name=\"item_meta[709]\" id=\"field_vltn6-4\" value=\"Superd\u00e5lig!\"\n\t\t data-invmsg=\"Vad tycker du om denna sidan? \u00e4r ogiltigt\"   \/> Superd\u00e5lig!<\/label><\/div>\n<\/div>\r\n    \r\n    \r\n<\/div>\n<div id=\"frm_field_711_container\" class=\"frm_form_field form-field  frm_top_container\">\r\n    <label for=\"field_8xc4b\" class=\"frm_primary_label\">Vad kan bli b\u00e4ttre p\u00e5 denna sidan?\r\n        <span class=\"frm_required\"><\/span>\r\n    <\/label>\r\n    <textarea name=\"item_meta[711]\" id=\"field_8xc4b\" rows=\"5\"  data-invmsg=\"Vad kan bli b\u00e4ttre p\u00e5 denna sidan? \u00e4r ogiltigt\" aria-invalid=\"false\"  ><\/textarea>\r\n    \r\n    \r\n<\/div>\n<div id=\"frm_field_743_container\" class=\"frm_form_field form-field  frm_top_container\">\r\n    <label for=\"field_7ty40\" class=\"frm_primary_label\">Vilken information letar du efter just nu p\u00e5 hemsidan?\r\n        <span class=\"frm_required\"><\/span>\r\n    <\/label>\r\n    <input type=\"text\" id=\"field_7ty40\" name=\"item_meta[743]\" value=\"\"  data-invmsg=\"Vilken information letar du efter just nu p\u00e5 hemsidan? \u00e4r ogiltigt\" aria-invalid=\"false\"  \/>\r\n    \r\n    \r\n<\/div>\n<div id=\"frm_field_712_container\" class=\"frm_form_field form-field  frm_required_field frm_top_container vertical_radio\">\r\n    <label class=\"frm_primary_label\">Jag \u00e4r inte en robot\r\n        <span class=\"frm_required\">*<\/span>\r\n    <\/label>\r\n    <div class=\"frm_opt_container\">\t\t<div class=\"frm_checkbox\" id=\"frm_checkbox_712-0\">\t\t\t<label  for=\"field_unh5q-0\">\n\t\t\t<input type=\"checkbox\" name=\"item_meta[712][]\" id=\"field_unh5q-0\" value=\"Jag \u00e4r en livslevande person\"  data-reqmsg=\"Detta f\u00e4lt kan inte vara tomt.\" data-invmsg=\"Jag \u00e4r inte en robot \u00e4r ogiltigt\"   aria-required=\"true\"  \/> Jag \u00e4r en livslevande person<\/label><\/div>\n<\/div>\r\n    \r\n    \r\n<\/div>\n<div id=\"frm_field_827_container\" class=\"frm_form_field form-field  frm_none_container\">\r\n\t<label for=\"g-recaptcha-response\" id=\"field_bdf4x_label\" class=\"frm_primary_label\">Captcha\r\n\t\t<span class=\"frm_required\" aria-hidden=\"true\"><\/span>\r\n\t<\/label>\r\n\t\r\n\t\r\n\t\r\n<\/div>\n<div id=\"frm_field_826_container\" class=\"frm_form_field form-field \">\r\n\t<div class=\"frm_submit\">\r\n\r\n<button class=\"frm_button_submit\" type=\"submit\" >Skicka<\/button>\r\n\r\n<\/div>\r\n<\/div>\n\t<input type=\"hidden\" name=\"item_key\" value=\"\" \/>\n\t\t\t<div id=\"frm_field_917_container\">\n\t\t\t<label for=\"field_q5030\" >\n\t\t\t\tOm du \u00e4r m\u00e4nsklig, l\u00e4mna det h\u00e4r f\u00e4ltet tomt.\t\t\t<\/label>\n\t\t\t<input  id=\"field_q5030\" type=\"text\" class=\"frm_form_field form-field frm_verify\" name=\"item_meta[917]\" value=\"\"  \/>\n\t\t<\/div>\n\t\t<input name=\"frm_state\" type=\"hidden\" value=\"1p9\/G6d4WQueJYjPsLVvrZ5tuff3ljQsf2IEphLNcD8=\" \/><\/div>\n<\/fieldset>\n<\/div>\n\n<\/form>\n<\/div>\n<p>&nbsp;<\/p>\n<p><a href=\"https:\/\/www.4h.se\/halland\/wp-content\/uploads\/sites\/69\/2015\/01\/L\u00e4ra-genom-att-g\u00f6ra.png\"><img loading=\"lazy\" decoding=\"async\" class=\"aligncenter size-full wp-image-2017\" src=\"https:\/\/www.4h.se\/halland\/wp-content\/uploads\/sites\/69\/2015\/01\/L\u00e4ra-genom-att-g\u00f6ra.png\" alt=\"L\u00e4ra genom att g\u00f6ra\" width=\"1213\" height=\"165\" srcset=\"https:\/\/www.4h.se\/halland\/wp-content\/uploads\/sites\/69\/2015\/01\/L\u00e4ra-genom-att-g\u00f6ra.png 1213w, https:\/\/www.4h.se\/halland\/wp-content\/uploads\/sites\/69\/2015\/01\/L\u00e4ra-genom-att-g\u00f6ra-170x23.png 170w, https:\/\/www.4h.se\/halland\/wp-content\/uploads\/sites\/69\/2015\/01\/L\u00e4ra-genom-att-g\u00f6ra-470x64.png 470w, https:\/\/www.4h.se\/halland\/wp-content\/uploads\/sites\/69\/2015\/01\/L\u00e4ra-genom-att-g\u00f6ra-970x132.png 970w\" sizes=\"auto, (max-width: 1213px) 100vw, 1213px\" \/><\/a>[\/vc_column_text][\/vc_column][vc_column width=&#8221;1\/4&#8243;][\/vc_column][\/vc_row]<\/p>\n<\/div>","protected":false},"excerpt":{"rendered":"<p>[vc_row][vc_column][vc_single_image image=&#8221;2809&#8243; img_size=&#8221;2000&#215;250&#8243; alignment=&#8221;center&#8221; style=&#8221;vc_box_rounded&#8221;][\/vc_column][\/vc_row][vc_row][vc_column width=&#8221;1\/2&#8243;][vc_column_text] Hallands 4H s\u00f6ker l\u00e4gerchefer till sommarens lantlivsl\u00e4ger L\u00e4ger \u00e4r en rolig och l\u00e4rorik upplevelse f\u00f6r b\u00e5de barn och ledare. Som l\u00e4gerchef har du en viktig roll i att skapa en trygg och trivsam milj\u00f6 d\u00e4r alla kan ha kul och l\u00e4ra sig nya saker. Vill du vara med och&nbsp; <a href=\"https:\/\/www.4h.se\/halland\/lediga-jobb\/jobba-som-lagerchef\/\">&hellip; Read more <i class=\"glyphicon glyphicon-arrow-right\"><\/i><\/a><\/p>\n","protected":false},"author":126,"featured_media":0,"parent":398,"menu_order":66,"comment_status":"closed","ping_status":"closed","template":"","meta":{"footnotes":""},"class_list":["post-2858","page","type-page","status-publish","hentry"],"yoast_head":"<!-- This site is optimized with the Yoast SEO plugin v27.4 - https:\/\/yoast.com\/product\/yoast-seo-wordpress\/ -->\n<title>jobba som l\u00e4gerchef - 4H i Halland<\/title>\n<meta name=\"description\" content=\"Jobba som l\u00e4gerchef och s\u00f6k lediga jobb p\u00e5 v\u00e5ra l\u00e4ger!\" \/>\n<meta name=\"robots\" content=\"index, follow, max-snippet:-1, max-image-preview:large, max-video-preview:-1\" \/>\n<link rel=\"canonical\" href=\"https:\/\/www.4h.se\/halland\/lediga-jobb\/jobba-som-lagerchef\/\" \/>\n<meta property=\"og:locale\" content=\"sv_SE\" \/>\n<meta property=\"og:type\" content=\"article\" \/>\n<meta property=\"og:title\" content=\"jobba som l\u00e4gerchef - 4H i Halland\" \/>\n<meta property=\"og:description\" content=\"Jobba som l\u00e4gerchef och s\u00f6k lediga jobb p\u00e5 v\u00e5ra l\u00e4ger!\" \/>\n<meta property=\"og:url\" content=\"https:\/\/www.4h.se\/halland\/lediga-jobb\/jobba-som-lagerchef\/\" \/>\n<meta property=\"og:site_name\" content=\"4H i Halland\" \/>\n<meta property=\"article:publisher\" content=\"https:\/\/www.facebook.com\/hallands4h\/\" \/>\n<meta property=\"article:modified_time\" content=\"2025-03-24T14:27:39+00:00\" \/>\n<meta name=\"twitter:card\" content=\"summary_large_image\" \/>\n<meta name=\"twitter:site\" content=\"@Hallands4H\" \/>\n<script type=\"application\/ld+json\" class=\"yoast-schema-graph\">{\"@context\":\"https:\\\/\\\/schema.org\",\"@graph\":[{\"@type\":\"WebPage\",\"@id\":\"https:\\\/\\\/www.4h.se\\\/halland\\\/lediga-jobb\\\/jobba-som-lagerchef\\\/\",\"url\":\"https:\\\/\\\/www.4h.se\\\/halland\\\/lediga-jobb\\\/jobba-som-lagerchef\\\/\",\"name\":\"jobba som l\u00e4gerchef - 4H i Halland\",\"isPartOf\":{\"@id\":\"https:\\\/\\\/www.4h.se\\\/halland\\\/#website\"},\"datePublished\":\"2023-11-29T21:31:03+00:00\",\"dateModified\":\"2025-03-24T14:27:39+00:00\",\"description\":\"Jobba som l\u00e4gerchef och s\u00f6k lediga jobb p\u00e5 v\u00e5ra l\u00e4ger!\",\"breadcrumb\":{\"@id\":\"https:\\\/\\\/www.4h.se\\\/halland\\\/lediga-jobb\\\/jobba-som-lagerchef\\\/#breadcrumb\"},\"inLanguage\":\"sv-SE\",\"potentialAction\":[{\"@type\":\"ReadAction\",\"target\":[\"https:\\\/\\\/www.4h.se\\\/halland\\\/lediga-jobb\\\/jobba-som-lagerchef\\\/\"]}]},{\"@type\":\"BreadcrumbList\",\"@id\":\"https:\\\/\\\/www.4h.se\\\/halland\\\/lediga-jobb\\\/jobba-som-lagerchef\\\/#breadcrumb\",\"itemListElement\":[{\"@type\":\"ListItem\",\"position\":1,\"name\":\"Hem\",\"item\":\"https:\\\/\\\/www.4h.se\\\/halland\\\/\"},{\"@type\":\"ListItem\",\"position\":2,\"name\":\"Lediga jobb\",\"item\":\"https:\\\/\\\/www.4h.se\\\/halland\\\/lediga-jobb\\\/\"},{\"@type\":\"ListItem\",\"position\":3,\"name\":\"jobba som l\u00e4gerchef\"}]},{\"@type\":\"WebSite\",\"@id\":\"https:\\\/\\\/www.4h.se\\\/halland\\\/#website\",\"url\":\"https:\\\/\\\/www.4h.se\\\/halland\\\/\",\"name\":\"4H i Halland\",\"description\":\"Av unga f\u00f6r unga\",\"potentialAction\":[{\"@type\":\"SearchAction\",\"target\":{\"@type\":\"EntryPoint\",\"urlTemplate\":\"https:\\\/\\\/www.4h.se\\\/halland\\\/?s={search_term_string}\"},\"query-input\":{\"@type\":\"PropertyValueSpecification\",\"valueRequired\":true,\"valueName\":\"search_term_string\"}}],\"inLanguage\":\"sv-SE\"}]}<\/script>\n<!-- \/ Yoast SEO plugin. -->","yoast_head_json":{"title":"jobba som l\u00e4gerchef - 4H i Halland","description":"Jobba som l\u00e4gerchef och s\u00f6k lediga jobb p\u00e5 v\u00e5ra l\u00e4ger!","robots":{"index":"index","follow":"follow","max-snippet":"max-snippet:-1","max-image-preview":"max-image-preview:large","max-video-preview":"max-video-preview:-1"},"canonical":"https:\/\/www.4h.se\/halland\/lediga-jobb\/jobba-som-lagerchef\/","og_locale":"sv_SE","og_type":"article","og_title":"jobba som l\u00e4gerchef - 4H i Halland","og_description":"Jobba som l\u00e4gerchef och s\u00f6k lediga jobb p\u00e5 v\u00e5ra l\u00e4ger!","og_url":"https:\/\/www.4h.se\/halland\/lediga-jobb\/jobba-som-lagerchef\/","og_site_name":"4H i Halland","article_publisher":"https:\/\/www.facebook.com\/hallands4h\/","article_modified_time":"2025-03-24T14:27:39+00:00","twitter_card":"summary_large_image","twitter_site":"@Hallands4H","schema":{"@context":"https:\/\/schema.org","@graph":[{"@type":"WebPage","@id":"https:\/\/www.4h.se\/halland\/lediga-jobb\/jobba-som-lagerchef\/","url":"https:\/\/www.4h.se\/halland\/lediga-jobb\/jobba-som-lagerchef\/","name":"jobba som l\u00e4gerchef - 4H i Halland","isPartOf":{"@id":"https:\/\/www.4h.se\/halland\/#website"},"datePublished":"2023-11-29T21:31:03+00:00","dateModified":"2025-03-24T14:27:39+00:00","description":"Jobba som l\u00e4gerchef och s\u00f6k lediga jobb p\u00e5 v\u00e5ra l\u00e4ger!","breadcrumb":{"@id":"https:\/\/www.4h.se\/halland\/lediga-jobb\/jobba-som-lagerchef\/#breadcrumb"},"inLanguage":"sv-SE","potentialAction":[{"@type":"ReadAction","target":["https:\/\/www.4h.se\/halland\/lediga-jobb\/jobba-som-lagerchef\/"]}]},{"@type":"BreadcrumbList","@id":"https:\/\/www.4h.se\/halland\/lediga-jobb\/jobba-som-lagerchef\/#breadcrumb","itemListElement":[{"@type":"ListItem","position":1,"name":"Hem","item":"https:\/\/www.4h.se\/halland\/"},{"@type":"ListItem","position":2,"name":"Lediga jobb","item":"https:\/\/www.4h.se\/halland\/lediga-jobb\/"},{"@type":"ListItem","position":3,"name":"jobba som l\u00e4gerchef"}]},{"@type":"WebSite","@id":"https:\/\/www.4h.se\/halland\/#website","url":"https:\/\/www.4h.se\/halland\/","name":"4H i Halland","description":"Av unga f\u00f6r unga","potentialAction":[{"@type":"SearchAction","target":{"@type":"EntryPoint","urlTemplate":"https:\/\/www.4h.se\/halland\/?s={search_term_string}"},"query-input":{"@type":"PropertyValueSpecification","valueRequired":true,"valueName":"search_term_string"}}],"inLanguage":"sv-SE"}]}},"_links":{"self":[{"href":"https:\/\/www.4h.se\/halland\/wp-json\/wp\/v2\/pages\/2858","targetHints":{"allow":["GET"]}}],"collection":[{"href":"https:\/\/www.4h.se\/halland\/wp-json\/wp\/v2\/pages"}],"about":[{"href":"https:\/\/www.4h.se\/halland\/wp-json\/wp\/v2\/types\/page"}],"author":[{"embeddable":true,"href":"https:\/\/www.4h.se\/halland\/wp-json\/wp\/v2\/users\/126"}],"replies":[{"embeddable":true,"href":"https:\/\/www.4h.se\/halland\/wp-json\/wp\/v2\/comments?post=2858"}],"version-history":[{"count":0,"href":"https:\/\/www.4h.se\/halland\/wp-json\/wp\/v2\/pages\/2858\/revisions"}],"up":[{"embeddable":true,"href":"https:\/\/www.4h.se\/halland\/wp-json\/wp\/v2\/pages\/398"}],"wp:attachment":[{"href":"https:\/\/www.4h.se\/halland\/wp-json\/wp\/v2\/media?parent=2858"}],"curies":[{"name":"wp","href":"https:\/\/api.w.org\/{rel}","templated":true}]}}