



{"id":1437,"date":"2019-09-20T11:44:44","date_gmt":"2019-09-20T09:44:44","guid":{"rendered":"https:\/\/www.4h.se\/halland\/?page_id=1437"},"modified":"2025-10-23T13:35:33","modified_gmt":"2025-10-23T11:35:33","slug":"100-arsfonden","status":"publish","type":"page","link":"https:\/\/www.4h.se\/halland\/100-arsfonden\/","title":{"rendered":"100-\u00e5rsfonden"},"content":{"rendered":"<div class=\"wpb-content-wrapper\"><p>[vc_row][vc_column][vc_single_image image=&#8221;2557&#8243; img_size=&#8221;2000&#215;500&#8243; alignment=&#8221;center&#8221; style=&#8221;vc_box_rounded&#8221;][\/vc_column][\/vc_row][vc_row][vc_column width=&#8221;1\/2&#8243;][vc_column_text]<\/p>\n<h1 style=\"text-align: center\"><span style=\"color: #000000\">100-\u00e5rsfonden<\/span><\/h1>\n<h4 style=\"text-align: left\">Vet du n\u00e5gon som gjort n\u00e5got s\u00e4rskilt f\u00f6r 4H? N\u00e5gon som har slagit ett slag f\u00f6r 4H:s framtid? N\u00e5gon som personligen har vuxit inom 4H?<\/p>\n<p>D\u00e5 ska du nominera den personen!<\/h4>\n<p>Under 2018 firade Sveriges 4H 100 \u00e5r. Elisabeth Otterdahl som det \u00e5ret gick i pension efter m\u00e5nga \u00e5r i tj\u00e4nst \u00f6nskade att starta upp en fond med syfte att sl\u00e5 ett slag f\u00f6r 4H:s framtid efter den v\u00e4l myntade strofen \u201dF\u00f6r v\u00e5r framtid ett slag ska vi sl\u00e5\u201d. Detta uppn\u00e5s genom att uppmuntra och premiera ideella f\u00f6r deras engagemang inom 4H i Halland. Vi vill genom 100-\u00e5rsfonden f\u00f6ra 4H fram\u00e5t och dela ut pris till de ideella som utvecklat verksamheten eller som personligen vuxit inom organisationen.<\/p>\n<p>Fr\u00e5n denna fond g\u00e5r det att s\u00f6ka pengar till priser eller g\u00e5vor f\u00f6r uppmuntran eller i samband med olycksfall. D\u00e5 100-\u00e5rsfondens syfte p\u00e5minner om Fonden till Ulf Alvarssons minne har denne inf\u00f6rlivats i 100-\u00e5rsfonden.[\/vc_column_text][\/vc_column][vc_column width=&#8221;1\/2&#8243;][vc_single_image image=&#8221;2520&#8243; img_size=&#8221;600&#215;400&#8243; alignment=&#8221;center&#8221; style=&#8221;vc_box_rounded&#8221;][\/vc_column][\/vc_row][vc_row][vc_column][vc_separator][\/vc_column][\/vc_row][vc_row][vc_column width=&#8221;1\/2&#8243;][vc_column_text]<\/p>\n<h3 style=\"text-align: center\"><span style=\"color: #000000\">Om Fonden<\/span><\/h3>\n<p><span style=\"color: #000000\"><strong>F\u00f6rvaltare f\u00f6r fonden<\/strong>: Elisabeth Otterdahl, Anders Claesson och Marie Antonsson samt en representant utsedd av l\u00e4nsf\u00f6rbundsstyrelsen.<\/span><\/p>\n<p><span style=\"color: #000000\">Fonden \u00e4r startad i samband med att 4H i Sverige 2018 firade 100 \u00e5r p\u00e5 \u00f6nskan av Elisabeth Otterdahl.<\/span><\/p>\n<p><span style=\"color: #000000\"><strong>Fondens syfte<\/strong> \u00e4r att sl\u00e5 ett slag f\u00f6r 4H:s framtid efter den v\u00e4l myntade strofen \u201dF\u00f6r v\u00e5r framtid ett slag ska vi sl\u00e5\u201d, genom att uppmuntra och premiera ideella f\u00f6r deras engagemang inom 4H i Halland. Vi vill genom 100-\u00e5rsfonden f\u00f6ra 4H fram\u00e5t och dela ut pris till de ideella som utvecklat verksamheten eller som personligen vuxit inom organisationen.<\/span><\/p>\n<p><span style=\"color: #000000\">Ur fonden ska det n\u00e4r medel finns \u00e5rligen delas ut pris till ideella\/projekt med stort hj\u00e4rta f\u00f6r 4H p\u00e5 Hallands 4H:s planeringskonferens. Ans\u00f6kan l\u00e4mnas in skriftligen senast <strong>15:e augusti<\/strong> till f\u00f6rvaltarna, eller genom formul\u00e4ret p\u00e5 denna sida. Ans\u00f6kningar inl\u00e4mnade efter 15:e augusti r\u00e4knas till n\u00e4stkommande \u00e5rs planeringskonferens.<\/span><\/p>\n<p><span style=\"color: #000000\">Ut\u00f6ver detta kan man i Ulf Alvarssons i minne ans\u00f6ka om medel l\u00f6pande under \u00e5ret f\u00f6r g\u00e5vor och blommor som g\u00e5r i uppmuntrans och omt\u00e4nksamhetens tecken, exempelvis vid olycksfall eller som pris vid l\u00e4ger och turneringar till 4H:are.<\/span><\/p>\n<p><span style=\"color: #000000\"><strong>Anh\u00e5llan om pengar<\/strong> kan ske n\u00e4r som helst under \u00e5ret och st\u00e4lles skriftligen till f\u00f6rvaltarna. Privatpersoner, f\u00f6retag och 4H-instanser kan bidra till 100-\u00e5rsfonden i samband med f\u00f6delsedagsuppvaktning, d\u00f6dsfall m.m. eller bara f\u00f6r att uppmuntra och premiera ideellt engagemang. Till givare skickas ett tack f\u00f6r att visa v\u00e5r uppskattning till dem som uppmuntrar v\u00e5ra ideella.<\/span><\/p>\n<p><span style=\"color: #000000\">Eventuella \u00e4ndringar i stadgarna skall f\u00f6reg\u00e5s av ett L\u00e4nsf\u00f6rbundsstyrelsem\u00f6te d\u00e4r minst 3\/4-delar av styrelseledam\u00f6terna \u00e4r n\u00e4rvarande, i samr\u00e5d med de tre f\u00f6rvaltarna.<\/span><\/p>\n<p><span style=\"color: #000000\"><strong>Fonden till Ulf Alvarssons minne<\/strong> instiftades 24 april 1993. Ur denna fond har det tidigare g\u00e5tt att s\u00f6ka pengar som\u00a0gick i uppmuntrans eller omt\u00e4nksamhetens tecken. Denna fond\u00a0har sedan dess inf\u00f6rlivats i 100-\u00e5rsfonden. Detta betyder att det nu g\u00e5r att s\u00f6ka pengar ur 100-\u00e5rs fonden till blommor och priser \u00e5t Hall\u00e4ndska 4H-medlemmar. Exempelvis kan man s\u00f6ka pengar vid turneringar, l\u00e4ger eller olycksfall eller andra tillf\u00e4llen d\u00e5 man vill uppmuntra eller visa uppskattning f\u00f6r n\u00e5gon.<\/span>[\/vc_column_text][\/vc_column][vc_column width=&#8221;1\/2&#8243;][vc_column_text]<div class=\"frm_forms  with_frm_style frm_style_formidable-style\" id=\"frm_form_61_container\" >\n<form enctype=\"multipart\/form-data\" method=\"post\" class=\"frm-show-form \" id=\"form_contact5\" >\n<div class=\"frm_form_fields \">\n<fieldset>\n<legend class=\"frm_hidden\">Nominering till 100-\u00e5rsfonden<\/legend>\r\n<h3 class=\"frm_form_title\">Nominering till 100-\u00e5rsfonden<\/h3>\r\n<div class=\"frm_fields_container\">\n<input type=\"hidden\" name=\"frm_action\" value=\"create\" \/>\n<input type=\"hidden\" name=\"form_id\" value=\"61\" \/>\n<input type=\"hidden\" name=\"frm_hide_fields_61\" id=\"frm_hide_fields_61\" value=\"\" \/>\n<input type=\"hidden\" name=\"form_key\" value=\"contact5\" \/>\n<input type=\"hidden\" name=\"item_meta[0]\" value=\"\" \/>\n<input type=\"hidden\" id=\"frm_submit_entry_61\" name=\"frm_submit_entry_61\" value=\"52f5dbe88d\" \/><input type=\"hidden\" name=\"_wp_http_referer\" value=\"\/halland\/wp-json\/wp\/v2\/pages\/1437\" \/><div id=\"frm_field_575_container\" class=\"frm_form_field form-field  frm_required_field frm_top_container\">\r\n    <label for=\"field_cwxev\" class=\"frm_primary_label\">Vem vill du nominera, uppmuntra eller visa uppskattning f\u00f6r?\r\n        <span class=\"frm_required\">*<\/span>\r\n    <\/label>\r\n    <input type=\"text\" id=\"field_cwxev\" name=\"item_meta[575]\" value=\"\"  data-reqmsg=\"Detta f\u00e4lt kan inte vara tomt.\" aria-required=\"true\" data-invmsg=\"Vem vill du nominera, uppmuntra eller visa uppskattning f\u00f6r? \u00e4r ogiltigt\" aria-invalid=\"false\"  \/>\r\n    \r\n    \r\n<\/div>\n<div id=\"frm_field_580_container\" class=\"frm_form_field form-field  frm_required_field frm_top_container\">\r\n    <label for=\"field_690mo\" class=\"frm_primary_label\">Varf\u00f6r just denna person?\r\n        <span class=\"frm_required\">*<\/span>\r\n    <\/label>\r\n    <textarea name=\"item_meta[580]\" id=\"field_690mo\" rows=\"5\"  data-reqmsg=\"Detta f\u00e4lt kan inte vara tomt.\" aria-required=\"true\" data-invmsg=\"Varf\u00f6r just denna person? \u00e4r ogiltigt\" aria-invalid=\"false\"  ><\/textarea>\r\n    \r\n    \r\n<\/div>\n<div id=\"frm_field_578_container\" class=\"frm_form_field form-field  frm_required_field frm_top_container vertical_radio\">\r\n    <label class=\"frm_primary_label\">F\u00e5r vi kontakta dig om vi har n\u00e5gra fr\u00e5gor g\u00e4llande motiveringen?\r\n        <span class=\"frm_required\">*<\/span>\r\n    <\/label>\r\n    <div class=\"frm_opt_container\">\t\t<div class=\"frm_radio\" id=\"frm_radio_578-0\">\t\t\t<label  for=\"field_4757r-0\">\n\t\t\t\t\t<input type=\"radio\" name=\"item_meta[578]\" id=\"field_4757r-0\" value=\"Ja\"\n\t\t data-reqmsg=\"Detta f\u00e4lt kan inte vara tomt.\" data-invmsg=\"F\u00e5r vi kontakta dig om vi har n\u00e5gra fr\u00e5gor g\u00e4llande motiveringen? \u00e4r ogiltigt\"   \/> Ja<\/label><\/div>\n\t\t<div class=\"frm_radio\" id=\"frm_radio_578-1\">\t\t\t<label  for=\"field_4757r-1\">\n\t\t\t\t\t<input type=\"radio\" name=\"item_meta[578]\" id=\"field_4757r-1\" value=\"Nej\"\n\t\t data-reqmsg=\"Detta f\u00e4lt kan inte vara tomt.\" data-invmsg=\"F\u00e5r vi kontakta dig om vi har n\u00e5gra fr\u00e5gor g\u00e4llande motiveringen? \u00e4r ogiltigt\"   \/> Nej<\/label><\/div>\n<\/div>\r\n    \r\n    \r\n<\/div>\n<div id=\"frm_field_579_container\" class=\"frm_form_field form-field  frm_top_container\">\r\n    <label for=\"field_8c443\" class=\"frm_primary_label\">Kontaktuppgift till dig\r\n        <span class=\"frm_required\"><\/span>\r\n    <\/label>\r\n    <input type=\"text\" id=\"field_8c443\" name=\"item_meta[579]\" value=\"\"  data-invmsg=\"Kontaktuppgift till dig \u00e4r ogiltigt\" aria-invalid=\"false\"  \/>\r\n    \r\n    \r\n<\/div>\n<div id=\"frm_field_829_container\" class=\"frm_form_field form-field \">\r\n\t<div class=\"frm_submit\">\r\n\r\n<button class=\"frm_button_submit\" type=\"submit\" >Nominera<\/button>\r\n\r\n<\/div>\r\n<\/div>\n\t<input type=\"hidden\" name=\"item_key\" value=\"\" \/>\n\t\t\t<div id=\"frm_field_917_container\">\n\t\t\t<label for=\"field_l4wif\" >\n\t\t\t\tOm du \u00e4r m\u00e4nsklig, l\u00e4mna det h\u00e4r f\u00e4ltet tomt.\t\t\t<\/label>\n\t\t\t<input  id=\"field_l4wif\" type=\"text\" class=\"frm_form_field form-field frm_verify\" name=\"item_meta[917]\" value=\"\"  \/>\n\t\t<\/div>\n\t\t<input name=\"frm_state\" type=\"hidden\" value=\"XeE+\/SuvXShqxS\/c\/TuXp3qSX+jHEF3wVF3jsZtP0m8=\" \/><\/div>\n<\/fieldset>\n<\/div>\n\n<\/form>\n<\/div>\n<p>&nbsp;[\/vc_column_text][\/vc_column][\/vc_row][vc_row][vc_column][vc_separator color=&#8221;custom&#8221; accent_color=&#8221;#00693f&#8221;][vc_column_text]<\/p>\n<h1 style=\"text-align: center\"><span style=\"color: #000000\">St\u00f6tta 100-\u00e5rsfonden!<\/span><\/h1>\n<p style=\"text-align: center\"><a href=\"https:\/\/www.4h.se\/halland\/wp-content\/uploads\/sites\/69\/2019\/09\/100-\u00e5rs-fond.jpg\"><img loading=\"lazy\" decoding=\"async\" class=\"aligncenter wp-image-1783 size-full\" src=\"https:\/\/www.4h.se\/halland\/wp-content\/uploads\/sites\/69\/2019\/09\/100-\u00e5rs-fond.jpg\" alt=\"\" width=\"612\" height=\"912\" srcset=\"https:\/\/www.4h.se\/halland\/wp-content\/uploads\/sites\/69\/2019\/09\/100-\u00e5rs-fond.jpg 612w, https:\/\/www.4h.se\/halland\/wp-content\/uploads\/sites\/69\/2019\/09\/100-\u00e5rs-fond-101x150.jpg 101w, https:\/\/www.4h.se\/halland\/wp-content\/uploads\/sites\/69\/2019\/09\/100-\u00e5rs-fond-201x300.jpg 201w\" sizes=\"auto, (max-width: 612px) 100vw, 612px\" \/><\/a><\/p>\n<p>[\/vc_column_text][\/vc_column][\/vc_row][vc_row][vc_column][vc_single_image image=&#8221;2174&#8243; img_size=&#8221;2000&#215;250&#8243; alignment=&#8221;center&#8221; style=&#8221;vc_box_rounded&#8221;][\/vc_column][\/vc_row][vc_row][vc_column width=&#8221;1\/4&#8243;][\/vc_column][vc_column width=&#8221;1\/2&#8243;][vc_column_text]<div class=\"frm_forms  with_frm_style frm_style_formidable-style\" id=\"frm_form_78_container\" >\n<form enctype=\"multipart\/form-data\" method=\"post\" class=\"frm-show-form \" id=\"form_lbhrl\" >\n<div class=\"frm_form_fields \">\n<fieldset>\n<legend class=\"frm_hidden\">Utveckla v\u00e5r hemsida! <\/legend>\r\n<h3 class=\"frm_form_title\">Utveckla v\u00e5r hemsida! <\/h3>\r\n<div class=\"frm_fields_container\">\n<input type=\"hidden\" name=\"frm_action\" value=\"create\" \/>\n<input type=\"hidden\" name=\"form_id\" value=\"78\" \/>\n<input type=\"hidden\" name=\"frm_hide_fields_78\" id=\"frm_hide_fields_78\" value=\"\" \/>\n<input type=\"hidden\" name=\"form_key\" value=\"lbhrl\" \/>\n<input type=\"hidden\" name=\"item_meta[0]\" value=\"\" \/>\n<input type=\"hidden\" id=\"frm_submit_entry_78\" name=\"frm_submit_entry_78\" value=\"52f5dbe88d\" \/><input type=\"hidden\" name=\"_wp_http_referer\" value=\"\/halland\/wp-json\/wp\/v2\/pages\/1437\" \/><div id=\"frm_field_709_container\" class=\"frm_form_field form-field  frm_top_container vertical_radio\">\r\n    <label class=\"frm_primary_label\">Vad tycker du om denna sidan?\r\n        <span class=\"frm_required\"><\/span>\r\n    <\/label>\r\n    <div class=\"frm_opt_container\">\t\t<div class=\"frm_radio\" id=\"frm_radio_709-0\">\t\t\t<label  for=\"field_vltn6-0\">\n\t\t\t\t\t<input type=\"radio\" name=\"item_meta[709]\" id=\"field_vltn6-0\" value=\"Superbra!\"\n\t\t data-invmsg=\"Vad tycker du om denna sidan? \u00e4r ogiltigt\"   \/> Superbra!<\/label><\/div>\n\t\t<div class=\"frm_radio\" id=\"frm_radio_709-1\">\t\t\t<label  for=\"field_vltn6-1\">\n\t\t\t\t\t<input type=\"radio\" name=\"item_meta[709]\" id=\"field_vltn6-1\" value=\"Bra!\"\n\t\t data-invmsg=\"Vad tycker du om denna sidan? \u00e4r ogiltigt\"   \/> Bra!<\/label><\/div>\n\t\t<div class=\"frm_radio\" id=\"frm_radio_709-2\">\t\t\t<label  for=\"field_vltn6-2\">\n\t\t\t\t\t<input type=\"radio\" name=\"item_meta[709]\" id=\"field_vltn6-2\" value=\"Varken bra eller d\u00e5lig.\"\n\t\t data-invmsg=\"Vad tycker du om denna sidan? \u00e4r ogiltigt\"   \/> Varken bra eller d\u00e5lig.<\/label><\/div>\n\t\t<div class=\"frm_radio\" id=\"frm_radio_709-3\">\t\t\t<label  for=\"field_vltn6-3\">\n\t\t\t\t\t<input type=\"radio\" name=\"item_meta[709]\" id=\"field_vltn6-3\" value=\"D\u00e5lig!\"\n\t\t data-invmsg=\"Vad tycker du om denna sidan? \u00e4r ogiltigt\"   \/> D\u00e5lig!<\/label><\/div>\n\t\t<div class=\"frm_radio\" id=\"frm_radio_709-4\">\t\t\t<label  for=\"field_vltn6-4\">\n\t\t\t\t\t<input type=\"radio\" name=\"item_meta[709]\" id=\"field_vltn6-4\" value=\"Superd\u00e5lig!\"\n\t\t data-invmsg=\"Vad tycker du om denna sidan? \u00e4r ogiltigt\"   \/> Superd\u00e5lig!<\/label><\/div>\n<\/div>\r\n    \r\n    \r\n<\/div>\n<div id=\"frm_field_711_container\" class=\"frm_form_field form-field  frm_top_container\">\r\n    <label for=\"field_8xc4b\" class=\"frm_primary_label\">Vad kan bli b\u00e4ttre p\u00e5 denna sidan?\r\n        <span class=\"frm_required\"><\/span>\r\n    <\/label>\r\n    <textarea name=\"item_meta[711]\" id=\"field_8xc4b\" rows=\"5\"  data-invmsg=\"Vad kan bli b\u00e4ttre p\u00e5 denna sidan? \u00e4r ogiltigt\" aria-invalid=\"false\"  ><\/textarea>\r\n    \r\n    \r\n<\/div>\n<div id=\"frm_field_743_container\" class=\"frm_form_field form-field  frm_top_container\">\r\n    <label for=\"field_7ty40\" class=\"frm_primary_label\">Vilken information letar du efter just nu p\u00e5 hemsidan?\r\n        <span class=\"frm_required\"><\/span>\r\n    <\/label>\r\n    <input type=\"text\" id=\"field_7ty40\" name=\"item_meta[743]\" value=\"\"  data-invmsg=\"Vilken information letar du efter just nu p\u00e5 hemsidan? \u00e4r ogiltigt\" aria-invalid=\"false\"  \/>\r\n    \r\n    \r\n<\/div>\n<div id=\"frm_field_712_container\" class=\"frm_form_field form-field  frm_required_field frm_top_container vertical_radio\">\r\n    <label class=\"frm_primary_label\">Jag \u00e4r inte en robot\r\n        <span class=\"frm_required\">*<\/span>\r\n    <\/label>\r\n    <div class=\"frm_opt_container\">\t\t<div class=\"frm_checkbox\" id=\"frm_checkbox_712-0\">\t\t\t<label  for=\"field_unh5q-0\">\n\t\t\t<input type=\"checkbox\" name=\"item_meta[712][]\" id=\"field_unh5q-0\" value=\"Jag \u00e4r en livslevande person\"  data-reqmsg=\"Detta f\u00e4lt kan inte vara tomt.\" data-invmsg=\"Jag \u00e4r inte en robot \u00e4r ogiltigt\"   aria-required=\"true\"  \/> Jag \u00e4r en livslevande person<\/label><\/div>\n<\/div>\r\n    \r\n    \r\n<\/div>\n<div id=\"frm_field_827_container\" class=\"frm_form_field form-field  frm_none_container\">\r\n\t<label for=\"g-recaptcha-response\" id=\"field_bdf4x_label\" class=\"frm_primary_label\">Captcha\r\n\t\t<span class=\"frm_required\" aria-hidden=\"true\"><\/span>\r\n\t<\/label>\r\n\t\r\n\t\r\n\t\r\n<\/div>\n<div id=\"frm_field_826_container\" class=\"frm_form_field form-field \">\r\n\t<div class=\"frm_submit\">\r\n\r\n<button class=\"frm_button_submit\" type=\"submit\" >Skicka<\/button>\r\n\r\n<\/div>\r\n<\/div>\n\t<input type=\"hidden\" name=\"item_key\" value=\"\" \/>\n\t\t\t<div id=\"frm_field_918_container\">\n\t\t\t<label for=\"field_q7yv3\" >\n\t\t\t\tOm du \u00e4r m\u00e4nsklig, l\u00e4mna det h\u00e4r f\u00e4ltet tomt.\t\t\t<\/label>\n\t\t\t<input  id=\"field_q7yv3\" type=\"text\" class=\"frm_form_field form-field frm_verify\" name=\"item_meta[918]\" value=\"\"  \/>\n\t\t<\/div>\n\t\t<input name=\"frm_state\" type=\"hidden\" value=\"1p9\/G6d4WQueJYjPsLVvrZ7zVss4u8Xp0ijNxJ5EfLA=\" \/><\/div>\n<\/fieldset>\n<\/div>\n\n<\/form>\n<\/div>\n<p>&nbsp;<\/p>\n<p><a href=\"https:\/\/www.4h.se\/halland\/wp-content\/uploads\/sites\/69\/2015\/01\/L\u00e4ra-genom-att-g\u00f6ra.png\"><img loading=\"lazy\" decoding=\"async\" class=\"aligncenter size-full wp-image-2017\" src=\"https:\/\/www.4h.se\/halland\/wp-content\/uploads\/sites\/69\/2015\/01\/L\u00e4ra-genom-att-g\u00f6ra.png\" alt=\"L\u00e4ra genom att g\u00f6ra\" width=\"1213\" height=\"165\" srcset=\"https:\/\/www.4h.se\/halland\/wp-content\/uploads\/sites\/69\/2015\/01\/L\u00e4ra-genom-att-g\u00f6ra.png 1213w, https:\/\/www.4h.se\/halland\/wp-content\/uploads\/sites\/69\/2015\/01\/L\u00e4ra-genom-att-g\u00f6ra-170x23.png 170w, https:\/\/www.4h.se\/halland\/wp-content\/uploads\/sites\/69\/2015\/01\/L\u00e4ra-genom-att-g\u00f6ra-470x64.png 470w, https:\/\/www.4h.se\/halland\/wp-content\/uploads\/sites\/69\/2015\/01\/L\u00e4ra-genom-att-g\u00f6ra-970x132.png 970w\" sizes=\"auto, (max-width: 1213px) 100vw, 1213px\" \/><\/a>[\/vc_column_text][\/vc_column][vc_column width=&#8221;1\/4&#8243;][\/vc_column][\/vc_row]<\/p>\n<\/div>","protected":false},"excerpt":{"rendered":"<p>[vc_row][vc_column][vc_single_image image=&#8221;2557&#8243; img_size=&#8221;2000&#215;500&#8243; alignment=&#8221;center&#8221; style=&#8221;vc_box_rounded&#8221;][\/vc_column][\/vc_row][vc_row][vc_column width=&#8221;1\/2&#8243;][vc_column_text] 100-\u00e5rsfonden Vet du n\u00e5gon som gjort n\u00e5got s\u00e4rskilt f\u00f6r 4H? N\u00e5gon som har slagit ett slag f\u00f6r 4H:s framtid? N\u00e5gon som personligen har vuxit inom 4H? D\u00e5 ska du nominera den personen! Under 2018 firade Sveriges 4H 100 \u00e5r. Elisabeth Otterdahl som det \u00e5ret gick i pension efter m\u00e5nga&nbsp; <a href=\"https:\/\/www.4h.se\/halland\/100-arsfonden\/\">&hellip; Read more <i class=\"glyphicon glyphicon-arrow-right\"><\/i><\/a><\/p>\n","protected":false},"author":72,"featured_media":0,"parent":0,"menu_order":88,"comment_status":"closed","ping_status":"closed","template":"","meta":{"footnotes":""},"class_list":["post-1437","page","type-page","status-publish","hentry"],"yoast_head":"<!-- This site is optimized with the Yoast SEO plugin v27.4 - https:\/\/yoast.com\/product\/yoast-seo-wordpress\/ -->\n<title>100-\u00e5rsfonden - 4H i Halland<\/title>\n<meta name=\"robots\" content=\"index, follow, max-snippet:-1, max-image-preview:large, max-video-preview:-1\" \/>\n<link rel=\"canonical\" href=\"https:\/\/www.4h.se\/halland\/100-arsfonden\/\" \/>\n<meta property=\"og:locale\" content=\"sv_SE\" \/>\n<meta property=\"og:type\" content=\"article\" \/>\n<meta property=\"og:title\" content=\"100-\u00e5rsfonden - 4H i Halland\" \/>\n<meta property=\"og:description\" content=\"[vc_row][vc_column][vc_single_image image=&#8221;2557&#8243; img_size=&#8221;2000&#215;500&#8243; alignment=&#8221;center&#8221; style=&#8221;vc_box_rounded&#8221;][\/vc_column][\/vc_row][vc_row][vc_column width=&#8221;1\/2&#8243;][vc_column_text] 100-\u00e5rsfonden Vet du n\u00e5gon som gjort n\u00e5got s\u00e4rskilt f\u00f6r 4H? N\u00e5gon som har slagit ett slag f\u00f6r 4H:s framtid? N\u00e5gon som personligen har vuxit inom 4H? D\u00e5 ska du nominera den personen! Under 2018 firade Sveriges 4H 100 \u00e5r. Elisabeth Otterdahl som det \u00e5ret gick i pension efter m\u00e5nga&nbsp; &hellip; Read more\" \/>\n<meta property=\"og:url\" content=\"https:\/\/www.4h.se\/halland\/100-arsfonden\/\" \/>\n<meta property=\"og:site_name\" content=\"4H i Halland\" \/>\n<meta property=\"article:publisher\" content=\"https:\/\/www.facebook.com\/hallands4h\/\" \/>\n<meta property=\"article:modified_time\" content=\"2025-10-23T11:35:33+00:00\" \/>\n<meta name=\"twitter:card\" content=\"summary_large_image\" \/>\n<meta name=\"twitter:site\" content=\"@Hallands4H\" \/>\n<meta name=\"twitter:label1\" content=\"Ber\u00e4knad l\u00e4stid\" \/>\n\t<meta name=\"twitter:data1\" content=\"4 minuter\" \/>\n<script type=\"application\/ld+json\" class=\"yoast-schema-graph\">{\"@context\":\"https:\\\/\\\/schema.org\",\"@graph\":[{\"@type\":\"WebPage\",\"@id\":\"https:\\\/\\\/www.4h.se\\\/halland\\\/100-arsfonden\\\/\",\"url\":\"https:\\\/\\\/www.4h.se\\\/halland\\\/100-arsfonden\\\/\",\"name\":\"100-\u00e5rsfonden - 4H i Halland\",\"isPartOf\":{\"@id\":\"https:\\\/\\\/www.4h.se\\\/halland\\\/#website\"},\"datePublished\":\"2019-09-20T09:44:44+00:00\",\"dateModified\":\"2025-10-23T11:35:33+00:00\",\"breadcrumb\":{\"@id\":\"https:\\\/\\\/www.4h.se\\\/halland\\\/100-arsfonden\\\/#breadcrumb\"},\"inLanguage\":\"sv-SE\",\"potentialAction\":[{\"@type\":\"ReadAction\",\"target\":[\"https:\\\/\\\/www.4h.se\\\/halland\\\/100-arsfonden\\\/\"]}]},{\"@type\":\"BreadcrumbList\",\"@id\":\"https:\\\/\\\/www.4h.se\\\/halland\\\/100-arsfonden\\\/#breadcrumb\",\"itemListElement\":[{\"@type\":\"ListItem\",\"position\":1,\"name\":\"Hem\",\"item\":\"https:\\\/\\\/www.4h.se\\\/halland\\\/\"},{\"@type\":\"ListItem\",\"position\":2,\"name\":\"100-\u00e5rsfonden\"}]},{\"@type\":\"WebSite\",\"@id\":\"https:\\\/\\\/www.4h.se\\\/halland\\\/#website\",\"url\":\"https:\\\/\\\/www.4h.se\\\/halland\\\/\",\"name\":\"4H i Halland\",\"description\":\"Av unga f\u00f6r unga\",\"potentialAction\":[{\"@type\":\"SearchAction\",\"target\":{\"@type\":\"EntryPoint\",\"urlTemplate\":\"https:\\\/\\\/www.4h.se\\\/halland\\\/?s={search_term_string}\"},\"query-input\":{\"@type\":\"PropertyValueSpecification\",\"valueRequired\":true,\"valueName\":\"search_term_string\"}}],\"inLanguage\":\"sv-SE\"}]}<\/script>\n<!-- \/ Yoast SEO plugin. -->","yoast_head_json":{"title":"100-\u00e5rsfonden - 4H i Halland","robots":{"index":"index","follow":"follow","max-snippet":"max-snippet:-1","max-image-preview":"max-image-preview:large","max-video-preview":"max-video-preview:-1"},"canonical":"https:\/\/www.4h.se\/halland\/100-arsfonden\/","og_locale":"sv_SE","og_type":"article","og_title":"100-\u00e5rsfonden - 4H i Halland","og_description":"[vc_row][vc_column][vc_single_image image=&#8221;2557&#8243; img_size=&#8221;2000&#215;500&#8243; alignment=&#8221;center&#8221; style=&#8221;vc_box_rounded&#8221;][\/vc_column][\/vc_row][vc_row][vc_column width=&#8221;1\/2&#8243;][vc_column_text] 100-\u00e5rsfonden Vet du n\u00e5gon som gjort n\u00e5got s\u00e4rskilt f\u00f6r 4H? N\u00e5gon som har slagit ett slag f\u00f6r 4H:s framtid? N\u00e5gon som personligen har vuxit inom 4H? D\u00e5 ska du nominera den personen! Under 2018 firade Sveriges 4H 100 \u00e5r. Elisabeth Otterdahl som det \u00e5ret gick i pension efter m\u00e5nga&nbsp; &hellip; Read more","og_url":"https:\/\/www.4h.se\/halland\/100-arsfonden\/","og_site_name":"4H i Halland","article_publisher":"https:\/\/www.facebook.com\/hallands4h\/","article_modified_time":"2025-10-23T11:35:33+00:00","twitter_card":"summary_large_image","twitter_site":"@Hallands4H","twitter_misc":{"Ber\u00e4knad l\u00e4stid":"4 minuter"},"schema":{"@context":"https:\/\/schema.org","@graph":[{"@type":"WebPage","@id":"https:\/\/www.4h.se\/halland\/100-arsfonden\/","url":"https:\/\/www.4h.se\/halland\/100-arsfonden\/","name":"100-\u00e5rsfonden - 4H i Halland","isPartOf":{"@id":"https:\/\/www.4h.se\/halland\/#website"},"datePublished":"2019-09-20T09:44:44+00:00","dateModified":"2025-10-23T11:35:33+00:00","breadcrumb":{"@id":"https:\/\/www.4h.se\/halland\/100-arsfonden\/#breadcrumb"},"inLanguage":"sv-SE","potentialAction":[{"@type":"ReadAction","target":["https:\/\/www.4h.se\/halland\/100-arsfonden\/"]}]},{"@type":"BreadcrumbList","@id":"https:\/\/www.4h.se\/halland\/100-arsfonden\/#breadcrumb","itemListElement":[{"@type":"ListItem","position":1,"name":"Hem","item":"https:\/\/www.4h.se\/halland\/"},{"@type":"ListItem","position":2,"name":"100-\u00e5rsfonden"}]},{"@type":"WebSite","@id":"https:\/\/www.4h.se\/halland\/#website","url":"https:\/\/www.4h.se\/halland\/","name":"4H i Halland","description":"Av unga f\u00f6r unga","potentialAction":[{"@type":"SearchAction","target":{"@type":"EntryPoint","urlTemplate":"https:\/\/www.4h.se\/halland\/?s={search_term_string}"},"query-input":{"@type":"PropertyValueSpecification","valueRequired":true,"valueName":"search_term_string"}}],"inLanguage":"sv-SE"}]}},"_links":{"self":[{"href":"https:\/\/www.4h.se\/halland\/wp-json\/wp\/v2\/pages\/1437","targetHints":{"allow":["GET"]}}],"collection":[{"href":"https:\/\/www.4h.se\/halland\/wp-json\/wp\/v2\/pages"}],"about":[{"href":"https:\/\/www.4h.se\/halland\/wp-json\/wp\/v2\/types\/page"}],"author":[{"embeddable":true,"href":"https:\/\/www.4h.se\/halland\/wp-json\/wp\/v2\/users\/72"}],"replies":[{"embeddable":true,"href":"https:\/\/www.4h.se\/halland\/wp-json\/wp\/v2\/comments?post=1437"}],"version-history":[{"count":0,"href":"https:\/\/www.4h.se\/halland\/wp-json\/wp\/v2\/pages\/1437\/revisions"}],"wp:attachment":[{"href":"https:\/\/www.4h.se\/halland\/wp-json\/wp\/v2\/media?parent=1437"}],"curies":[{"name":"wp","href":"https:\/\/api.w.org\/{rel}","templated":true}]}}