



{"id":692,"date":"2019-03-26T12:46:54","date_gmt":"2019-03-26T11:46:54","guid":{"rendered":"https:\/\/www.4h.se\/hagelby\/?page_id=692"},"modified":"2025-09-17T13:26:21","modified_gmt":"2025-09-17T11:26:21","slug":"4h-dag","status":"publish","type":"page","link":"https:\/\/www.4h.se\/hagelby\/4h-dag\/","title":{"rendered":"4H-dag"},"content":{"rendered":"<div class=\"wpb-content-wrapper\"><p>[vc_row full_width=&#8221;stretch_row&#8221; css=&#8221;.vc_custom_1724913734110{background-color: #008b44 !important;}&#8221;][vc_column][vc_row_inner css=&#8221;.vc_custom_1724914146540{margin-bottom: -30px !important;background-color: #ffffff !important;border-radius: 15px !important;}&#8221;][vc_column_inner][vc_column_text css=&#8221;&#8221;]<\/p>\n<h1 style=\"text-align: center;\">v\u00e4lkommen till 4H-dagen 2025<\/h1>\n<h2 style=\"text-align: center;\">21 september kl. 11-15<\/h2>\n<p>[\/vc_column_text][vc_column_text css=&#8221;&#8221;]<\/p>\n<h4 style=\"text-align: center;\">V\u00e5ra aktiviteter genomf\u00f6rs tillsammans med n\u00e5gra av g\u00e5rdens ideella arbetskrafter! dessutom \u00e4r \u00e4nnu fler av v\u00e5ra unga ideella med och genomf\u00f6r dagen f\u00f6r alla v\u00e5ra bes\u00f6kare. Vi ses d\u00e4r!<\/h4>\n<p>[\/vc_column_text][vc_separator color=&#8221;custom&#8221; style=&#8221;dotted&#8221; border_width=&#8221;5&#8243; accent_color=&#8221;#008b43&#8243;][vc_column_text css=&#8221;&#8221;]<\/p>\n<h1 style=\"text-align: center;\">program<\/h1>\n<p class=\"cvGsUA direction-ltr align-center para-style-body\" style=\"text-align: center;\"><span class=\"OYPEnA font-feature-liga-off font-feature-clig-off font-feature-calt-off text-decoration-none text-strikethrough-none\">Ponnyridning kl.<span class=\"a_GcMg font-feature-liga-off font-feature-clig-off font-feature-calt-off text-decoration-none text-strikethrough-none\">12.30-13.30,<\/span> 40 kr\/runda<\/span><\/p>\n<p class=\"cvGsUA direction-ltr align-center para-style-body\" style=\"text-align: center;\"><span class=\"OYPEnA font-feature-liga-off font-feature-clig-off font-feature-calt-off text-decoration-none text-strikethrough-none\">Fiskdamm kl.<span class=\"a_GcMg font-feature-liga-off font-feature-clig-off font-feature-calt-off text-decoration-none text-strikethrough-none\">11-15<\/span> (eller s\u00e5 l\u00e5ngt p\u00e5sarna r\u00e4cker), 25 kr\/napp<\/span><\/p>\n<p class=\"cvGsUA direction-ltr align-center para-style-body\" style=\"text-align: center;\"><span class=\"OYPEnA font-feature-liga-off font-feature-clig-off font-feature-calt-off text-decoration-none text-strikethrough-none\">Klapphage kl.1<span class=\"a_GcMg font-feature-liga-off font-feature-clig-off font-feature-calt-off text-decoration-none text-strikethrough-none\">1-12.30 och 13.30-15<\/span><\/span><\/p>\n<p class=\"cvGsUA direction-ltr align-center para-style-body\" style=\"text-align: center;\"><span class=\"OYPEnA font-feature-liga-off font-feature-clig-off font-feature-calt-off text-decoration-none text-strikethrough-none\">K\u00e4pph\u00e4sthoppning kl.<span class=\"a_GcMg font-feature-liga-off font-feature-clig-off font-feature-calt-off text-decoration-none text-strikethrough-none\">11-15<\/span> <\/span><\/p>\n<p class=\"cvGsUA direction-ltr align-center para-style-body\" style=\"text-align: center;\">\n<h3 class=\"cvGsUA direction-ltr align-center para-style-body\" style=\"text-align: center;\"><span class=\"OYPEnA font-feature-liga-off font-feature-clig-off font-feature-calt-off text-decoration-none text-strikethrough-none\">Varmt v\u00e4lkomna till oss!<\/span><\/h3>\n<p>[\/vc_column_text][\/vc_column_inner][\/vc_row_inner][\/vc_column][vc_column][vc_row_inner css=&#8221;.vc_custom_1758101785117{background-color: #FFFFFF !important;border-radius: 15px !important;}&#8221;][vc_column_inner width=&#8221;1\/3&#8243;][vc_single_image image=&#8221;1683&#8243; img_size=&#8221;Full&#8221; alignment=&#8221;center&#8221; style=&#8221;vc_box_outline_circle_2&#8243; css=&#8221;&#8221;][\/vc_column_inner][vc_column_inner width=&#8221;1\/3&#8243;][vc_single_image image=&#8221;1749&#8243; img_size=&#8221;Full&#8221; alignment=&#8221;center&#8221; style=&#8221;vc_box_outline_circle_2&#8243; css=&#8221;&#8221;][\/vc_column_inner][vc_column_inner width=&#8221;1\/3&#8243;][vc_single_image image=&#8221;1750&#8243; img_size=&#8221;Full&#8221; alignment=&#8221;center&#8221; style=&#8221;vc_box_outline_circle_2&#8243; css=&#8221;&#8221;][\/vc_column_inner][\/vc_row_inner][\/vc_column][vc_column][\/vc_column][\/vc_row]<\/p>\n<\/div>","protected":false},"excerpt":{"rendered":"<p>[vc_row full_width=&#8221;stretch_row&#8221; css=&#8221;.vc_custom_1724913734110{background-color: #008b44 !important;}&#8221;][vc_column][vc_row_inner css=&#8221;.vc_custom_1724914146540{margin-bottom: -30px !important;background-color: #ffffff !important;border-radius: 15px !important;}&#8221;][vc_column_inner][vc_column_text css=&#8221;&#8221;] v\u00e4lkommen till 4H-dagen 2025 21 september kl. 11-15 [\/vc_column_text][vc_column_text css=&#8221;&#8221;] V\u00e5ra aktiviteter genomf\u00f6rs tillsammans med n\u00e5gra av g\u00e5rdens ideella arbetskrafter! dessutom \u00e4r \u00e4nnu fler av v\u00e5ra unga ideella med och genomf\u00f6r dagen f\u00f6r alla v\u00e5ra bes\u00f6kare. Vi ses d\u00e4r! [\/vc_column_text][vc_separator color=&#8221;custom&#8221; style=&#8221;dotted&#8221;&nbsp; <a href=\"https:\/\/www.4h.se\/hagelby\/4h-dag\/\">&hellip; Read more <i class=\"glyphicon glyphicon-arrow-right\"><\/i><\/a><\/p>\n","protected":false},"author":44,"featured_media":0,"parent":0,"menu_order":90,"comment_status":"closed","ping_status":"closed","template":"","meta":{"_acf_changed":false,"footnotes":""},"class_list":["post-692","page","type-page","status-publish","hentry"],"acf":[],"yoast_head":"<!-- This site is optimized with the Yoast SEO plugin v27.5 - https:\/\/yoast.com\/product\/yoast-seo-wordpress\/ -->\n<title>4H-dag f\u00f6r hela familjen - H\u00e5gelby 4H-g\u00e5rd<\/title>\n<meta name=\"description\" content=\"V\u00e4lkommen p\u00e5 4H-dag f\u00f6r hela familjen p\u00e5 H\u00e5gelby 4H-g\u00e5rd. F\u00f6r alla \u00e5ldrar - bland annat klapphage, ponnyridning och fiskdamm. Tumba, Botkyrka\" \/>\n<meta name=\"robots\" content=\"index, follow, max-snippet:-1, max-image-preview:large, max-video-preview:-1\" \/>\n<link rel=\"canonical\" href=\"https:\/\/www.4h.se\/hagelby\/4h-dag\/\" \/>\n<meta property=\"og:locale\" content=\"sv_SE\" \/>\n<meta property=\"og:type\" content=\"article\" \/>\n<meta property=\"og:title\" content=\"4H-dag f\u00f6r hela familjen - H\u00e5gelby 4H-g\u00e5rd\" \/>\n<meta property=\"og:description\" content=\"V\u00e4lkommen p\u00e5 4H-dag f\u00f6r hela familjen p\u00e5 H\u00e5gelby 4H-g\u00e5rd. F\u00f6r alla \u00e5ldrar - bland annat klapphage, ponnyridning och fiskdamm. Tumba, Botkyrka\" \/>\n<meta property=\"og:url\" content=\"https:\/\/www.4h.se\/hagelby\/4h-dag\/\" \/>\n<meta property=\"og:site_name\" content=\"H\u00e5gelby 4H-g\u00e5rd\" \/>\n<meta property=\"article:modified_time\" content=\"2025-09-17T11:26:21+00:00\" \/>\n<meta name=\"twitter:card\" content=\"summary_large_image\" \/>\n<script type=\"application\/ld+json\" class=\"yoast-schema-graph\">{\"@context\":\"https:\\\/\\\/schema.org\",\"@graph\":[{\"@type\":\"WebPage\",\"@id\":\"https:\\\/\\\/www.4h.se\\\/hagelby\\\/4h-dag\\\/\",\"url\":\"https:\\\/\\\/www.4h.se\\\/hagelby\\\/4h-dag\\\/\",\"name\":\"4H-dag f\u00f6r hela familjen - H\u00e5gelby 4H-g\u00e5rd\",\"isPartOf\":{\"@id\":\"https:\\\/\\\/www.4h.se\\\/hagelby\\\/#website\"},\"datePublished\":\"2019-03-26T11:46:54+00:00\",\"dateModified\":\"2025-09-17T11:26:21+00:00\",\"description\":\"V\u00e4lkommen p\u00e5 4H-dag f\u00f6r hela familjen p\u00e5 H\u00e5gelby 4H-g\u00e5rd. F\u00f6r alla \u00e5ldrar - bland annat klapphage, ponnyridning och fiskdamm. Tumba, Botkyrka\",\"breadcrumb\":{\"@id\":\"https:\\\/\\\/www.4h.se\\\/hagelby\\\/4h-dag\\\/#breadcrumb\"},\"inLanguage\":\"sv-SE\",\"potentialAction\":[{\"@type\":\"ReadAction\",\"target\":[\"https:\\\/\\\/www.4h.se\\\/hagelby\\\/4h-dag\\\/\"]}]},{\"@type\":\"BreadcrumbList\",\"@id\":\"https:\\\/\\\/www.4h.se\\\/hagelby\\\/4h-dag\\\/#breadcrumb\",\"itemListElement\":[{\"@type\":\"ListItem\",\"position\":1,\"name\":\"Hem\",\"item\":\"https:\\\/\\\/www.4h.se\\\/hagelby\\\/\"},{\"@type\":\"ListItem\",\"position\":2,\"name\":\"4H-dag\"}]},{\"@type\":\"WebSite\",\"@id\":\"https:\\\/\\\/www.4h.se\\\/hagelby\\\/#website\",\"url\":\"https:\\\/\\\/www.4h.se\\\/hagelby\\\/\",\"name\":\"H\u00e5gelby 4H-g\u00e5rd\",\"description\":\"\",\"potentialAction\":[{\"@type\":\"SearchAction\",\"target\":{\"@type\":\"EntryPoint\",\"urlTemplate\":\"https:\\\/\\\/www.4h.se\\\/hagelby\\\/?s={search_term_string}\"},\"query-input\":{\"@type\":\"PropertyValueSpecification\",\"valueRequired\":true,\"valueName\":\"search_term_string\"}}],\"inLanguage\":\"sv-SE\"}]}<\/script>\n<!-- \/ Yoast SEO plugin. -->","yoast_head_json":{"title":"4H-dag f\u00f6r hela familjen - H\u00e5gelby 4H-g\u00e5rd","description":"V\u00e4lkommen p\u00e5 4H-dag f\u00f6r hela familjen p\u00e5 H\u00e5gelby 4H-g\u00e5rd. F\u00f6r alla \u00e5ldrar - bland annat klapphage, ponnyridning och fiskdamm. Tumba, Botkyrka","robots":{"index":"index","follow":"follow","max-snippet":"max-snippet:-1","max-image-preview":"max-image-preview:large","max-video-preview":"max-video-preview:-1"},"canonical":"https:\/\/www.4h.se\/hagelby\/4h-dag\/","og_locale":"sv_SE","og_type":"article","og_title":"4H-dag f\u00f6r hela familjen - H\u00e5gelby 4H-g\u00e5rd","og_description":"V\u00e4lkommen p\u00e5 4H-dag f\u00f6r hela familjen p\u00e5 H\u00e5gelby 4H-g\u00e5rd. F\u00f6r alla \u00e5ldrar - bland annat klapphage, ponnyridning och fiskdamm. Tumba, Botkyrka","og_url":"https:\/\/www.4h.se\/hagelby\/4h-dag\/","og_site_name":"H\u00e5gelby 4H-g\u00e5rd","article_modified_time":"2025-09-17T11:26:21+00:00","twitter_card":"summary_large_image","schema":{"@context":"https:\/\/schema.org","@graph":[{"@type":"WebPage","@id":"https:\/\/www.4h.se\/hagelby\/4h-dag\/","url":"https:\/\/www.4h.se\/hagelby\/4h-dag\/","name":"4H-dag f\u00f6r hela familjen - H\u00e5gelby 4H-g\u00e5rd","isPartOf":{"@id":"https:\/\/www.4h.se\/hagelby\/#website"},"datePublished":"2019-03-26T11:46:54+00:00","dateModified":"2025-09-17T11:26:21+00:00","description":"V\u00e4lkommen p\u00e5 4H-dag f\u00f6r hela familjen p\u00e5 H\u00e5gelby 4H-g\u00e5rd. F\u00f6r alla \u00e5ldrar - bland annat klapphage, ponnyridning och fiskdamm. Tumba, Botkyrka","breadcrumb":{"@id":"https:\/\/www.4h.se\/hagelby\/4h-dag\/#breadcrumb"},"inLanguage":"sv-SE","potentialAction":[{"@type":"ReadAction","target":["https:\/\/www.4h.se\/hagelby\/4h-dag\/"]}]},{"@type":"BreadcrumbList","@id":"https:\/\/www.4h.se\/hagelby\/4h-dag\/#breadcrumb","itemListElement":[{"@type":"ListItem","position":1,"name":"Hem","item":"https:\/\/www.4h.se\/hagelby\/"},{"@type":"ListItem","position":2,"name":"4H-dag"}]},{"@type":"WebSite","@id":"https:\/\/www.4h.se\/hagelby\/#website","url":"https:\/\/www.4h.se\/hagelby\/","name":"H\u00e5gelby 4H-g\u00e5rd","description":"","potentialAction":[{"@type":"SearchAction","target":{"@type":"EntryPoint","urlTemplate":"https:\/\/www.4h.se\/hagelby\/?s={search_term_string}"},"query-input":{"@type":"PropertyValueSpecification","valueRequired":true,"valueName":"search_term_string"}}],"inLanguage":"sv-SE"}]}},"_links":{"self":[{"href":"https:\/\/www.4h.se\/hagelby\/wp-json\/wp\/v2\/pages\/692","targetHints":{"allow":["GET"]}}],"collection":[{"href":"https:\/\/www.4h.se\/hagelby\/wp-json\/wp\/v2\/pages"}],"about":[{"href":"https:\/\/www.4h.se\/hagelby\/wp-json\/wp\/v2\/types\/page"}],"author":[{"embeddable":true,"href":"https:\/\/www.4h.se\/hagelby\/wp-json\/wp\/v2\/users\/44"}],"replies":[{"embeddable":true,"href":"https:\/\/www.4h.se\/hagelby\/wp-json\/wp\/v2\/comments?post=692"}],"version-history":[{"count":0,"href":"https:\/\/www.4h.se\/hagelby\/wp-json\/wp\/v2\/pages\/692\/revisions"}],"wp:attachment":[{"href":"https:\/\/www.4h.se\/hagelby\/wp-json\/wp\/v2\/media?parent=692"}],"curies":[{"name":"wp","href":"https:\/\/api.w.org\/{rel}","templated":true}]}}