



{"id":440,"date":"2016-11-25T09:24:58","date_gmt":"2016-11-25T08:24:58","guid":{"rendered":"http:\/\/www.4h.se\/hagelby\/?page_id=440"},"modified":"2025-03-03T10:31:01","modified_gmt":"2025-03-03T09:31:01","slug":"gris","status":"publish","type":"page","link":"https:\/\/www.4h.se\/hagelby\/gris\/","title":{"rendered":"Gris"},"content":{"rendered":"<div class=\"wpb-content-wrapper\"><p>[vc_row full_width=&#8221;stretch_row&#8221; css=&#8221;.vc_custom_1708001489367{background-color: #008b44 !important;}&#8221;][vc_column][vc_row_inner css=&#8221;.vc_custom_1646834767189{background-color: #ffffff !important;border-radius: 15px !important;}&#8221;][vc_column_inner][vc_column_text]<\/p>\n<h1 style=\"text-align: center\">Gris<\/h1>\n<p>[\/vc_column_text][vc_separator color=&#8221;custom&#8221; style=&#8221;dotted&#8221; border_width=&#8221;5&#8243; accent_color=&#8221;#008b45&#8243;][vc_column_text css=&#8221;&#8221;]P\u00e5 g\u00e5rden bor v\u00e5ra tre minigrisar Kl\u00f6ver, Bruno och Pricken som \u00e4r f\u00f6dda i september 2024<\/p>\n<address>P\u00e5 sommarhalv\u00e5ret g\u00e5r grisarna ute i hagen men n\u00e4r det blir h\u00f6st och i b\u00f6rjan p\u00e5 v\u00e5ren tycker grisarna att det \u00e4r f\u00f6r kallt s\u00e5 d\u00e5 ligger de hellre i stallet och myser i halmen.\u00a0<\/address>\n<h4>Enkel fakta om grisar<\/h4>\n<p>Mamma gris kallas f\u00f6r So eller Sugga. Pappa gris kallas f\u00f6r Galt. Grisens barn kallas f\u00f6r kulting.<\/p>\n<p>Grisar \u00e4r v\u00e4ldigt renliga djur. De sover p\u00e5 ett st\u00e4lle och bajsar och kissar p\u00e5 ett annat st\u00e4lle.<\/p>\n<p>De rullar sig inte i lera f\u00f6r att de vill bli skitiga utan f\u00f6r att skydda sig fr\u00e5n sol och insekter. Leran \u00e4r \u00e4ven svalkande vilket \u00e4r v\u00e4ldigt viktigt eftersom grisar bara kan svettas genom trynet. S\u00e5 om grisen \u00e4r bl\u00f6t om trynet \u00e4r det inte f\u00f6r att den \u00e4r f\u00f6rkyld utan f\u00f6r att den svettas.<\/p>\n<p>Grisar \u00e4r mycket intelligenta djur, de \u00e4r l\u00e4ttl\u00e4rda och g\u00e5r att l\u00e4ra trix precis som en hund! \u00a0Precis som hunden kan \u00e4ven grisen jobba med polisen, det finns n\u00e4mligen polisgrisar. De hj\u00e4lper polisen att leta reda p\u00e5 narkotika! P\u00e5 cirkus kan det finnas grisar som \u00a0t.ex. kan vinka, dansa och balansera p\u00e5 bollar.[\/vc_column_text][vc_separator color=&#8221;custom&#8221; style=&#8221;dotted&#8221; border_width=&#8221;5&#8243; accent_color=&#8221;#008b45&#8243;][\/vc_column_inner][\/vc_row_inner][vc_row_inner css=&#8221;.vc_custom_1646838961239{margin-top: -25px !important;margin-bottom: 30px !important;background-color: #ffffff !important;border-radius: 15px !important;}&#8221;][vc_column_inner width=&#8221;1\/3&#8243;][vc_single_image image=&#8221;1584&#8243; img_size=&#8221;full&#8221; alignment=&#8221;center&#8221; style=&#8221;vc_box_outline&#8221; border_color=&#8221;black&#8221; css=&#8221;&#8221;][vc_column_text css=&#8221;&#8221;]<\/p>\n<h4 style=\"text-align: center;\">&#8211; Kl\u00f6ver-<\/h4>\n<p style=\"text-align: center;\">2024<\/p>\n<p style=\"text-align: center;\">Minigris<\/p>\n<p>[\/vc_column_text][\/vc_column_inner][vc_column_inner width=&#8221;1\/3&#8243;][vc_single_image image=&#8221;1585&#8243; img_size=&#8221;full&#8221; alignment=&#8221;center&#8221; style=&#8221;vc_box_outline&#8221; border_color=&#8221;black&#8221; css=&#8221;&#8221;][vc_column_text css=&#8221;&#8221;]<\/p>\n<h4 style=\"text-align: center;\">&#8211; Bruno &#8211;<\/h4>\n<p style=\"text-align: center;\">2024<\/p>\n<p style=\"text-align: center;\">Minigris<\/p>\n<p>[\/vc_column_text][\/vc_column_inner][vc_column_inner width=&#8221;1\/3&#8243;][vc_single_image image=&#8221;1586&#8243; img_size=&#8221;full&#8221; alignment=&#8221;center&#8221; style=&#8221;vc_box_outline&#8221; border_color=&#8221;black&#8221; css=&#8221;&#8221;][vc_column_text css=&#8221;&#8221;]<\/p>\n<h4 style=\"text-align: center;\">&#8211; Pricken-<\/h4>\n<p style=\"text-align: center;\">2024<\/p>\n<p style=\"text-align: center;\">Minigris<\/p>\n<p>[\/vc_column_text][\/vc_column_inner][\/vc_row_inner][\/vc_column][\/vc_row]<\/p>\n<\/div>","protected":false},"excerpt":{"rendered":"<p>[vc_row full_width=&#8221;stretch_row&#8221; css=&#8221;.vc_custom_1708001489367{background-color: #008b44 !important;}&#8221;][vc_column][vc_row_inner css=&#8221;.vc_custom_1646834767189{background-color: #ffffff !important;border-radius: 15px !important;}&#8221;][vc_column_inner][vc_column_text] Gris [\/vc_column_text][vc_separator color=&#8221;custom&#8221; style=&#8221;dotted&#8221; border_width=&#8221;5&#8243; accent_color=&#8221;#008b45&#8243;][vc_column_text css=&#8221;&#8221;]P\u00e5 g\u00e5rden bor v\u00e5ra tre minigrisar Kl\u00f6ver, Bruno och Pricken som \u00e4r f\u00f6dda i september 2024 P\u00e5 sommarhalv\u00e5ret g\u00e5r grisarna ute i hagen men n\u00e4r det blir h\u00f6st och i b\u00f6rjan p\u00e5 v\u00e5ren tycker grisarna att det \u00e4r f\u00f6r&nbsp; <a href=\"https:\/\/www.4h.se\/hagelby\/gris\/\">&hellip; Read more <i class=\"glyphicon glyphicon-arrow-right\"><\/i><\/a><\/p>\n","protected":false},"author":44,"featured_media":0,"parent":0,"menu_order":115,"comment_status":"closed","ping_status":"closed","template":"","meta":{"_acf_changed":false,"footnotes":""},"class_list":["post-440","page","type-page","status-publish","hentry"],"acf":[],"yoast_head":"<!-- This site is optimized with the Yoast SEO plugin v27.5 - https:\/\/yoast.com\/product\/yoast-seo-wordpress\/ -->\n<title>Gris - H\u00e5gelby 4H-g\u00e5rd<\/title>\n<meta name=\"description\" content=\"Gris p\u00e5 H\u00e5gelby 4H-g\u00e5rd, minigris\" \/>\n<meta name=\"robots\" content=\"index, follow, max-snippet:-1, max-image-preview:large, max-video-preview:-1\" \/>\n<link rel=\"canonical\" href=\"https:\/\/www.4h.se\/hagelby\/gris\/\" \/>\n<meta property=\"og:locale\" content=\"sv_SE\" \/>\n<meta property=\"og:type\" content=\"article\" \/>\n<meta property=\"og:title\" content=\"Gris - H\u00e5gelby 4H-g\u00e5rd\" \/>\n<meta property=\"og:description\" content=\"Gris p\u00e5 H\u00e5gelby 4H-g\u00e5rd, minigris\" \/>\n<meta property=\"og:url\" content=\"https:\/\/www.4h.se\/hagelby\/gris\/\" \/>\n<meta property=\"og:site_name\" content=\"H\u00e5gelby 4H-g\u00e5rd\" \/>\n<meta property=\"article:modified_time\" content=\"2025-03-03T09:31:01+00:00\" \/>\n<meta name=\"twitter:card\" content=\"summary_large_image\" \/>\n<meta name=\"twitter:label1\" content=\"Ber\u00e4knad l\u00e4stid\" \/>\n\t<meta name=\"twitter:data1\" content=\"2 minuter\" \/>\n<script type=\"application\/ld+json\" class=\"yoast-schema-graph\">{\"@context\":\"https:\\\/\\\/schema.org\",\"@graph\":[{\"@type\":\"WebPage\",\"@id\":\"https:\\\/\\\/www.4h.se\\\/hagelby\\\/gris\\\/\",\"url\":\"https:\\\/\\\/www.4h.se\\\/hagelby\\\/gris\\\/\",\"name\":\"Gris - H\u00e5gelby 4H-g\u00e5rd\",\"isPartOf\":{\"@id\":\"https:\\\/\\\/www.4h.se\\\/hagelby\\\/#website\"},\"datePublished\":\"2016-11-25T08:24:58+00:00\",\"dateModified\":\"2025-03-03T09:31:01+00:00\",\"description\":\"Gris p\u00e5 H\u00e5gelby 4H-g\u00e5rd, minigris\",\"breadcrumb\":{\"@id\":\"https:\\\/\\\/www.4h.se\\\/hagelby\\\/gris\\\/#breadcrumb\"},\"inLanguage\":\"sv-SE\",\"potentialAction\":[{\"@type\":\"ReadAction\",\"target\":[\"https:\\\/\\\/www.4h.se\\\/hagelby\\\/gris\\\/\"]}]},{\"@type\":\"BreadcrumbList\",\"@id\":\"https:\\\/\\\/www.4h.se\\\/hagelby\\\/gris\\\/#breadcrumb\",\"itemListElement\":[{\"@type\":\"ListItem\",\"position\":1,\"name\":\"Hem\",\"item\":\"https:\\\/\\\/www.4h.se\\\/hagelby\\\/\"},{\"@type\":\"ListItem\",\"position\":2,\"name\":\"Gris\"}]},{\"@type\":\"WebSite\",\"@id\":\"https:\\\/\\\/www.4h.se\\\/hagelby\\\/#website\",\"url\":\"https:\\\/\\\/www.4h.se\\\/hagelby\\\/\",\"name\":\"H\u00e5gelby 4H-g\u00e5rd\",\"description\":\"\",\"potentialAction\":[{\"@type\":\"SearchAction\",\"target\":{\"@type\":\"EntryPoint\",\"urlTemplate\":\"https:\\\/\\\/www.4h.se\\\/hagelby\\\/?s={search_term_string}\"},\"query-input\":{\"@type\":\"PropertyValueSpecification\",\"valueRequired\":true,\"valueName\":\"search_term_string\"}}],\"inLanguage\":\"sv-SE\"}]}<\/script>\n<!-- \/ Yoast SEO plugin. -->","yoast_head_json":{"title":"Gris - H\u00e5gelby 4H-g\u00e5rd","description":"Gris p\u00e5 H\u00e5gelby 4H-g\u00e5rd, minigris","robots":{"index":"index","follow":"follow","max-snippet":"max-snippet:-1","max-image-preview":"max-image-preview:large","max-video-preview":"max-video-preview:-1"},"canonical":"https:\/\/www.4h.se\/hagelby\/gris\/","og_locale":"sv_SE","og_type":"article","og_title":"Gris - H\u00e5gelby 4H-g\u00e5rd","og_description":"Gris p\u00e5 H\u00e5gelby 4H-g\u00e5rd, minigris","og_url":"https:\/\/www.4h.se\/hagelby\/gris\/","og_site_name":"H\u00e5gelby 4H-g\u00e5rd","article_modified_time":"2025-03-03T09:31:01+00:00","twitter_card":"summary_large_image","twitter_misc":{"Ber\u00e4knad l\u00e4stid":"2 minuter"},"schema":{"@context":"https:\/\/schema.org","@graph":[{"@type":"WebPage","@id":"https:\/\/www.4h.se\/hagelby\/gris\/","url":"https:\/\/www.4h.se\/hagelby\/gris\/","name":"Gris - H\u00e5gelby 4H-g\u00e5rd","isPartOf":{"@id":"https:\/\/www.4h.se\/hagelby\/#website"},"datePublished":"2016-11-25T08:24:58+00:00","dateModified":"2025-03-03T09:31:01+00:00","description":"Gris p\u00e5 H\u00e5gelby 4H-g\u00e5rd, minigris","breadcrumb":{"@id":"https:\/\/www.4h.se\/hagelby\/gris\/#breadcrumb"},"inLanguage":"sv-SE","potentialAction":[{"@type":"ReadAction","target":["https:\/\/www.4h.se\/hagelby\/gris\/"]}]},{"@type":"BreadcrumbList","@id":"https:\/\/www.4h.se\/hagelby\/gris\/#breadcrumb","itemListElement":[{"@type":"ListItem","position":1,"name":"Hem","item":"https:\/\/www.4h.se\/hagelby\/"},{"@type":"ListItem","position":2,"name":"Gris"}]},{"@type":"WebSite","@id":"https:\/\/www.4h.se\/hagelby\/#website","url":"https:\/\/www.4h.se\/hagelby\/","name":"H\u00e5gelby 4H-g\u00e5rd","description":"","potentialAction":[{"@type":"SearchAction","target":{"@type":"EntryPoint","urlTemplate":"https:\/\/www.4h.se\/hagelby\/?s={search_term_string}"},"query-input":{"@type":"PropertyValueSpecification","valueRequired":true,"valueName":"search_term_string"}}],"inLanguage":"sv-SE"}]}},"_links":{"self":[{"href":"https:\/\/www.4h.se\/hagelby\/wp-json\/wp\/v2\/pages\/440","targetHints":{"allow":["GET"]}}],"collection":[{"href":"https:\/\/www.4h.se\/hagelby\/wp-json\/wp\/v2\/pages"}],"about":[{"href":"https:\/\/www.4h.se\/hagelby\/wp-json\/wp\/v2\/types\/page"}],"author":[{"embeddable":true,"href":"https:\/\/www.4h.se\/hagelby\/wp-json\/wp\/v2\/users\/44"}],"replies":[{"embeddable":true,"href":"https:\/\/www.4h.se\/hagelby\/wp-json\/wp\/v2\/comments?post=440"}],"version-history":[{"count":0,"href":"https:\/\/www.4h.se\/hagelby\/wp-json\/wp\/v2\/pages\/440\/revisions"}],"wp:attachment":[{"href":"https:\/\/www.4h.se\/hagelby\/wp-json\/wp\/v2\/media?parent=440"}],"curies":[{"name":"wp","href":"https:\/\/api.w.org\/{rel}","templated":true}]}}