



{"id":1862,"date":"2026-03-25T10:57:15","date_gmt":"2026-03-25T09:57:15","guid":{"rendered":"https:\/\/www.4h.se\/hagelby\/?page_id=1862"},"modified":"2026-03-25T11:04:59","modified_gmt":"2026-03-25T10:04:59","slug":"farklippning","status":"publish","type":"page","link":"https:\/\/www.4h.se\/hagelby\/farklippning\/","title":{"rendered":"F\u00e5rklippningsbes\u00f6k"},"content":{"rendered":"<div class=\"wpb-content-wrapper\"><p>[vc_row full_width=&#8221;stretch_row&#8221; gap=&#8221;5&#8243; css=&#8221;.vc_custom_1712053085574{background-color: #008b44 !important;}&#8221;][vc_column css=&#8221;.vc_custom_1737543053503{background-color: #ffffff !important;border-radius: 15px !important;}&#8221;][vc_column_text css=&#8221;&#8221;]<\/p>\n<h1 style=\"text-align: left;\"><strong>f\u00e5rklippningsbes\u00f6k<\/strong><\/h1>\n<div class=\"xdj266r x14z9mp xat24cr x1lziwak x1vvkbs\">\n<div dir=\"auto\">Kom med och klipp g\u00e5rdens f\u00e5r med oss!<\/div>\n<div dir=\"auto\"><\/div>\n<div dir=\"auto\">S\u00e5 h\u00e4r kan det se ut n\u00e4r vi klipper f\u00e5ren &#8211; och p\u00e5 p\u00e5sklovet kan du f\u00e5r vara med!<\/div>\n<\/div>\n<div class=\"x14z9mp xat24cr x1lziwak x1vvkbs xtlvy1s\">\n<div dir=\"auto\">H\u00e4r f\u00e5r b\u00e5de du och ditt barn l\u00e4ra er om hur klippningen g\u00e5r till, h\u00e5lla rakapparaten tillsammans med oss, och vad som h\u00e4nder med ullen. Alla som vill f\u00e5r \u00e4ven med sig en tuss ull hem!<\/div>\n<\/div>\n<div class=\"x14z9mp xat24cr x1lziwak x1vvkbs xtlvy1s\">\n<div dir=\"auto\"><\/div>\n<h4 dir=\"auto\">Onsdag 8\/4 kl. 12.30-13.15<\/h4>\n<div dir=\"auto\"><strong>Kostnad:<\/strong> 50kr\/person<\/div>\n<div dir=\"auto\"><strong>Bokning:<\/strong> Boka eran plats i formul\u00e4ret nedan!<\/div>\n<div dir=\"auto\"><\/div>\n<\/div>\n<p>[\/vc_column_text][vc_column_text css=&#8221;&#8221;]<div class=\"frm_forms  with_frm_style frm_style_formidable-style\" id=\"frm_form_45_container\" >\n<form enctype=\"multipart\/form-data\" method=\"post\" class=\"frm-show-form \" id=\"form_bygl94\" >\n<div class=\"frm_form_fields \">\n<fieldset>\n<legend class=\"frm_hidden\">Bokning f\u00e5rklippningsbes\u00f6k<\/legend>\r\n\r\n<div class=\"frm_fields_container\">\n<input type=\"hidden\" name=\"frm_action\" value=\"create\" \/>\n<input type=\"hidden\" name=\"form_id\" value=\"45\" \/>\n<input type=\"hidden\" name=\"frm_hide_fields_45\" id=\"frm_hide_fields_45\" value=\"\" \/>\n<input type=\"hidden\" name=\"form_key\" value=\"bygl94\" \/>\n<input type=\"hidden\" name=\"item_meta[0]\" value=\"\" \/>\n<input type=\"hidden\" id=\"frm_submit_entry_45\" name=\"frm_submit_entry_45\" value=\"52f5dbe88d\" \/><input type=\"hidden\" name=\"_wp_http_referer\" value=\"\/hagelby\/wp-json\/wp\/v2\/pages\/1862\" \/><div id=\"frm_field_556_container\" class=\"frm_form_field form-field  frm_required_field frm_top_container\">\r\n    <label for=\"field_kbkxd5\" class=\"frm_primary_label\">Namn p\u00e5 dig som bokar\r\n        <span class=\"frm_required\">*<\/span>\r\n    <\/label>\r\n    <input type=\"text\" id=\"field_kbkxd5\" name=\"item_meta[556]\" value=\"\"  data-reqmsg=\"Detta f\u00e4lt kan inte vara tomt.\" aria-required=\"true\" data-invmsg=\"Namn p\u00e5 dig som bokar \u00e4r ogiltigt\" aria-invalid=\"false\"  \/>\r\n    \r\n    \r\n<\/div>\n<div id=\"frm_field_557_container\" class=\"frm_form_field form-field  frm_required_field frm_top_container\">\r\n    <label for=\"field_xa25z5\" class=\"frm_primary_label\">Mailadress p\u00e5 dig som bokar\r\n        <span class=\"frm_required\">*<\/span>\r\n    <\/label>\r\n    <input type=\"text\" id=\"field_xa25z5\" name=\"item_meta[557]\" value=\"\"  data-reqmsg=\"Detta f\u00e4lt kan inte vara tomt.\" aria-required=\"true\" data-invmsg=\"Mailadress p\u00e5 dig som bokar \u00e4r ogiltigt\" aria-invalid=\"false\"   aria-describedby=\"frm_desc_field_xa25z5\"\/>\r\n    <div id=\"frm_desc_field_xa25z5\" class=\"frm_description\">Hit skickas bekr\u00e4ftelsen<\/div>\r\n    \r\n<\/div>\n<div id=\"frm_field_558_container\" class=\"frm_form_field form-field  frm_required_field frm_top_container\">\r\n    <label for=\"field_itzwq5\" class=\"frm_primary_label\">Telefonnummer till dig som bokar\r\n        <span class=\"frm_required\">*<\/span>\r\n    <\/label>\r\n    <input type=\"text\" id=\"field_itzwq5\" name=\"item_meta[558]\" value=\"\"  data-reqmsg=\"Detta f\u00e4lt kan inte vara tomt.\" aria-required=\"true\" data-invmsg=\"Telefonnummer till dig som bokar \u00e4r ogiltigt\" aria-invalid=\"false\"  \/>\r\n    \r\n    \r\n<\/div>\n<div id=\"frm_field_559_container\" class=\"frm_form_field form-field  frm_required_field frm_top_container vertical_radio\">\r\n    <label class=\"frm_primary_label\">Dag och tid ni \u00f6nskar boka:\r\n        <span class=\"frm_required\">*<\/span>\r\n    <\/label>\r\n    <div class=\"frm_opt_container\">\t\t<div class=\"frm_radio\" id=\"frm_radio_559-0\">\t\t\t<label  for=\"field_m68862-0\">\n\t\t\t\t\t<input type=\"radio\" name=\"item_meta[559]\" id=\"field_m68862-0\" value=\"Onsdag 8\/4 kl. 12.30-13.15\"\n\t\t data-reqmsg=\"Detta f\u00e4lt kan inte vara tomt.\" data-invmsg=\"Dag och tid ni \u00f6nskar boka: \u00e4r ogiltigt\"   \/> Onsdag 8\/4 kl. 12.30-13.15<\/label><\/div>\n<\/div>\r\n    \r\n    \r\n<\/div>\n<div id=\"frm_field_560_container\" class=\"frm_form_field form-field  frm_required_field frm_top_container\">\r\n    <label for=\"field_qrgty5\" class=\"frm_primary_label\">Antal barn och vuxna som deltar p\u00e5 f\u00e5rklippning\r\n        <span class=\"frm_required\">*<\/span>\r\n    <\/label>\r\n    <textarea name=\"item_meta[560]\" id=\"field_qrgty5\" rows=\"5\"  data-reqmsg=\"Detta f\u00e4lt kan inte vara tomt.\" aria-required=\"true\" data-invmsg=\"Antal barn och vuxna som deltar p\u00e5 f\u00e5rklippning \u00e4r ogiltigt\" aria-invalid=\"false\"   aria-describedby=\"frm_desc_field_qrgty5\"><\/textarea>\r\n    <div id=\"frm_desc_field_qrgty5\" class=\"frm_description\">Ange g\u00e4rna \u00e5lder p\u00e5 barn.<\/div>\r\n    \r\n<\/div>\n<div id=\"frm_field_562_container\" class=\"frm_form_field form-field  frm_top_container\">\r\n    <label for=\"field_gfqpo5\" class=\"frm_primary_label\">Annan information till oss\r\n        <span class=\"frm_required\"><\/span>\r\n    <\/label>\r\n    <textarea name=\"item_meta[562]\" id=\"field_gfqpo5\"  data-invmsg=\"Annan information till oss \u00e4r ogiltigt\" aria-invalid=\"false\"  ><\/textarea>\r\n    \r\n    \r\n<\/div>\n<div id=\"frm_field_563_container\" class=\"frm_form_field form-field \">\r\n\t<div class=\"frm_submit\">\r\n\r\n<button class=\"frm_button_submit\" type=\"submit\" >Anm\u00e4la<\/button>\r\n\r\n<\/div>\r\n<\/div>\n\t<input type=\"hidden\" name=\"item_key\" value=\"\" \/>\n\t\t\t<div id=\"frm_field_564_container\">\n\t\t\t<label for=\"field_rm1jn\" >\n\t\t\t\tOm du \u00e4r m\u00e4nsklig, l\u00e4mna det h\u00e4r f\u00e4ltet tomt.\t\t\t<\/label>\n\t\t\t<input  id=\"field_rm1jn\" type=\"text\" class=\"frm_form_field form-field frm_verify\" name=\"item_meta[564]\" value=\"\"  \/>\n\t\t<\/div>\n\t\t<input name=\"frm_state\" type=\"hidden\" value=\"uk7gacxGVMJnWVH0oI8SluBjmiJjUAx7k0qglxO\/Mzc=\" \/><\/div>\n<\/fieldset>\n<\/div>\n\n<\/form>\n<\/div>\n[\/vc_column_text][\/vc_column][\/vc_row][vc_row disable_element=&#8221;yes&#8221;][vc_column][\/vc_column][\/vc_row]<\/p>\n<\/div>","protected":false},"excerpt":{"rendered":"<p>[vc_row full_width=&#8221;stretch_row&#8221; gap=&#8221;5&#8243; css=&#8221;.vc_custom_1712053085574{background-color: #008b44 !important;}&#8221;][vc_column css=&#8221;.vc_custom_1737543053503{background-color: #ffffff !important;border-radius: 15px !important;}&#8221;][vc_column_text css=&#8221;&#8221;] f\u00e5rklippningsbes\u00f6k Kom med och klipp g\u00e5rdens f\u00e5r med oss! S\u00e5 h\u00e4r kan det se ut n\u00e4r vi klipper f\u00e5ren &#8211; och p\u00e5 p\u00e5sklovet kan du f\u00e5r vara med! H\u00e4r f\u00e5r b\u00e5de du och ditt barn l\u00e4ra er om hur klippningen g\u00e5r till, h\u00e5lla&nbsp; <a href=\"https:\/\/www.4h.se\/hagelby\/farklippning\/\">&hellip; Read more <i class=\"glyphicon glyphicon-arrow-right\"><\/i><\/a><\/p>\n","protected":false},"author":147,"featured_media":0,"parent":0,"menu_order":96,"comment_status":"closed","ping_status":"closed","template":"","meta":{"footnotes":""},"class_list":["post-1862","page","type-page","status-publish","hentry"],"yoast_head":"<!-- This site is optimized with the Yoast SEO plugin v27.4 - https:\/\/yoast.com\/product\/yoast-seo-wordpress\/ -->\n<title>F\u00e5rklippningsbes\u00f6k - H\u00e5gelby 4H-g\u00e5rd<\/title>\n<meta name=\"description\" content=\"V\u00e4lkommen att boka ett bes\u00f6k med din skola eller f\u00f6rskola hos oss p\u00e5 H\u00e5gelby 4H-g\u00e5rd. H\u00e4r hittar ni mer information om v\u00e5ra olika bes\u00f6ksprogram\" \/>\n<meta name=\"robots\" content=\"index, follow, max-snippet:-1, max-image-preview:large, max-video-preview:-1\" \/>\n<link rel=\"canonical\" href=\"https:\/\/www.4h.se\/hagelby\/farklippning\/\" \/>\n<meta property=\"og:locale\" content=\"sv_SE\" \/>\n<meta property=\"og:type\" content=\"article\" \/>\n<meta property=\"og:title\" content=\"F\u00e5rklippningsbes\u00f6k - H\u00e5gelby 4H-g\u00e5rd\" \/>\n<meta property=\"og:description\" content=\"V\u00e4lkommen att boka ett bes\u00f6k med din skola eller f\u00f6rskola hos oss p\u00e5 H\u00e5gelby 4H-g\u00e5rd. H\u00e4r hittar ni mer information om v\u00e5ra olika bes\u00f6ksprogram\" \/>\n<meta property=\"og:url\" content=\"https:\/\/www.4h.se\/hagelby\/farklippning\/\" \/>\n<meta property=\"og:site_name\" content=\"H\u00e5gelby 4H-g\u00e5rd\" \/>\n<meta property=\"article:modified_time\" content=\"2026-03-25T10:04:59+00:00\" \/>\n<meta name=\"twitter:card\" content=\"summary_large_image\" \/>\n<script type=\"application\/ld+json\" class=\"yoast-schema-graph\">{\"@context\":\"https:\\\/\\\/schema.org\",\"@graph\":[{\"@type\":\"WebPage\",\"@id\":\"https:\\\/\\\/www.4h.se\\\/hagelby\\\/farklippning\\\/\",\"url\":\"https:\\\/\\\/www.4h.se\\\/hagelby\\\/farklippning\\\/\",\"name\":\"F\u00e5rklippningsbes\u00f6k - H\u00e5gelby 4H-g\u00e5rd\",\"isPartOf\":{\"@id\":\"https:\\\/\\\/www.4h.se\\\/hagelby\\\/#website\"},\"datePublished\":\"2026-03-25T09:57:15+00:00\",\"dateModified\":\"2026-03-25T10:04:59+00:00\",\"description\":\"V\u00e4lkommen att boka ett bes\u00f6k med din skola eller f\u00f6rskola hos oss p\u00e5 H\u00e5gelby 4H-g\u00e5rd. H\u00e4r hittar ni mer information om v\u00e5ra olika bes\u00f6ksprogram\",\"breadcrumb\":{\"@id\":\"https:\\\/\\\/www.4h.se\\\/hagelby\\\/farklippning\\\/#breadcrumb\"},\"inLanguage\":\"sv-SE\",\"potentialAction\":[{\"@type\":\"ReadAction\",\"target\":[\"https:\\\/\\\/www.4h.se\\\/hagelby\\\/farklippning\\\/\"]}]},{\"@type\":\"BreadcrumbList\",\"@id\":\"https:\\\/\\\/www.4h.se\\\/hagelby\\\/farklippning\\\/#breadcrumb\",\"itemListElement\":[{\"@type\":\"ListItem\",\"position\":1,\"name\":\"Hem\",\"item\":\"https:\\\/\\\/www.4h.se\\\/hagelby\\\/\"},{\"@type\":\"ListItem\",\"position\":2,\"name\":\"F\u00e5rklippningsbes\u00f6k\"}]},{\"@type\":\"WebSite\",\"@id\":\"https:\\\/\\\/www.4h.se\\\/hagelby\\\/#website\",\"url\":\"https:\\\/\\\/www.4h.se\\\/hagelby\\\/\",\"name\":\"H\u00e5gelby 4H-g\u00e5rd\",\"description\":\"\",\"potentialAction\":[{\"@type\":\"SearchAction\",\"target\":{\"@type\":\"EntryPoint\",\"urlTemplate\":\"https:\\\/\\\/www.4h.se\\\/hagelby\\\/?s={search_term_string}\"},\"query-input\":{\"@type\":\"PropertyValueSpecification\",\"valueRequired\":true,\"valueName\":\"search_term_string\"}}],\"inLanguage\":\"sv-SE\"}]}<\/script>\n<!-- \/ Yoast SEO plugin. -->","yoast_head_json":{"title":"F\u00e5rklippningsbes\u00f6k - H\u00e5gelby 4H-g\u00e5rd","description":"V\u00e4lkommen att boka ett bes\u00f6k med din skola eller f\u00f6rskola hos oss p\u00e5 H\u00e5gelby 4H-g\u00e5rd. H\u00e4r hittar ni mer information om v\u00e5ra olika bes\u00f6ksprogram","robots":{"index":"index","follow":"follow","max-snippet":"max-snippet:-1","max-image-preview":"max-image-preview:large","max-video-preview":"max-video-preview:-1"},"canonical":"https:\/\/www.4h.se\/hagelby\/farklippning\/","og_locale":"sv_SE","og_type":"article","og_title":"F\u00e5rklippningsbes\u00f6k - H\u00e5gelby 4H-g\u00e5rd","og_description":"V\u00e4lkommen att boka ett bes\u00f6k med din skola eller f\u00f6rskola hos oss p\u00e5 H\u00e5gelby 4H-g\u00e5rd. H\u00e4r hittar ni mer information om v\u00e5ra olika bes\u00f6ksprogram","og_url":"https:\/\/www.4h.se\/hagelby\/farklippning\/","og_site_name":"H\u00e5gelby 4H-g\u00e5rd","article_modified_time":"2026-03-25T10:04:59+00:00","twitter_card":"summary_large_image","schema":{"@context":"https:\/\/schema.org","@graph":[{"@type":"WebPage","@id":"https:\/\/www.4h.se\/hagelby\/farklippning\/","url":"https:\/\/www.4h.se\/hagelby\/farklippning\/","name":"F\u00e5rklippningsbes\u00f6k - H\u00e5gelby 4H-g\u00e5rd","isPartOf":{"@id":"https:\/\/www.4h.se\/hagelby\/#website"},"datePublished":"2026-03-25T09:57:15+00:00","dateModified":"2026-03-25T10:04:59+00:00","description":"V\u00e4lkommen att boka ett bes\u00f6k med din skola eller f\u00f6rskola hos oss p\u00e5 H\u00e5gelby 4H-g\u00e5rd. H\u00e4r hittar ni mer information om v\u00e5ra olika bes\u00f6ksprogram","breadcrumb":{"@id":"https:\/\/www.4h.se\/hagelby\/farklippning\/#breadcrumb"},"inLanguage":"sv-SE","potentialAction":[{"@type":"ReadAction","target":["https:\/\/www.4h.se\/hagelby\/farklippning\/"]}]},{"@type":"BreadcrumbList","@id":"https:\/\/www.4h.se\/hagelby\/farklippning\/#breadcrumb","itemListElement":[{"@type":"ListItem","position":1,"name":"Hem","item":"https:\/\/www.4h.se\/hagelby\/"},{"@type":"ListItem","position":2,"name":"F\u00e5rklippningsbes\u00f6k"}]},{"@type":"WebSite","@id":"https:\/\/www.4h.se\/hagelby\/#website","url":"https:\/\/www.4h.se\/hagelby\/","name":"H\u00e5gelby 4H-g\u00e5rd","description":"","potentialAction":[{"@type":"SearchAction","target":{"@type":"EntryPoint","urlTemplate":"https:\/\/www.4h.se\/hagelby\/?s={search_term_string}"},"query-input":{"@type":"PropertyValueSpecification","valueRequired":true,"valueName":"search_term_string"}}],"inLanguage":"sv-SE"}]}},"_links":{"self":[{"href":"https:\/\/www.4h.se\/hagelby\/wp-json\/wp\/v2\/pages\/1862","targetHints":{"allow":["GET"]}}],"collection":[{"href":"https:\/\/www.4h.se\/hagelby\/wp-json\/wp\/v2\/pages"}],"about":[{"href":"https:\/\/www.4h.se\/hagelby\/wp-json\/wp\/v2\/types\/page"}],"author":[{"embeddable":true,"href":"https:\/\/www.4h.se\/hagelby\/wp-json\/wp\/v2\/users\/147"}],"replies":[{"embeddable":true,"href":"https:\/\/www.4h.se\/hagelby\/wp-json\/wp\/v2\/comments?post=1862"}],"version-history":[{"count":0,"href":"https:\/\/www.4h.se\/hagelby\/wp-json\/wp\/v2\/pages\/1862\/revisions"}],"wp:attachment":[{"href":"https:\/\/www.4h.se\/hagelby\/wp-json\/wp\/v2\/media?parent=1862"}],"curies":[{"name":"wp","href":"https:\/\/api.w.org\/{rel}","templated":true}]}}