



{"id":246,"date":"2015-05-15T20:17:33","date_gmt":"2015-05-15T18:17:33","guid":{"rendered":"http:\/\/www.4h.se\/rix16\/?page_id=246"},"modified":"2017-02-11T19:00:05","modified_gmt":"2017-02-11T18:00:05","slug":"aktiviteter","status":"publish","type":"page","link":"https:\/\/www.4h.se\/grona-dalen\/aktiviteter\/","title":{"rendered":"Aktiviteter"},"content":{"rendered":"<div class=\"wpb-content-wrapper\"><p>[vc_row][vc_column][vc_column_text]<\/p>\n<h1>V\u00e5ra aktiviteter<\/h1>\n<p>[\/vc_column_text][\/vc_column][\/vc_row][vc_row][vc_column][vc_column_text]<strong>Klubbtr\u00e4ffar v\u00e5ren 2017<\/strong><\/p>\n<p>Tisdag 28\/2. \u00c5rsm\u00f6te: Kl 18-19. Plats meddelas per e-post. Ledare Maria.<\/p>\n<p>L\u00f6rdag 25\/3. Djursk\u00f6tartr\u00e4ff: Kl 8-13. Kallh\u00e4lls 4H. Ledare: Isabelle<\/p>\n<p>L\u00f6rdag 29\/4. Djursk\u00f6tartr\u00e4ff: Kl 8-13. Kallh\u00e4lls 4H. Ledare: Isabelle<\/p>\n<p>M\u00e5ndag 12\/6. Kl\u00e4ttring: Kl 17-19. Ryssgraven. Ledare: Isabelle<\/p>\n<p>&nbsp;<\/p>\n<p>L\u00e5ter det kul? Kontakta ansvarig ledare![\/vc_column_text][\/vc_column][\/vc_row]<\/p>\n<\/div>","protected":false},"excerpt":{"rendered":"<p>[vc_row][vc_column][vc_column_text] V\u00e5ra aktiviteter [\/vc_column_text][\/vc_column][\/vc_row][vc_row][vc_column][vc_column_text]Klubbtr\u00e4ffar v\u00e5ren 2017 Tisdag 28\/2. \u00c5rsm\u00f6te: Kl 18-19. Plats meddelas per e-post. Ledare Maria. L\u00f6rdag 25\/3. Djursk\u00f6tartr\u00e4ff: Kl 8-13. Kallh\u00e4lls 4H. Ledare: Isabelle L\u00f6rdag 29\/4. Djursk\u00f6tartr\u00e4ff: Kl 8-13. Kallh\u00e4lls 4H. Ledare: Isabelle M\u00e5ndag 12\/6. Kl\u00e4ttring: Kl 17-19. Ryssgraven. Ledare: Isabelle &nbsp; L\u00e5ter det kul? Kontakta ansvarig ledare![\/vc_column_text][\/vc_column][\/vc_row]<\/p>\n","protected":false},"author":1,"featured_media":0,"parent":0,"menu_order":1,"comment_status":"closed","ping_status":"closed","template":"","meta":{"_acf_changed":false,"footnotes":""},"class_list":["post-246","page","type-page","status-publish","hentry"],"acf":[],"yoast_head":"<!-- This site is optimized with the Yoast SEO plugin v27.5 - https:\/\/yoast.com\/product\/yoast-seo-wordpress\/ -->\n<title>Aktiviteter - Gr\u00f6na Dalens 4H-klubb<\/title>\n<meta name=\"robots\" content=\"index, follow, max-snippet:-1, max-image-preview:large, max-video-preview:-1\" \/>\n<link rel=\"canonical\" href=\"https:\/\/www.4h.se\/grona-dalen\/aktiviteter\/\" \/>\n<meta property=\"og:locale\" content=\"sv_SE\" \/>\n<meta property=\"og:type\" content=\"article\" \/>\n<meta property=\"og:title\" content=\"Aktiviteter - Gr\u00f6na Dalens 4H-klubb\" \/>\n<meta property=\"og:description\" content=\"[vc_row][vc_column][vc_column_text] V\u00e5ra aktiviteter [\/vc_column_text][\/vc_column][\/vc_row][vc_row][vc_column][vc_column_text]Klubbtr\u00e4ffar v\u00e5ren 2017 Tisdag 28\/2. \u00c5rsm\u00f6te: Kl 18-19. Plats meddelas per e-post. Ledare Maria. L\u00f6rdag 25\/3. Djursk\u00f6tartr\u00e4ff: Kl 8-13. Kallh\u00e4lls 4H. Ledare: Isabelle L\u00f6rdag 29\/4. Djursk\u00f6tartr\u00e4ff: Kl 8-13. Kallh\u00e4lls 4H. Ledare: Isabelle M\u00e5ndag 12\/6. Kl\u00e4ttring: Kl 17-19. Ryssgraven. Ledare: Isabelle &nbsp; L\u00e5ter det kul? Kontakta ansvarig ledare![\/vc_column_text][\/vc_column][\/vc_row]\" \/>\n<meta property=\"og:url\" content=\"https:\/\/www.4h.se\/grona-dalen\/aktiviteter\/\" \/>\n<meta property=\"og:site_name\" content=\"Gr\u00f6na Dalens 4H-klubb\" \/>\n<meta property=\"article:modified_time\" content=\"2017-02-11T18:00:05+00:00\" \/>\n<meta name=\"twitter:card\" content=\"summary_large_image\" \/>\n<script type=\"application\/ld+json\" class=\"yoast-schema-graph\">{\"@context\":\"https:\\\/\\\/schema.org\",\"@graph\":[{\"@type\":\"WebPage\",\"@id\":\"https:\\\/\\\/www.4h.se\\\/grona-dalen\\\/aktiviteter\\\/\",\"url\":\"https:\\\/\\\/www.4h.se\\\/grona-dalen\\\/aktiviteter\\\/\",\"name\":\"Aktiviteter - Gr\u00f6na Dalens 4H-klubb\",\"isPartOf\":{\"@id\":\"https:\\\/\\\/www.4h.se\\\/grona-dalen\\\/#website\"},\"datePublished\":\"2015-05-15T18:17:33+00:00\",\"dateModified\":\"2017-02-11T18:00:05+00:00\",\"breadcrumb\":{\"@id\":\"https:\\\/\\\/www.4h.se\\\/grona-dalen\\\/aktiviteter\\\/#breadcrumb\"},\"inLanguage\":\"sv-SE\",\"potentialAction\":[{\"@type\":\"ReadAction\",\"target\":[\"https:\\\/\\\/www.4h.se\\\/grona-dalen\\\/aktiviteter\\\/\"]}]},{\"@type\":\"BreadcrumbList\",\"@id\":\"https:\\\/\\\/www.4h.se\\\/grona-dalen\\\/aktiviteter\\\/#breadcrumb\",\"itemListElement\":[{\"@type\":\"ListItem\",\"position\":1,\"name\":\"Hem\",\"item\":\"https:\\\/\\\/www.4h.se\\\/grona-dalen\\\/\"},{\"@type\":\"ListItem\",\"position\":2,\"name\":\"Aktiviteter\"}]},{\"@type\":\"WebSite\",\"@id\":\"https:\\\/\\\/www.4h.se\\\/grona-dalen\\\/#website\",\"url\":\"https:\\\/\\\/www.4h.se\\\/grona-dalen\\\/\",\"name\":\"Gr\u00f6na Dalens 4H-klubb\",\"description\":\"\",\"potentialAction\":[{\"@type\":\"SearchAction\",\"target\":{\"@type\":\"EntryPoint\",\"urlTemplate\":\"https:\\\/\\\/www.4h.se\\\/grona-dalen\\\/?s={search_term_string}\"},\"query-input\":{\"@type\":\"PropertyValueSpecification\",\"valueRequired\":true,\"valueName\":\"search_term_string\"}}],\"inLanguage\":\"sv-SE\"}]}<\/script>\n<!-- \/ Yoast SEO plugin. -->","yoast_head_json":{"title":"Aktiviteter - Gr\u00f6na Dalens 4H-klubb","robots":{"index":"index","follow":"follow","max-snippet":"max-snippet:-1","max-image-preview":"max-image-preview:large","max-video-preview":"max-video-preview:-1"},"canonical":"https:\/\/www.4h.se\/grona-dalen\/aktiviteter\/","og_locale":"sv_SE","og_type":"article","og_title":"Aktiviteter - Gr\u00f6na Dalens 4H-klubb","og_description":"[vc_row][vc_column][vc_column_text] V\u00e5ra aktiviteter [\/vc_column_text][\/vc_column][\/vc_row][vc_row][vc_column][vc_column_text]Klubbtr\u00e4ffar v\u00e5ren 2017 Tisdag 28\/2. \u00c5rsm\u00f6te: Kl 18-19. Plats meddelas per e-post. Ledare Maria. L\u00f6rdag 25\/3. Djursk\u00f6tartr\u00e4ff: Kl 8-13. Kallh\u00e4lls 4H. Ledare: Isabelle L\u00f6rdag 29\/4. Djursk\u00f6tartr\u00e4ff: Kl 8-13. Kallh\u00e4lls 4H. Ledare: Isabelle M\u00e5ndag 12\/6. Kl\u00e4ttring: Kl 17-19. Ryssgraven. Ledare: Isabelle &nbsp; L\u00e5ter det kul? Kontakta ansvarig ledare![\/vc_column_text][\/vc_column][\/vc_row]","og_url":"https:\/\/www.4h.se\/grona-dalen\/aktiviteter\/","og_site_name":"Gr\u00f6na Dalens 4H-klubb","article_modified_time":"2017-02-11T18:00:05+00:00","twitter_card":"summary_large_image","schema":{"@context":"https:\/\/schema.org","@graph":[{"@type":"WebPage","@id":"https:\/\/www.4h.se\/grona-dalen\/aktiviteter\/","url":"https:\/\/www.4h.se\/grona-dalen\/aktiviteter\/","name":"Aktiviteter - Gr\u00f6na Dalens 4H-klubb","isPartOf":{"@id":"https:\/\/www.4h.se\/grona-dalen\/#website"},"datePublished":"2015-05-15T18:17:33+00:00","dateModified":"2017-02-11T18:00:05+00:00","breadcrumb":{"@id":"https:\/\/www.4h.se\/grona-dalen\/aktiviteter\/#breadcrumb"},"inLanguage":"sv-SE","potentialAction":[{"@type":"ReadAction","target":["https:\/\/www.4h.se\/grona-dalen\/aktiviteter\/"]}]},{"@type":"BreadcrumbList","@id":"https:\/\/www.4h.se\/grona-dalen\/aktiviteter\/#breadcrumb","itemListElement":[{"@type":"ListItem","position":1,"name":"Hem","item":"https:\/\/www.4h.se\/grona-dalen\/"},{"@type":"ListItem","position":2,"name":"Aktiviteter"}]},{"@type":"WebSite","@id":"https:\/\/www.4h.se\/grona-dalen\/#website","url":"https:\/\/www.4h.se\/grona-dalen\/","name":"Gr\u00f6na Dalens 4H-klubb","description":"","potentialAction":[{"@type":"SearchAction","target":{"@type":"EntryPoint","urlTemplate":"https:\/\/www.4h.se\/grona-dalen\/?s={search_term_string}"},"query-input":{"@type":"PropertyValueSpecification","valueRequired":true,"valueName":"search_term_string"}}],"inLanguage":"sv-SE"}]}},"_links":{"self":[{"href":"https:\/\/www.4h.se\/grona-dalen\/wp-json\/wp\/v2\/pages\/246","targetHints":{"allow":["GET"]}}],"collection":[{"href":"https:\/\/www.4h.se\/grona-dalen\/wp-json\/wp\/v2\/pages"}],"about":[{"href":"https:\/\/www.4h.se\/grona-dalen\/wp-json\/wp\/v2\/types\/page"}],"author":[{"embeddable":true,"href":"https:\/\/www.4h.se\/grona-dalen\/wp-json\/wp\/v2\/users\/1"}],"replies":[{"embeddable":true,"href":"https:\/\/www.4h.se\/grona-dalen\/wp-json\/wp\/v2\/comments?post=246"}],"version-history":[{"count":0,"href":"https:\/\/www.4h.se\/grona-dalen\/wp-json\/wp\/v2\/pages\/246\/revisions"}],"wp:attachment":[{"href":"https:\/\/www.4h.se\/grona-dalen\/wp-json\/wp\/v2\/media?parent=246"}],"curies":[{"name":"wp","href":"https:\/\/api.w.org\/{rel}","templated":true}]}}

<div class="wpb-content-wrapper"><p>[vc_row][vc_column][vc_column_text]</p>
<h1>Våra aktiviteter</h1>
<p>[/vc_column_text][/vc_column][/vc_row][vc_row][vc_column][vc_column_text]<strong>Klubbträffar våren 2017</strong></p>
<p>Tisdag 28/2. Årsmöte: Kl 18-19. Plats meddelas per e-post. Ledare Maria.</p>
<p>Lördag 25/3. Djurskötarträff: Kl 8-13. Kallhälls 4H. Ledare: Isabelle</p>
<p>Lördag 29/4. Djurskötarträff: Kl 8-13. Kallhälls 4H. Ledare: Isabelle</p>
<p>Måndag 12/6. Klättring: Kl 17-19. Ryssgraven. Ledare: Isabelle</p>
<p>&nbsp;</p>
<p>Låter det kul? Kontakta ansvarig ledare![/vc_column_text][/vc_column][/vc_row]</p>
</div>

<p>[vc_row][vc_column][vc_column_text] Våra aktiviteter [/vc_column_text][/vc_column][/vc_row][vc_row][vc_column][vc_column_text]Klubbträffar våren 2017 Tisdag 28/2. Årsmöte: Kl 18-19. Plats meddelas per e-post. Ledare Maria. Lördag 25/3. Djurskötarträff: Kl 8-13. Kallhälls 4H. Ledare: Isabelle Lördag 29/4. Djurskötarträff: Kl 8-13. Kallhälls 4H. Ledare: Isabelle Måndag 12/6. Klättring: Kl 17-19. Ryssgraven. Ledare: Isabelle &nbsp; Låter det kul? Kontakta ansvarig ledare![/vc_column_text][/vc_column][/vc_row]</p>

<!-- This site is optimized with the Yoast SEO plugin v27.5 - https://yoast.com/product/yoast-seo-wordpress/ -->
<title>Aktiviteter - Gröna Dalens 4H-klubb</title>
<meta name="robots" content="index, follow, max-snippet:-1, max-image-preview:large, max-video-preview:-1" />
<link rel="canonical" href="https://www.4h.se/grona-dalen/aktiviteter/" />
<meta property="og:locale" content="sv_SE" />
<meta property="og:type" content="article" />
<meta property="og:title" content="Aktiviteter - Gröna Dalens 4H-klubb" />
<meta property="og:description" content="[vc_row][vc_column][vc_column_text] Våra aktiviteter [/vc_column_text][/vc_column][/vc_row][vc_row][vc_column][vc_column_text]Klubbträffar våren 2017 Tisdag 28/2. Årsmöte: Kl 18-19. Plats meddelas per e-post. Ledare Maria. Lördag 25/3. Djurskötarträff: Kl 8-13. Kallhälls 4H. Ledare: Isabelle Lördag 29/4. Djurskötarträff: Kl 8-13. Kallhälls 4H. Ledare: Isabelle Måndag 12/6. Klättring: Kl 17-19. Ryssgraven. Ledare: Isabelle &nbsp; Låter det kul? Kontakta ansvarig ledare![/vc_column_text][/vc_column][/vc_row]" />
<meta property="og:url" content="https://www.4h.se/grona-dalen/aktiviteter/" />
<meta property="og:site_name" content="Gröna Dalens 4H-klubb" />
<meta property="article:modified_time" content="2017-02-11T18:00:05+00:00" />
<meta name="twitter:card" content="summary_large_image" />
<script type="application/ld+json" class="yoast-schema-graph">{"@context":"https:\/\/schema.org","@graph":[{"@type":"WebPage","@id":"https:\/\/www.4h.se\/grona-dalen\/aktiviteter\/","url":"https:\/\/www.4h.se\/grona-dalen\/aktiviteter\/","name":"Aktiviteter - Gröna Dalens 4H-klubb","isPartOf":{"@id":"https:\/\/www.4h.se\/grona-dalen\/#website"},"datePublished":"2015-05-15T18:17:33+00:00","dateModified":"2017-02-11T18:00:05+00:00","breadcrumb":{"@id":"https:\/\/www.4h.se\/grona-dalen\/aktiviteter\/#breadcrumb"},"inLanguage":"sv-SE","potentialAction":[{"@type":"ReadAction","target":["https:\/\/www.4h.se\/grona-dalen\/aktiviteter\/"]}]},{"@type":"BreadcrumbList","@id":"https:\/\/www.4h.se\/grona-dalen\/aktiviteter\/#breadcrumb","itemListElement":[{"@type":"ListItem","position":1,"name":"Hem","item":"https:\/\/www.4h.se\/grona-dalen\/"},{"@type":"ListItem","position":2,"name":"Aktiviteter"}]},{"@type":"WebSite","@id":"https:\/\/www.4h.se\/grona-dalen\/#website","url":"https:\/\/www.4h.se\/grona-dalen\/","name":"Gröna Dalens 4H-klubb","description":"","potentialAction":[{"@type":"SearchAction","target":{"@type":"EntryPoint","urlTemplate":"https:\/\/www.4h.se\/grona-dalen\/?s={search_term_string}"},"query-input":{"@type":"PropertyValueSpecification","valueRequired":true,"valueName":"search_term_string"}}],"inLanguage":"sv-SE"}]}</script>
<!-- / Yoast SEO plugin. -->

Aktiviteter - Gröna Dalens 4H-klubb

[vc_row][vc_column][vc_column_text] Våra aktiviteter [/vc_column_text][/vc_column][/vc_row][vc_row][vc_column][vc_column_text]Klubbträffar våren 2017 Tisdag 28/2. Årsmöte: Kl 18-19. Plats meddelas per e-post. Ledare Maria. Lördag 25/3. Djurskötarträff: Kl 8-13. Kallhälls 4H. Ledare: Isabelle Lördag 29/4. Djurskötarträff: Kl 8-13. Kallhälls 4H. Ledare: Isabelle Måndag 12/6. Klättring: Kl 17-19. Ryssgraven. Ledare: Isabelle &nbsp; Låter det kul? Kontakta ansvarig ledare![/vc_column_text][/vc_column][/vc_row]

Gröna Dalens 4H-klubb
