



{"id":354,"date":"2015-12-16T23:13:42","date_gmt":"2015-12-16T22:13:42","guid":{"rendered":"http:\/\/www.4h.se\/granby\/?page_id=354"},"modified":"2023-05-22T15:22:29","modified_gmt":"2023-05-22T13:22:29","slug":"vi-som-jobbar","status":"publish","type":"page","link":"https:\/\/www.4h.se\/granby\/vi-som-jobbar\/","title":{"rendered":"Vi som jobbar"},"content":{"rendered":"<div class=\"wpb-content-wrapper\"><p>[vc_row][vc_column][vc_column_text]<\/p>\n<h1>Personal\u00a0p\u00e5 g\u00e5rden<\/h1>\n<p style=\"line-height: 15.0pt;background: white;text-align: start;margin: 0cm 0cm 7.5pt 0cm\"><span style=\"font-size: 10.5pt;font-family: 'Helvetica',sans-serif;color: #333333\">Det \u00e4r mycket saker att g\u00f6ra p\u00e5 en bondg\u00e5rd s\u00e5 det \u00e4r m\u00e5nga som jobbar dagligen p\u00e5 g\u00e5rden. \u00c5ret om och alla dagar i veckan beh\u00f6ver djuren tas hand om. Vi har en g\u00e5rdsf\u00f6rest\u00e5ndare\u00a0 som har huvudansvaret p\u00e5 g\u00e5rden.<span class=\"apple-converted-space\">\u00a0G\u00e5rdsf\u00f6rest\u00e5ndaren\u00a0a<\/span>nsvarar f\u00f6r att alla djur m\u00e5r bra. Det \u00e4r g\u00e5rdsf\u00f6rest\u00e5ndaren som, efter styrelsen, har huvudansvaret f\u00f6r g\u00e5rdens drift.<\/span><\/p>\n<p style=\"line-height: 15.0pt;background: white;text-align: start;margin: 0cm 0cm 7.5pt 0cm\"><span style=\"font-size: 10.5pt;font-family: 'Helvetica',sans-serif;color: #333333\">Vi har\u00a0flera g\u00e5rdsassistenter p\u00e5 g\u00e5rden. Deras uppgifter \u00e4r att sk\u00f6ta det dagliga arbetet med djuren och sk\u00f6tseln, m<\/span>en \u00e4ven mindre renoveringar, st\u00e4dning och marksk\u00f6tsel.<\/p>\n<p style=\"line-height: 15.0pt;background: white;text-align: start;margin: 0cm 0cm 7.5pt 0cm\">P\u00e5 helgerna har vi extra personal som sk\u00f6ter matning och sk\u00f6tsel av djuren. Vill du hj\u00e4lpa till med helgsk\u00f6tsel?\u00a0Vi s\u00f6ker\u00a0sporadiskt helgsk\u00f6tare, vilket ni kan l\u00e4sa mer om\u00a0<span style=\"color: #00693f\"><a style=\"color: #00693f\" href=\"https:\/\/www.4h.se\/granby\/jobba-hos-oss\/\" target=\"_blank\" rel=\"noopener\">h\u00e4r.<\/a><\/span><\/p>\n<p>Har ni fr\u00e5gor eller funderingar f\u00e5r ni g\u00e4rna kontakta oss s\u00e5 svarar vi s\u00e5 fort vi kan. Ibland \u00e4r vi ute och jobbar med djuren och kan d\u00e5 inte alltid svara i telefon.<br \/>\nIcke br\u00e5dskande fr\u00e5gor h\u00e4nvisar vi d\u00e4rf\u00f6r till mail. Ni kan maila oss p\u00e5 <span style=\"color: #00693f\"><a style=\"color: #00693f\" href=\"mailto:aktivitetsledare@4h.se\">aktivitetsledare.granby@4h.se<\/a><\/span>.<\/p>\n<p>F\u00f6r fler kontaktuppgifter, se mer under fliken <a href=\"https:\/\/www.4h.se\/granby\/kontakta-oss\/\" target=\"_blank\" rel=\"noopener\"><em><span style=\"color: #00693f\">&#8221;Kontakta oss&#8221;.<\/span><\/em><\/a>[\/vc_column_text][\/vc_column][\/vc_row]<\/p>\n<\/div>","protected":false},"excerpt":{"rendered":"<p>[vc_row][vc_column][vc_column_text] Personal\u00a0p\u00e5 g\u00e5rden Det \u00e4r mycket saker att g\u00f6ra p\u00e5 en bondg\u00e5rd s\u00e5 det \u00e4r m\u00e5nga som jobbar dagligen p\u00e5 g\u00e5rden. \u00c5ret om och alla dagar i veckan beh\u00f6ver djuren tas hand om. Vi har en g\u00e5rdsf\u00f6rest\u00e5ndare\u00a0 som har huvudansvaret p\u00e5 g\u00e5rden.\u00a0G\u00e5rdsf\u00f6rest\u00e5ndaren\u00a0ansvarar f\u00f6r att alla djur m\u00e5r bra. Det \u00e4r g\u00e5rdsf\u00f6rest\u00e5ndaren som, efter styrelsen, har&nbsp; <a href=\"https:\/\/www.4h.se\/granby\/vi-som-jobbar\/\">&hellip; Read more <i class=\"glyphicon glyphicon-arrow-right\"><\/i><\/a><\/p>\n","protected":false},"author":36,"featured_media":0,"parent":0,"menu_order":36,"comment_status":"closed","ping_status":"closed","template":"","meta":{"footnotes":""},"class_list":["post-354","page","type-page","status-publish","hentry"],"yoast_head":"<!-- This site is optimized with the Yoast SEO plugin v27.4 - https:\/\/yoast.com\/product\/yoast-seo-wordpress\/ -->\n<title>Vi som jobbar - Gr\u00e4nby 4H-g\u00e5rd<\/title>\n<meta name=\"robots\" content=\"index, follow, max-snippet:-1, max-image-preview:large, max-video-preview:-1\" \/>\n<link rel=\"canonical\" href=\"https:\/\/www.4h.se\/granby\/vi-som-jobbar\/\" \/>\n<meta property=\"og:locale\" content=\"sv_SE\" \/>\n<meta property=\"og:type\" content=\"article\" \/>\n<meta property=\"og:title\" content=\"Vi som jobbar - Gr\u00e4nby 4H-g\u00e5rd\" \/>\n<meta property=\"og:description\" content=\"[vc_row][vc_column][vc_column_text] Personal\u00a0p\u00e5 g\u00e5rden Det \u00e4r mycket saker att g\u00f6ra p\u00e5 en bondg\u00e5rd s\u00e5 det \u00e4r m\u00e5nga som jobbar dagligen p\u00e5 g\u00e5rden. \u00c5ret om och alla dagar i veckan beh\u00f6ver djuren tas hand om. Vi har en g\u00e5rdsf\u00f6rest\u00e5ndare\u00a0 som har huvudansvaret p\u00e5 g\u00e5rden.\u00a0G\u00e5rdsf\u00f6rest\u00e5ndaren\u00a0ansvarar f\u00f6r att alla djur m\u00e5r bra. Det \u00e4r g\u00e5rdsf\u00f6rest\u00e5ndaren som, efter styrelsen, har&nbsp; &hellip; Read more\" \/>\n<meta property=\"og:url\" content=\"https:\/\/www.4h.se\/granby\/vi-som-jobbar\/\" \/>\n<meta property=\"og:site_name\" content=\"Gr\u00e4nby 4H-g\u00e5rd\" \/>\n<meta property=\"article:modified_time\" content=\"2023-05-22T13:22:29+00:00\" \/>\n<meta name=\"twitter:card\" content=\"summary_large_image\" \/>\n<meta name=\"twitter:label1\" content=\"Ber\u00e4knad l\u00e4stid\" \/>\n\t<meta name=\"twitter:data1\" content=\"1 minut\" \/>\n<script type=\"application\/ld+json\" class=\"yoast-schema-graph\">{\"@context\":\"https:\\\/\\\/schema.org\",\"@graph\":[{\"@type\":\"WebPage\",\"@id\":\"https:\\\/\\\/www.4h.se\\\/granby\\\/vi-som-jobbar\\\/\",\"url\":\"https:\\\/\\\/www.4h.se\\\/granby\\\/vi-som-jobbar\\\/\",\"name\":\"Vi som jobbar - Gr\u00e4nby 4H-g\u00e5rd\",\"isPartOf\":{\"@id\":\"https:\\\/\\\/www.4h.se\\\/granby\\\/#website\"},\"datePublished\":\"2015-12-16T22:13:42+00:00\",\"dateModified\":\"2023-05-22T13:22:29+00:00\",\"breadcrumb\":{\"@id\":\"https:\\\/\\\/www.4h.se\\\/granby\\\/vi-som-jobbar\\\/#breadcrumb\"},\"inLanguage\":\"sv-SE\",\"potentialAction\":[{\"@type\":\"ReadAction\",\"target\":[\"https:\\\/\\\/www.4h.se\\\/granby\\\/vi-som-jobbar\\\/\"]}]},{\"@type\":\"BreadcrumbList\",\"@id\":\"https:\\\/\\\/www.4h.se\\\/granby\\\/vi-som-jobbar\\\/#breadcrumb\",\"itemListElement\":[{\"@type\":\"ListItem\",\"position\":1,\"name\":\"Hem\",\"item\":\"https:\\\/\\\/www.4h.se\\\/granby\\\/\"},{\"@type\":\"ListItem\",\"position\":2,\"name\":\"Vi som jobbar\"}]},{\"@type\":\"WebSite\",\"@id\":\"https:\\\/\\\/www.4h.se\\\/granby\\\/#website\",\"url\":\"https:\\\/\\\/www.4h.se\\\/granby\\\/\",\"name\":\"Gr\u00e4nby 4H-g\u00e5rd\",\"description\":\"\",\"potentialAction\":[{\"@type\":\"SearchAction\",\"target\":{\"@type\":\"EntryPoint\",\"urlTemplate\":\"https:\\\/\\\/www.4h.se\\\/granby\\\/?s={search_term_string}\"},\"query-input\":{\"@type\":\"PropertyValueSpecification\",\"valueRequired\":true,\"valueName\":\"search_term_string\"}}],\"inLanguage\":\"sv-SE\"}]}<\/script>\n<!-- \/ Yoast SEO plugin. -->","yoast_head_json":{"title":"Vi som jobbar - Gr\u00e4nby 4H-g\u00e5rd","robots":{"index":"index","follow":"follow","max-snippet":"max-snippet:-1","max-image-preview":"max-image-preview:large","max-video-preview":"max-video-preview:-1"},"canonical":"https:\/\/www.4h.se\/granby\/vi-som-jobbar\/","og_locale":"sv_SE","og_type":"article","og_title":"Vi som jobbar - Gr\u00e4nby 4H-g\u00e5rd","og_description":"[vc_row][vc_column][vc_column_text] Personal\u00a0p\u00e5 g\u00e5rden Det \u00e4r mycket saker att g\u00f6ra p\u00e5 en bondg\u00e5rd s\u00e5 det \u00e4r m\u00e5nga som jobbar dagligen p\u00e5 g\u00e5rden. \u00c5ret om och alla dagar i veckan beh\u00f6ver djuren tas hand om. Vi har en g\u00e5rdsf\u00f6rest\u00e5ndare\u00a0 som har huvudansvaret p\u00e5 g\u00e5rden.\u00a0G\u00e5rdsf\u00f6rest\u00e5ndaren\u00a0ansvarar f\u00f6r att alla djur m\u00e5r bra. Det \u00e4r g\u00e5rdsf\u00f6rest\u00e5ndaren som, efter styrelsen, har&nbsp; &hellip; Read more","og_url":"https:\/\/www.4h.se\/granby\/vi-som-jobbar\/","og_site_name":"Gr\u00e4nby 4H-g\u00e5rd","article_modified_time":"2023-05-22T13:22:29+00:00","twitter_card":"summary_large_image","twitter_misc":{"Ber\u00e4knad l\u00e4stid":"1 minut"},"schema":{"@context":"https:\/\/schema.org","@graph":[{"@type":"WebPage","@id":"https:\/\/www.4h.se\/granby\/vi-som-jobbar\/","url":"https:\/\/www.4h.se\/granby\/vi-som-jobbar\/","name":"Vi som jobbar - Gr\u00e4nby 4H-g\u00e5rd","isPartOf":{"@id":"https:\/\/www.4h.se\/granby\/#website"},"datePublished":"2015-12-16T22:13:42+00:00","dateModified":"2023-05-22T13:22:29+00:00","breadcrumb":{"@id":"https:\/\/www.4h.se\/granby\/vi-som-jobbar\/#breadcrumb"},"inLanguage":"sv-SE","potentialAction":[{"@type":"ReadAction","target":["https:\/\/www.4h.se\/granby\/vi-som-jobbar\/"]}]},{"@type":"BreadcrumbList","@id":"https:\/\/www.4h.se\/granby\/vi-som-jobbar\/#breadcrumb","itemListElement":[{"@type":"ListItem","position":1,"name":"Hem","item":"https:\/\/www.4h.se\/granby\/"},{"@type":"ListItem","position":2,"name":"Vi som jobbar"}]},{"@type":"WebSite","@id":"https:\/\/www.4h.se\/granby\/#website","url":"https:\/\/www.4h.se\/granby\/","name":"Gr\u00e4nby 4H-g\u00e5rd","description":"","potentialAction":[{"@type":"SearchAction","target":{"@type":"EntryPoint","urlTemplate":"https:\/\/www.4h.se\/granby\/?s={search_term_string}"},"query-input":{"@type":"PropertyValueSpecification","valueRequired":true,"valueName":"search_term_string"}}],"inLanguage":"sv-SE"}]}},"_links":{"self":[{"href":"https:\/\/www.4h.se\/granby\/wp-json\/wp\/v2\/pages\/354","targetHints":{"allow":["GET"]}}],"collection":[{"href":"https:\/\/www.4h.se\/granby\/wp-json\/wp\/v2\/pages"}],"about":[{"href":"https:\/\/www.4h.se\/granby\/wp-json\/wp\/v2\/types\/page"}],"author":[{"embeddable":true,"href":"https:\/\/www.4h.se\/granby\/wp-json\/wp\/v2\/users\/36"}],"replies":[{"embeddable":true,"href":"https:\/\/www.4h.se\/granby\/wp-json\/wp\/v2\/comments?post=354"}],"version-history":[{"count":0,"href":"https:\/\/www.4h.se\/granby\/wp-json\/wp\/v2\/pages\/354\/revisions"}],"wp:attachment":[{"href":"https:\/\/www.4h.se\/granby\/wp-json\/wp\/v2\/media?parent=354"}],"curies":[{"name":"wp","href":"https:\/\/api.w.org\/{rel}","templated":true}]}}