



{"id":121,"date":"2015-01-23T20:08:12","date_gmt":"2015-01-23T19:08:12","guid":{"rendered":"http:\/\/www.4h.se\/rix16\/?page_id=121"},"modified":"2025-07-02T11:51:21","modified_gmt":"2025-07-02T09:51:21","slug":"kontakta-oss","status":"publish","type":"page","link":"https:\/\/www.4h.se\/granby\/kontakta-oss\/","title":{"rendered":"Kontakta oss"},"content":{"rendered":"<div class=\"wpb-content-wrapper\"><p>[vc_row][vc_column width=&#8221;1\/2&#8243;][vc_column_text css=&#8221;&#8221;]<\/p>\n<h1>Kontakta oss<\/h1>\n<p>&nbsp;<\/p>\n<ul>\n<li style=\"line-height: 15.0pt; background: white; text-align: start; margin: 0cm 0cm 7.5pt 0cm;\">\n<h4><strong>Verksamhetsledare, Julia Adriansson<\/strong><\/h4>\n<h5>Vid fr\u00e5gor ang\u00e5ende <i>djuren<\/i> och&nbsp;<em>g\u00e5rden<\/em><\/h5>\n<p>0709-611 554<\/p>\n<p><strong><span style=\"color: #00693f;\"><a style=\"color: #00693f;\" href=\"mailto:julia.adriansson@4h.se\">julia.adriansson@4h.se<\/a><\/span><\/strong><\/li>\n<li style=\"line-height: 15.0pt; background: white; text-align: start; margin: 0cm 0cm 7.5pt 0cm;\">\n<h4><strong>Verksamhetsutvecklare, Elsa Ad\u00e9n<\/strong><\/h4>\n<h5>Vid fr\u00e5gor ang\u00e5ende&nbsp;<em>aktiviteter<\/em>, <em>bokningar och APL<\/em><\/h5>\n<p>0733-640 995<\/p>\n<p><strong><span style=\"color: #00693f;\"><a style=\"color: #00693f;\" href=\"mailto:aktivitetsledare.granby@4h.se\">aktivitetsledare.granby@4h.se<\/a><\/span><\/strong><\/li>\n<li style=\"line-height: 15.0pt; background: white; text-align: start; margin: 0cm 0cm 7.5pt 0cm;\">\n<h4><strong>Verksamhetsutvecklare, Tilda Erlandsson zotterman<\/strong><\/h4>\n<h5>Vid fr\u00e5gor ang\u00e5ende&nbsp;<em>aktiviteter, bokningar och APL<\/em><\/h5>\n<p>0733-640 995<\/p>\n<p><strong><span style=\"color: #00693f;\"><a style=\"color: #00693f;\" href=\"mailto:aktivitetsledare.granby@4h.se\">aktivitetsledare.granby@4h.se<\/a><\/span><\/strong><\/li>\n<\/ul>\n<p>[\/vc_column_text][\/vc_column][vc_column width=&#8221;1\/2&#8243;][vc_single_image image=&#8221;835&#8243; img_size=&#8221;400&#215;500&#8243; alignment=&#8221;center&#8221; css=&#8221;&#8221;][\/vc_column][\/vc_row]<\/p>\n<\/div>","protected":false},"excerpt":{"rendered":"<p>[vc_row][vc_column width=&#8221;1\/2&#8243;][vc_column_text css=&#8221;&#8221;] Kontakta oss &nbsp; Verksamhetsledare, Julia Adriansson Vid fr\u00e5gor ang\u00e5ende djuren och&nbsp;g\u00e5rden 0709-611 554 julia.adriansson@4h.se Verksamhetsutvecklare, Elsa Ad\u00e9n Vid fr\u00e5gor ang\u00e5ende&nbsp;aktiviteter, bokningar och APL 0733-640 995 aktivitetsledare.granby@4h.se Verksamhetsutvecklare, Tilda Erlandsson zotterman Vid fr\u00e5gor ang\u00e5ende&nbsp;aktiviteter, bokningar och APL 0733-640 995 aktivitetsledare.granby@4h.se [\/vc_column_text][\/vc_column][vc_column width=&#8221;1\/2&#8243;][vc_single_image image=&#8221;835&#8243; img_size=&#8221;400&#215;500&#8243; alignment=&#8221;center&#8221; css=&#8221;&#8221;][\/vc_column][\/vc_row]<\/p>\n","protected":false},"author":1,"featured_media":0,"parent":0,"menu_order":38,"comment_status":"closed","ping_status":"closed","template":"","meta":{"footnotes":""},"class_list":["post-121","page","type-page","status-publish","hentry"],"yoast_head":"<!-- This site is optimized with the Yoast SEO plugin v27.4 - https:\/\/yoast.com\/product\/yoast-seo-wordpress\/ -->\n<title>Kontakta oss - Gr\u00e4nby 4H-g\u00e5rd<\/title>\n<meta name=\"robots\" content=\"index, follow, max-snippet:-1, max-image-preview:large, max-video-preview:-1\" \/>\n<link rel=\"canonical\" href=\"https:\/\/www.4h.se\/granby\/kontakta-oss\/\" \/>\n<meta property=\"og:locale\" content=\"sv_SE\" \/>\n<meta property=\"og:type\" content=\"article\" \/>\n<meta property=\"og:title\" content=\"Kontakta oss - Gr\u00e4nby 4H-g\u00e5rd\" \/>\n<meta property=\"og:description\" content=\"[vc_row][vc_column width=&#8221;1\/2&#8243;][vc_column_text css=&#8221;&#8221;] Kontakta oss &nbsp; Verksamhetsledare, Julia Adriansson Vid fr\u00e5gor ang\u00e5ende djuren och&nbsp;g\u00e5rden 0709-611 554 julia.adriansson@4h.se Verksamhetsutvecklare, Elsa Ad\u00e9n Vid fr\u00e5gor ang\u00e5ende&nbsp;aktiviteter, bokningar och APL 0733-640 995 aktivitetsledare.granby@4h.se Verksamhetsutvecklare, Tilda Erlandsson zotterman Vid fr\u00e5gor ang\u00e5ende&nbsp;aktiviteter, bokningar och APL 0733-640 995 aktivitetsledare.granby@4h.se [\/vc_column_text][\/vc_column][vc_column width=&#8221;1\/2&#8243;][vc_single_image image=&#8221;835&#8243; img_size=&#8221;400&#215;500&#8243; alignment=&#8221;center&#8221; css=&#8221;&#8221;][\/vc_column][\/vc_row]\" \/>\n<meta property=\"og:url\" content=\"https:\/\/www.4h.se\/granby\/kontakta-oss\/\" \/>\n<meta property=\"og:site_name\" content=\"Gr\u00e4nby 4H-g\u00e5rd\" \/>\n<meta property=\"article:modified_time\" content=\"2025-07-02T09:51:21+00:00\" \/>\n<meta name=\"twitter:card\" content=\"summary_large_image\" \/>\n<script type=\"application\/ld+json\" class=\"yoast-schema-graph\">{\"@context\":\"https:\\\/\\\/schema.org\",\"@graph\":[{\"@type\":\"WebPage\",\"@id\":\"https:\\\/\\\/www.4h.se\\\/granby\\\/kontakta-oss\\\/\",\"url\":\"https:\\\/\\\/www.4h.se\\\/granby\\\/kontakta-oss\\\/\",\"name\":\"Kontakta oss - Gr\u00e4nby 4H-g\u00e5rd\",\"isPartOf\":{\"@id\":\"https:\\\/\\\/www.4h.se\\\/granby\\\/#website\"},\"datePublished\":\"2015-01-23T19:08:12+00:00\",\"dateModified\":\"2025-07-02T09:51:21+00:00\",\"breadcrumb\":{\"@id\":\"https:\\\/\\\/www.4h.se\\\/granby\\\/kontakta-oss\\\/#breadcrumb\"},\"inLanguage\":\"sv-SE\",\"potentialAction\":[{\"@type\":\"ReadAction\",\"target\":[\"https:\\\/\\\/www.4h.se\\\/granby\\\/kontakta-oss\\\/\"]}]},{\"@type\":\"BreadcrumbList\",\"@id\":\"https:\\\/\\\/www.4h.se\\\/granby\\\/kontakta-oss\\\/#breadcrumb\",\"itemListElement\":[{\"@type\":\"ListItem\",\"position\":1,\"name\":\"Hem\",\"item\":\"https:\\\/\\\/www.4h.se\\\/granby\\\/\"},{\"@type\":\"ListItem\",\"position\":2,\"name\":\"Kontakta oss\"}]},{\"@type\":\"WebSite\",\"@id\":\"https:\\\/\\\/www.4h.se\\\/granby\\\/#website\",\"url\":\"https:\\\/\\\/www.4h.se\\\/granby\\\/\",\"name\":\"Gr\u00e4nby 4H-g\u00e5rd\",\"description\":\"\",\"potentialAction\":[{\"@type\":\"SearchAction\",\"target\":{\"@type\":\"EntryPoint\",\"urlTemplate\":\"https:\\\/\\\/www.4h.se\\\/granby\\\/?s={search_term_string}\"},\"query-input\":{\"@type\":\"PropertyValueSpecification\",\"valueRequired\":true,\"valueName\":\"search_term_string\"}}],\"inLanguage\":\"sv-SE\"}]}<\/script>\n<!-- \/ Yoast SEO plugin. -->","yoast_head_json":{"title":"Kontakta oss - Gr\u00e4nby 4H-g\u00e5rd","robots":{"index":"index","follow":"follow","max-snippet":"max-snippet:-1","max-image-preview":"max-image-preview:large","max-video-preview":"max-video-preview:-1"},"canonical":"https:\/\/www.4h.se\/granby\/kontakta-oss\/","og_locale":"sv_SE","og_type":"article","og_title":"Kontakta oss - Gr\u00e4nby 4H-g\u00e5rd","og_description":"[vc_row][vc_column width=&#8221;1\/2&#8243;][vc_column_text css=&#8221;&#8221;] Kontakta oss &nbsp; Verksamhetsledare, Julia Adriansson Vid fr\u00e5gor ang\u00e5ende djuren och&nbsp;g\u00e5rden 0709-611 554 julia.adriansson@4h.se Verksamhetsutvecklare, Elsa Ad\u00e9n Vid fr\u00e5gor ang\u00e5ende&nbsp;aktiviteter, bokningar och APL 0733-640 995 aktivitetsledare.granby@4h.se Verksamhetsutvecklare, Tilda Erlandsson zotterman Vid fr\u00e5gor ang\u00e5ende&nbsp;aktiviteter, bokningar och APL 0733-640 995 aktivitetsledare.granby@4h.se [\/vc_column_text][\/vc_column][vc_column width=&#8221;1\/2&#8243;][vc_single_image image=&#8221;835&#8243; img_size=&#8221;400&#215;500&#8243; alignment=&#8221;center&#8221; css=&#8221;&#8221;][\/vc_column][\/vc_row]","og_url":"https:\/\/www.4h.se\/granby\/kontakta-oss\/","og_site_name":"Gr\u00e4nby 4H-g\u00e5rd","article_modified_time":"2025-07-02T09:51:21+00:00","twitter_card":"summary_large_image","schema":{"@context":"https:\/\/schema.org","@graph":[{"@type":"WebPage","@id":"https:\/\/www.4h.se\/granby\/kontakta-oss\/","url":"https:\/\/www.4h.se\/granby\/kontakta-oss\/","name":"Kontakta oss - Gr\u00e4nby 4H-g\u00e5rd","isPartOf":{"@id":"https:\/\/www.4h.se\/granby\/#website"},"datePublished":"2015-01-23T19:08:12+00:00","dateModified":"2025-07-02T09:51:21+00:00","breadcrumb":{"@id":"https:\/\/www.4h.se\/granby\/kontakta-oss\/#breadcrumb"},"inLanguage":"sv-SE","potentialAction":[{"@type":"ReadAction","target":["https:\/\/www.4h.se\/granby\/kontakta-oss\/"]}]},{"@type":"BreadcrumbList","@id":"https:\/\/www.4h.se\/granby\/kontakta-oss\/#breadcrumb","itemListElement":[{"@type":"ListItem","position":1,"name":"Hem","item":"https:\/\/www.4h.se\/granby\/"},{"@type":"ListItem","position":2,"name":"Kontakta oss"}]},{"@type":"WebSite","@id":"https:\/\/www.4h.se\/granby\/#website","url":"https:\/\/www.4h.se\/granby\/","name":"Gr\u00e4nby 4H-g\u00e5rd","description":"","potentialAction":[{"@type":"SearchAction","target":{"@type":"EntryPoint","urlTemplate":"https:\/\/www.4h.se\/granby\/?s={search_term_string}"},"query-input":{"@type":"PropertyValueSpecification","valueRequired":true,"valueName":"search_term_string"}}],"inLanguage":"sv-SE"}]}},"_links":{"self":[{"href":"https:\/\/www.4h.se\/granby\/wp-json\/wp\/v2\/pages\/121","targetHints":{"allow":["GET"]}}],"collection":[{"href":"https:\/\/www.4h.se\/granby\/wp-json\/wp\/v2\/pages"}],"about":[{"href":"https:\/\/www.4h.se\/granby\/wp-json\/wp\/v2\/types\/page"}],"author":[{"embeddable":true,"href":"https:\/\/www.4h.se\/granby\/wp-json\/wp\/v2\/users\/1"}],"replies":[{"embeddable":true,"href":"https:\/\/www.4h.se\/granby\/wp-json\/wp\/v2\/comments?post=121"}],"version-history":[{"count":0,"href":"https:\/\/www.4h.se\/granby\/wp-json\/wp\/v2\/pages\/121\/revisions"}],"wp:attachment":[{"href":"https:\/\/www.4h.se\/granby\/wp-json\/wp\/v2\/media?parent=121"}],"curies":[{"name":"wp","href":"https:\/\/api.w.org\/{rel}","templated":true}]}}