



{"id":402,"date":"2018-02-20T10:44:37","date_gmt":"2018-02-20T09:44:37","guid":{"rendered":"http:\/\/www.4h.se\/gotland\/?page_id=402"},"modified":"2020-01-22T08:40:40","modified_gmt":"2020-01-22T07:40:40","slug":"sanda4h-klubb","status":"publish","type":"page","link":"https:\/\/www.4h.se\/gotland\/sanda4h-klubb\/","title":{"rendered":"Sanda 4H-Klubb"},"content":{"rendered":"<div class=\"wpb-content-wrapper\"><p>[vc_row][vc_column width=&#8221;1\/3&#8243;][vc_column_text]<\/p>\n<h1>Sanda 4H<\/h1>\n<p>Hej och v\u00e4lkommen till Sanda 4H! Vi \u00e4r en 4H-klubb som verkar i Sanda socken, ca 2 mil s\u00f6der om Visby.[\/vc_column_text][\/vc_column][vc_column width=&#8221;1\/3&#8243;][vc_column_text css=&#8221;.vc_custom_1519139528876{margin-bottom: 35px !important;}&#8221;][\/vc_column_text][vc_column_text]<\/p>\n<h2>Aktiviteter<\/h2>\n<p>Vid Sanda 4H formar vi v\u00e5ra aktiviteter efter v\u00e5ra medlemmars \u00f6nskem\u00e5l som kan exempelvis vara, bakning, \u00f6vernattningar, samarbets\u00f6vningar, diverse utflykter och mycket, mycket mer. V\u00e5ra aktiviteter sker fr\u00e4mst under V\u00e5r och H\u00f6sttermin p\u00e5 Tisdagar, med undantag fr\u00e5n Lov och ex, 4H Discon. Aktiviteterna har alltid i grund och botten 4Hs motto i baktanke, L\u00e4ra genom att g\u00f6ra, med visionen att alla barn och ungdomar ska utvecklas till engagerade, v\u00e4lm\u00e5ende och ansvarstagande m\u00e4nniskor med respekt f\u00f6r omv\u00e4rlden.<\/p>\n<p>&nbsp;<\/p>\n<p>&nbsp;[\/vc_column_text][\/vc_column][vc_column width=&#8221;1\/3&#8243;][vc_column_text css=&#8221;.vc_custom_1519139528876{margin-bottom: 35px !important;}&#8221;][\/vc_column_text][vc_column_text][\/vc_column_text][vc_icon icon_fontawesome=&#8221;fa fa-facebook-official&#8221; color=&#8221;sky&#8221; size=&#8221;xl&#8221; link=&#8221;url:www.facebook.com%2FSanda4Hklubb%2F||target:%20_blank&#8221;][\/vc_column][\/vc_row][vc_row][vc_column width=&#8221;1\/4&#8243;][\/vc_column][vc_column width=&#8221;1\/2&#8243;][vc_gmaps link=&#8221;#E-8_JTNDaWZyYW1lJTIwc3JjJTNEJTIyaHR0cHMlM0ElMkYlMkZ3d3cuZ29vZ2xlLmNvbSUyRm1hcHMlMkZlbWJlZCUzRnBiJTNEJTIxMW0xOCUyMTFtMTIlMjExbTMlMjExZDUzNi43MjM2MDAxMTU2NDg3JTIxMmQxOC4yMDgyMDE2MjkyMzY5NDIlMjEzZDU3LjQ0NjA2NjE5ODgxNTAwNCUyMTJtMyUyMTFmMCUyMTJmMCUyMTNmMCUyMTNtMiUyMTFpMTAyNCUyMTJpNzY4JTIxNGYxMy4xJTIxM20zJTIxMW0yJTIxMXMweDQ2ZjdhMWJiZTM3MTU4MzElMjUzQTB4ZTNkNmY5Yjc5OGQzZDI3MCUyMTJzU0FOREElMkJHRVJWQUxEUyUyQjE0OCUyNTJDJTJCNjIzJTJCNzklMkJLbGludGVoYW1uJTIxNWUwJTIxM20yJTIxMXNzdiUyMTJzc2UlMjE0djE1MTkxNDAwOTk1NTAlMjIlMjB3aWR0aCUzRCUyMjYwMCUyMiUyMGhlaWdodCUzRCUyMjQ1MCUyMiUyMGZyYW1lYm9yZGVyJTNEJTIyMCUyMiUyMHN0eWxlJTNEJTIyYm9yZGVyJTNBMCUyMiUyMGFsbG93ZnVsbHNjcmVlbiUzRSUzQyUyRmlmcmFtZSUzRQ==&#8221;][\/vc_column][vc_column width=&#8221;1\/4&#8243;][\/vc_column][\/vc_row]<\/p>\n<\/div>","protected":false},"excerpt":{"rendered":"<p>[vc_row][vc_column width=&#8221;1\/3&#8243;][vc_column_text] Sanda 4H Hej och v\u00e4lkommen till Sanda 4H! Vi \u00e4r en 4H-klubb som verkar i Sanda socken, ca 2 mil s\u00f6der om Visby.[\/vc_column_text][\/vc_column][vc_column width=&#8221;1\/3&#8243;][vc_column_text css=&#8221;.vc_custom_1519139528876{margin-bottom: 35px !important;}&#8221;][\/vc_column_text][vc_column_text] Aktiviteter Vid Sanda 4H formar vi v\u00e5ra aktiviteter efter v\u00e5ra medlemmars \u00f6nskem\u00e5l som kan exempelvis vara, bakning, \u00f6vernattningar, samarbets\u00f6vningar, diverse utflykter och mycket, mycket mer. V\u00e5ra&nbsp; <a href=\"https:\/\/www.4h.se\/gotland\/sanda4h-klubb\/\">&hellip; Read more <i class=\"glyphicon glyphicon-arrow-right\"><\/i><\/a><\/p>\n","protected":false},"author":93,"featured_media":0,"parent":0,"menu_order":0,"comment_status":"closed","ping_status":"closed","template":"","meta":{"footnotes":""},"class_list":["post-402","page","type-page","status-publish","hentry"],"yoast_head":"<!-- This site is optimized with the Yoast SEO plugin v27.4 - https:\/\/yoast.com\/product\/yoast-seo-wordpress\/ -->\n<title>Sanda 4H-Klubb - 4H p\u00e5 Gotland<\/title>\n<meta name=\"description\" content=\"Hej och V\u00e4lkomna till Sanda 4H-Klubb! H\u00e4r hittar du information om v\u00e5ra aktiviteter fram\u00f6ver.\" \/>\n<meta name=\"robots\" content=\"index, follow, max-snippet:-1, max-image-preview:large, max-video-preview:-1\" \/>\n<link rel=\"canonical\" href=\"https:\/\/www.4h.se\/gotland\/sanda4h-klubb\/\" \/>\n<meta property=\"og:locale\" content=\"sv_SE\" \/>\n<meta property=\"og:type\" content=\"article\" \/>\n<meta property=\"og:title\" content=\"Sanda 4H-Klubb - 4H p\u00e5 Gotland\" \/>\n<meta property=\"og:description\" content=\"Hej och V\u00e4lkomna till Sanda 4H-Klubb! H\u00e4r hittar du information om v\u00e5ra aktiviteter fram\u00f6ver.\" \/>\n<meta property=\"og:url\" content=\"https:\/\/www.4h.se\/gotland\/sanda4h-klubb\/\" \/>\n<meta property=\"og:site_name\" content=\"4H p\u00e5 Gotland\" \/>\n<meta property=\"article:modified_time\" content=\"2020-01-22T07:40:40+00:00\" \/>\n<meta name=\"twitter:card\" content=\"summary_large_image\" \/>\n<meta name=\"twitter:label1\" content=\"Ber\u00e4knad l\u00e4stid\" \/>\n\t<meta name=\"twitter:data1\" content=\"1 minut\" \/>\n<script type=\"application\/ld+json\" class=\"yoast-schema-graph\">{\"@context\":\"https:\\\/\\\/schema.org\",\"@graph\":[{\"@type\":\"WebPage\",\"@id\":\"https:\\\/\\\/www.4h.se\\\/gotland\\\/sanda4h-klubb\\\/\",\"url\":\"https:\\\/\\\/www.4h.se\\\/gotland\\\/sanda4h-klubb\\\/\",\"name\":\"Sanda 4H-Klubb - 4H p\u00e5 Gotland\",\"isPartOf\":{\"@id\":\"https:\\\/\\\/www.4h.se\\\/gotland\\\/#website\"},\"datePublished\":\"2018-02-20T09:44:37+00:00\",\"dateModified\":\"2020-01-22T07:40:40+00:00\",\"description\":\"Hej och V\u00e4lkomna till Sanda 4H-Klubb! H\u00e4r hittar du information om v\u00e5ra aktiviteter fram\u00f6ver.\",\"breadcrumb\":{\"@id\":\"https:\\\/\\\/www.4h.se\\\/gotland\\\/sanda4h-klubb\\\/#breadcrumb\"},\"inLanguage\":\"sv-SE\",\"potentialAction\":[{\"@type\":\"ReadAction\",\"target\":[\"https:\\\/\\\/www.4h.se\\\/gotland\\\/sanda4h-klubb\\\/\"]}]},{\"@type\":\"BreadcrumbList\",\"@id\":\"https:\\\/\\\/www.4h.se\\\/gotland\\\/sanda4h-klubb\\\/#breadcrumb\",\"itemListElement\":[{\"@type\":\"ListItem\",\"position\":1,\"name\":\"Hem\",\"item\":\"https:\\\/\\\/www.4h.se\\\/gotland\\\/\"},{\"@type\":\"ListItem\",\"position\":2,\"name\":\"Sanda 4H-Klubb\"}]},{\"@type\":\"WebSite\",\"@id\":\"https:\\\/\\\/www.4h.se\\\/gotland\\\/#website\",\"url\":\"https:\\\/\\\/www.4h.se\\\/gotland\\\/\",\"name\":\"4H p\u00e5 Gotland\",\"description\":\"\",\"potentialAction\":[{\"@type\":\"SearchAction\",\"target\":{\"@type\":\"EntryPoint\",\"urlTemplate\":\"https:\\\/\\\/www.4h.se\\\/gotland\\\/?s={search_term_string}\"},\"query-input\":{\"@type\":\"PropertyValueSpecification\",\"valueRequired\":true,\"valueName\":\"search_term_string\"}}],\"inLanguage\":\"sv-SE\"}]}<\/script>\n<!-- \/ Yoast SEO plugin. -->","yoast_head_json":{"title":"Sanda 4H-Klubb - 4H p\u00e5 Gotland","description":"Hej och V\u00e4lkomna till Sanda 4H-Klubb! H\u00e4r hittar du information om v\u00e5ra aktiviteter fram\u00f6ver.","robots":{"index":"index","follow":"follow","max-snippet":"max-snippet:-1","max-image-preview":"max-image-preview:large","max-video-preview":"max-video-preview:-1"},"canonical":"https:\/\/www.4h.se\/gotland\/sanda4h-klubb\/","og_locale":"sv_SE","og_type":"article","og_title":"Sanda 4H-Klubb - 4H p\u00e5 Gotland","og_description":"Hej och V\u00e4lkomna till Sanda 4H-Klubb! H\u00e4r hittar du information om v\u00e5ra aktiviteter fram\u00f6ver.","og_url":"https:\/\/www.4h.se\/gotland\/sanda4h-klubb\/","og_site_name":"4H p\u00e5 Gotland","article_modified_time":"2020-01-22T07:40:40+00:00","twitter_card":"summary_large_image","twitter_misc":{"Ber\u00e4knad l\u00e4stid":"1 minut"},"schema":{"@context":"https:\/\/schema.org","@graph":[{"@type":"WebPage","@id":"https:\/\/www.4h.se\/gotland\/sanda4h-klubb\/","url":"https:\/\/www.4h.se\/gotland\/sanda4h-klubb\/","name":"Sanda 4H-Klubb - 4H p\u00e5 Gotland","isPartOf":{"@id":"https:\/\/www.4h.se\/gotland\/#website"},"datePublished":"2018-02-20T09:44:37+00:00","dateModified":"2020-01-22T07:40:40+00:00","description":"Hej och V\u00e4lkomna till Sanda 4H-Klubb! H\u00e4r hittar du information om v\u00e5ra aktiviteter fram\u00f6ver.","breadcrumb":{"@id":"https:\/\/www.4h.se\/gotland\/sanda4h-klubb\/#breadcrumb"},"inLanguage":"sv-SE","potentialAction":[{"@type":"ReadAction","target":["https:\/\/www.4h.se\/gotland\/sanda4h-klubb\/"]}]},{"@type":"BreadcrumbList","@id":"https:\/\/www.4h.se\/gotland\/sanda4h-klubb\/#breadcrumb","itemListElement":[{"@type":"ListItem","position":1,"name":"Hem","item":"https:\/\/www.4h.se\/gotland\/"},{"@type":"ListItem","position":2,"name":"Sanda 4H-Klubb"}]},{"@type":"WebSite","@id":"https:\/\/www.4h.se\/gotland\/#website","url":"https:\/\/www.4h.se\/gotland\/","name":"4H p\u00e5 Gotland","description":"","potentialAction":[{"@type":"SearchAction","target":{"@type":"EntryPoint","urlTemplate":"https:\/\/www.4h.se\/gotland\/?s={search_term_string}"},"query-input":{"@type":"PropertyValueSpecification","valueRequired":true,"valueName":"search_term_string"}}],"inLanguage":"sv-SE"}]}},"_links":{"self":[{"href":"https:\/\/www.4h.se\/gotland\/wp-json\/wp\/v2\/pages\/402","targetHints":{"allow":["GET"]}}],"collection":[{"href":"https:\/\/www.4h.se\/gotland\/wp-json\/wp\/v2\/pages"}],"about":[{"href":"https:\/\/www.4h.se\/gotland\/wp-json\/wp\/v2\/types\/page"}],"author":[{"embeddable":true,"href":"https:\/\/www.4h.se\/gotland\/wp-json\/wp\/v2\/users\/93"}],"replies":[{"embeddable":true,"href":"https:\/\/www.4h.se\/gotland\/wp-json\/wp\/v2\/comments?post=402"}],"version-history":[{"count":0,"href":"https:\/\/www.4h.se\/gotland\/wp-json\/wp\/v2\/pages\/402\/revisions"}],"wp:attachment":[{"href":"https:\/\/www.4h.se\/gotland\/wp-json\/wp\/v2\/media?parent=402"}],"curies":[{"name":"wp","href":"https:\/\/api.w.org\/{rel}","templated":true}]}}