



{"id":285,"date":"2015-10-07T09:13:53","date_gmt":"2015-10-07T07:13:53","guid":{"rendered":"http:\/\/www.4h.se\/farsna\/?page_id=285"},"modified":"2026-02-02T14:12:34","modified_gmt":"2026-02-02T13:12:34","slug":"stod-oss","status":"publish","type":"page","link":"https:\/\/www.4h.se\/farsna\/stod-oss\/","title":{"rendered":"St\u00f6d oss"},"content":{"rendered":"<div class=\"wpb-content-wrapper\"><p>[vc_row][vc_column][vc_column_text css=&#8221;&#8221;]<\/p>\n<h1 style=\"text-align: center;\"><span style=\"color: #008000;\">Sponsor F\u00e4rsna 4H-g\u00e5rd 2026<\/span><\/h1>\n<div id=\"attachment_1294\" style=\"width: 448px\" class=\"wp-caption aligncenter\"><img loading=\"lazy\" decoding=\"async\" aria-describedby=\"caption-attachment-1294\" class=\"size-medium wp-image-1294\" src=\"https:\/\/www.4h.se\/farsna\/wp-content\/uploads\/sites\/93\/2025\/10\/IMG_0587-1-438x300.jpg\" alt=\"\" width=\"438\" height=\"300\" srcset=\"https:\/\/www.4h.se\/farsna\/wp-content\/uploads\/sites\/93\/2025\/10\/IMG_0587-1-438x300.jpg 438w, https:\/\/www.4h.se\/farsna\/wp-content\/uploads\/sites\/93\/2025\/10\/IMG_0587-1-970x665.jpg 970w, https:\/\/www.4h.se\/farsna\/wp-content\/uploads\/sites\/93\/2025\/10\/IMG_0587-1-170x117.jpg 170w, https:\/\/www.4h.se\/farsna\/wp-content\/uploads\/sites\/93\/2025\/10\/IMG_0587-1-768x527.jpg 768w, https:\/\/www.4h.se\/farsna\/wp-content\/uploads\/sites\/93\/2025\/10\/IMG_0587-1.jpg 1094w\" sizes=\"auto, (max-width: 438px) 100vw, 438px\" \/><p id=\"caption-attachment-1294\" class=\"wp-caption-text\">Screenshot<\/p><\/div>\n<h1 style=\"text-align: center;\"><span style=\"color: #008000;\">Ge en meningsfull julg\u00e5va fr\u00e5n f\u00f6retaget \u2013 st\u00f6d F\u00e4rsna 4H-g\u00e5rd<\/span><br \/>\n<span style=\"color: #008000;\">och bli sponsor f\u00f6r 2026<\/span><\/h1>\n<h2 style=\"text-align: center;\">Ditt f\u00f6retag kan g\u00f6ra skillnad \u2014 f\u00f6r ungdomarna, djuren och framtiden.<br \/>\nEn f\u00f6retagsg\u00e5va till F\u00e4rsna 4H-g\u00e5rd \u00e4r en julklapp med<br \/>\nett st\u00e4llningstagande f\u00f6r barn, djur, natur och<br \/>\nframtidstro.<br \/>\nEr g\u00e5va hj\u00e4lper oss att ta hand om g\u00e5rdens djur, skapa<br \/>\nmeningsfulla aktiviteter f\u00f6r barn och ungdomar och<br \/>\nh\u00e5lla v\u00e5r verksamhet \u00f6ppen f\u00f6r alla som vill l\u00e4ra sig<br \/>\nmer om h\u00e5llbarhet i praktiken.<br \/>\nSom tack f\u00e5r ni ett fint g\u00e5vobevis att visa upp i entr\u00e9n,<br \/>\nlunchrummet eller p\u00e5 webben \u2013 och m\u00f6jlighet att<br \/>\nanv\u00e4nda \u201cStolt julgivare till F\u00e4rsna 4H-g\u00e5rd\u201d i era<br \/>\nkanaler och mejlsignaturer.<br \/>\nAtt ge en julg\u00e5va till F\u00e4rsna 4H-g\u00e5rd ber\u00f6r, engagerar<br \/>\noch g\u00f6r skillnad. Det \u00e4r en omt\u00e4nksam handling som<br \/>\nsprider gl\u00e4dje, hopp och omtanke \u2013 till b\u00e5de m\u00e4nniskor<br \/>\noch djur.<\/h2>\n<h1 style=\"text-align: center;\">Sponsorpaket:<\/h1>\n<h2 style=\"text-align: center;\"><span style=\"color: #ff9900;\"><img loading=\"lazy\" decoding=\"async\" class=\"size-full wp-image-1289 aligncenter\" src=\"https:\/\/www.4h.se\/farsna\/wp-content\/uploads\/sites\/93\/2025\/10\/guld.jpg\" alt=\"\" width=\"110\" height=\"141\">Guldkl\u00f6ver&nbsp;<\/span><\/h2>\n<h2 style=\"text-align: center;\">Som Guldkl\u00f6ver-sponsor \u00e4r ditt f\u00f6retag en av v\u00e5ra viktigaste samarbetspartners.<br \/>\nNi bidrar direkt till att barn och unga f\u00e5r m\u00f6jlighet att utvecklas genom kontakt med djur, natur och<br \/>\ngemenskap p\u00e5 F\u00e4rsna 4H.<br \/>\nDetta ing\u00e5r:<br \/>\n\u2022 F\u00f6retagslogotyp p\u00e5 skylt vid 4H-g\u00e5rden och i v\u00e5rt informationsmaterial<br \/>\n\u2022 5 stycken \u00e5rskort d\u00e4r intr\u00e4de till alla v\u00e5ra event samt djuraktiviteter ing\u00e5r<br \/>\n\u2022 G\u00e5vobevis att visa upp i entr\u00e9n, lunchrummet eller p\u00e5 webben<br \/>\n\u2022 M\u00f6jlighet att delta i g\u00e5rdens evenemang med egen aktivitet eller monter<br \/>\n\u2022 Synlighet p\u00e5 v\u00e5r webb och i sociala medier<br \/>\n\u2022 Logga \u201cStolt sponsor till F\u00e4rsna 4H\u201d att anv\u00e4nda i eget material<br \/>\n<img loading=\"lazy\" decoding=\"async\" class=\"wp-image-1295 alignnone\" src=\"https:\/\/www.4h.se\/farsna\/wp-content\/uploads\/sites\/93\/2025\/10\/nedladdning-150x150.png\" alt=\"\" width=\"58\" height=\"58\" srcset=\"https:\/\/www.4h.se\/farsna\/wp-content\/uploads\/sites\/93\/2025\/10\/nedladdning-150x150.png 150w, https:\/\/www.4h.se\/farsna\/wp-content\/uploads\/sites\/93\/2025\/10\/nedladdning.png 225w\" sizes=\"auto, (max-width: 58px) 100vw, 58px\" \/><span style=\"color: #008000;\"> Pris: 10 000 kr\/\u00e5r<\/span><\/h2>\n<h2 style=\"text-align: center;\"><span style=\"color: #808080;\"><img loading=\"lazy\" decoding=\"async\" class=\"aligncenter size-full wp-image-1290\" src=\"https:\/\/www.4h.se\/farsna\/wp-content\/uploads\/sites\/93\/2025\/10\/silver.jpg\" alt=\"\" width=\"115\" height=\"138\">Silverkl\u00f6ver<\/span><br \/>\nSom Silverkl\u00f6ver-sponsor st\u00f6ttar ni v\u00e5rt dagliga arbete med djur, aktiviteter och<br \/>\nungdomsverksamhet. Ni \u00e4r med och bidrar till att h\u00e5lla g\u00e5rden levande och tillg\u00e4nglig f\u00f6r alla.<br \/>\nDetta ing\u00e5r:<br \/>\n\u2022 F\u00f6retagslogotyp p\u00e5 skylt vid 4H-g\u00e5rden och i v\u00e5rt informationsmaterial<br \/>\n\u2022 3 stycken \u00e5rskort d\u00e4r intr\u00e4de till alla v\u00e5ra event samt djuraktiviteter ing\u00e5r<br \/>\n\u2022 G\u00e5vobevis att visa upp i entr\u00e9n, lunchrummet eller p\u00e5 webben<br \/>\n\u2022 M\u00f6jlighet att delta i g\u00e5rdens evenemang med egen aktivitet eller monter<br \/>\n\u2022 Synlighet p\u00e5 v\u00e5r webb och i sociala medier<br \/>\n\u2022 Logga \u201cStolt sponsor till F\u00e4rsna 4H\u201d att anv\u00e4nda i eget material<br \/>\n<img loading=\"lazy\" decoding=\"async\" class=\"wp-image-1295 alignnone\" src=\"https:\/\/www.4h.se\/farsna\/wp-content\/uploads\/sites\/93\/2025\/10\/nedladdning-150x150.png\" alt=\"\" width=\"58\" height=\"58\" srcset=\"https:\/\/www.4h.se\/farsna\/wp-content\/uploads\/sites\/93\/2025\/10\/nedladdning-150x150.png 150w, https:\/\/www.4h.se\/farsna\/wp-content\/uploads\/sites\/93\/2025\/10\/nedladdning.png 225w\" sizes=\"auto, (max-width: 58px) 100vw, 58px\" \/> <span style=\"color: #008000;\">Pris: 5 000 kr\/\u00e5r<\/span><\/h2>\n<h2 style=\"text-align: center;\"><span style=\"color: #993300;\"><img loading=\"lazy\" decoding=\"async\" class=\"aligncenter size-full wp-image-1291\" src=\"https:\/\/www.4h.se\/farsna\/wp-content\/uploads\/sites\/93\/2025\/10\/brons.jpg\" alt=\"\" width=\"111\" height=\"140\">Bronskl\u00f6ver<\/span><br \/>\nSom Bronskl\u00f6ver-sponsor \u00e4r ni en uppskattad del av v\u00e5r 4H-familj. Varje bidrag g\u00f6r skillnad och<br \/>\nhj\u00e4lper oss ta hand om djuren och erbjuda meningsfull fritid f\u00f6r barn och unga.<br \/>\nDetta ing\u00e5r:<br \/>\n\u2022 F\u00f6retagslogotyp p\u00e5 skylt vid 4H-g\u00e5rden och i v\u00e5rt informationsmaterial<br \/>\n\u2022 1 \u00e5rskort d\u00e4r intr\u00e4de till alla v\u00e5ra event samt djuraktiviteter ing\u00e5r<br \/>\n\u2022 G\u00e5vobevis att visa upp i entr\u00e9n, lunchrummet eller p\u00e5 webben<br \/>\n\u2022 Synlighet p\u00e5 v\u00e5r webb och i sociala medier<br \/>\n\u2022 Logga \u201cStolt sponsor till F\u00e4rsna 4H\u201d att anv\u00e4nda i eget material<br \/>\n<img loading=\"lazy\" decoding=\"async\" class=\" wp-image-1295 alignnone\" src=\"https:\/\/www.4h.se\/farsna\/wp-content\/uploads\/sites\/93\/2025\/10\/nedladdning-150x150.png\" alt=\"\" width=\"58\" height=\"58\" srcset=\"https:\/\/www.4h.se\/farsna\/wp-content\/uploads\/sites\/93\/2025\/10\/nedladdning-150x150.png 150w, https:\/\/www.4h.se\/farsna\/wp-content\/uploads\/sites\/93\/2025\/10\/nedladdning.png 225w\" sizes=\"auto, (max-width: 58px) 100vw, 58px\" \/> <span style=\"color: #008000;\">Pris: 2 000 kr\/\u00e5r<\/span><\/h2>\n<p>&nbsp;<\/p>\n<p><img loading=\"lazy\" decoding=\"async\" class=\"size-medium wp-image-1293 aligncenter\" src=\"https:\/\/www.4h.se\/farsna\/wp-content\/uploads\/sites\/93\/2025\/10\/thumbnail_IMG_5124-399x300.jpg\" alt=\"\" width=\"399\" height=\"300\" srcset=\"https:\/\/www.4h.se\/farsna\/wp-content\/uploads\/sites\/93\/2025\/10\/thumbnail_IMG_5124-399x300.jpg 399w, https:\/\/www.4h.se\/farsna\/wp-content\/uploads\/sites\/93\/2025\/10\/thumbnail_IMG_5124-170x128.jpg 170w, https:\/\/www.4h.se\/farsna\/wp-content\/uploads\/sites\/93\/2025\/10\/thumbnail_IMG_5124.jpg 640w\" sizes=\"auto, (max-width: 399px) 100vw, 399px\" \/><\/p>\n<h2 style=\"text-align: center;\" data-olk-copy-source=\"MessageBody\">\u201d<span style=\"color: #008000;\">ETT VARM TACK TILL ER SOM SPONSRAR OSS UNDER 2026\u201d <img loading=\"lazy\" decoding=\"async\" class=\"aligncenter size-thumbnail wp-image-1295\" src=\"https:\/\/www.4h.se\/farsna\/wp-content\/uploads\/sites\/93\/2025\/10\/nedladdning-150x150.png\" alt=\"\" width=\"150\" height=\"150\" srcset=\"https:\/\/www.4h.se\/farsna\/wp-content\/uploads\/sites\/93\/2025\/10\/nedladdning-150x150.png 150w, https:\/\/www.4h.se\/farsna\/wp-content\/uploads\/sites\/93\/2025\/10\/nedladdning.png 225w\" sizes=\"auto, (max-width: 150px) 100vw, 150px\" \/><\/span><\/h2>\n<h2 style=\"text-align: center;\" aria-hidden=\"true\"><\/h2>\n<h2 style=\"text-align: center;\"><span style=\"color: #008000;\">Europaweekend<\/span><\/h2>\n<h2 style=\"text-align: center;\"><span style=\"color: #008000;\">Kryssningar.se<\/span><\/h2>\n<h2 style=\"text-align: center;\"><span style=\"color: #008000;\">Handelsbanken<\/span><\/h2>\n<h2 style=\"text-align: center;\"><span style=\"color: #008000;\">Norrt\u00e4lje Energi&nbsp;<\/span><\/h2>\n<h2 style=\"text-align: center;\"><span style=\"color: #008000;\">Racketladan<\/span><\/h2>\n<h2 style=\"text-align: center;\"><span style=\"color: #008000;\">Tullportsgatan 1<\/span><\/h2>\n<h2 style=\"text-align: center;\"><span style=\"color: #008000;\">Vickningen<\/span><\/h2>\n<h2 style=\"text-align: center;\"><span style=\"color: #008000;\">\u00c5hman M\u00e4kleri<\/span><\/h2>\n<h2 style=\"text-align: center;\"><span style=\"color: #008000;\">mitt roslagen<\/span><\/h2>\n<p>[\/vc_column_text][\/vc_column][\/vc_row][vc_row][vc_column][vc_separator color=&#8221;black&#8221; border_width=&#8221;5&#8243;][\/vc_column][\/vc_row][vc_row][vc_column][vc_column_text css=&#8221;&#8221;]<\/p>\n<h2 style=\"text-align: center;\">man f\u00e5r liksom bara g\u00f6ra s\u00e5h\u00e4r ocks\u00e5, Sk\u00e4nk en g\u00e5va via \ud83d\ude42<\/h2>\n<h2 style=\"text-align: center;\">&nbsp;<a href=\"https:\/\/www.4h.se\/farsna\/wp-content\/uploads\/sites\/93\/2015\/10\/swish-logo.png\"><img loading=\"lazy\" decoding=\"async\" class=\"alignnone size-medium wp-image-578\" src=\"https:\/\/www.4h.se\/farsna\/wp-content\/uploads\/sites\/93\/2015\/10\/swish-logo-470x149.png\" alt=\"swish-logo\" width=\"470\" height=\"149\" srcset=\"https:\/\/www.4h.se\/farsna\/wp-content\/uploads\/sites\/93\/2015\/10\/swish-logo-470x149.png 470w, https:\/\/www.4h.se\/farsna\/wp-content\/uploads\/sites\/93\/2015\/10\/swish-logo-170x54.png 170w, https:\/\/www.4h.se\/farsna\/wp-content\/uploads\/sites\/93\/2015\/10\/swish-logo.png 500w\" sizes=\"auto, (max-width: 470px) 100vw, 470px\" \/><\/a><\/h2>\n<h1 style=\"text-align: center;\"><strong>F\u00e4rsna 4H-klubb 123-571 51 72<\/strong><\/h1>\n<h2 style=\"text-align: center;\">eller bankgiro&nbsp;490-7770<\/h2>\n<h2><\/h2>\n<p>&nbsp;[\/vc_column_text][\/vc_column][\/vc_row][vc_row][vc_column][vc_separator][\/vc_column][\/vc_row][vc_row][vc_column][vc_separator color=&#8221;black&#8221; border_width=&#8221;5&#8243;][\/vc_column][\/vc_row][vc_row][vc_column][vc_column_text css=&#8221;&#8221;]<\/p>\n<h1 style=\"text-align: center;\">Arbeta ideellt!<\/h1>\n<h2 style=\"text-align: center;\">4H bygger p\u00e5 ideella krafter och vi&nbsp;v\u00e4lkomnar alltid hj\u00e4lp p\u00e5 g\u00e5rden! Exempelvis kan du bli helgsk\u00f6tare och hj\u00e4lpa till att ta hand om djuren n\u00e4r personalen inte \u00e4r p\u00e5 plats. \u00c4r du duktig p\u00e5 annat \u00e4n djur, exempelvis att m\u00e5la, snickra, plantera eller laga mat s\u00e5 \u00e4r du ocks\u00e5 v\u00e4lkommen hit.<\/h2>\n<h2 style=\"text-align: center;\">Alla talanger beh\u00f6vs! Maila oss p\u00e5 farsna@4h.se s\u00e5 ber\u00e4ttar vi g\u00e4rna mer.<\/h2>\n<p style=\"text-align: center;\"><a href=\"https:\/\/www.4h.se\/farsna\/wp-content\/uploads\/sites\/93\/2015\/10\/Ponnyridning.jpg\"><img loading=\"lazy\" decoding=\"async\" class=\"alignnone size-medium wp-image-752\" src=\"https:\/\/www.4h.se\/farsna\/wp-content\/uploads\/sites\/93\/2015\/10\/Ponnyridning-201x300.jpg\" alt=\"SONY DSC\" width=\"201\" height=\"300\" srcset=\"https:\/\/www.4h.se\/farsna\/wp-content\/uploads\/sites\/93\/2015\/10\/Ponnyridning-201x300.jpg 201w, https:\/\/www.4h.se\/farsna\/wp-content\/uploads\/sites\/93\/2015\/10\/Ponnyridning-100x150.jpg 100w, https:\/\/www.4h.se\/farsna\/wp-content\/uploads\/sites\/93\/2015\/10\/Ponnyridning-685x1024.jpg 685w\" sizes=\"auto, (max-width: 201px) 100vw, 201px\" \/><\/a><\/p>\n<p>[\/vc_column_text][\/vc_column][\/vc_row][vc_row][vc_column][vc_separator color=&#8221;black&#8221; border_width=&#8221;5&#8243;][\/vc_column][\/vc_row][vc_row][vc_column][vc_column_text css=&#8221;&#8221;]<\/p>\n<h2 style=\"text-align: center;\"><\/h2>\n<h2 style=\"text-align: center;\" data-olk-copy-source=\"MessageBody\"><span style=\"color: #008000;\">\u201dETT VARM TACK TILL ER SOM SPONSRAR OSS UNDER 2026\u201d <img loading=\"lazy\" decoding=\"async\" class=\"size-thumbnail wp-image-1295 aligncenter\" src=\"https:\/\/www.4h.se\/farsna\/wp-content\/uploads\/sites\/93\/2025\/10\/nedladdning-150x150.png\" alt=\"\" width=\"150\" height=\"150\" srcset=\"https:\/\/www.4h.se\/farsna\/wp-content\/uploads\/sites\/93\/2025\/10\/nedladdning-150x150.png 150w, https:\/\/www.4h.se\/farsna\/wp-content\/uploads\/sites\/93\/2025\/10\/nedladdning.png 225w\" sizes=\"auto, (max-width: 150px) 100vw, 150px\" \/><\/span><\/h2>\n<h2 style=\"text-align: center;\" aria-hidden=\"true\"><\/h2>\n<h2 style=\"text-align: center;\"><span style=\"color: #008000;\">Europaweekend<\/span><\/h2>\n<h2 style=\"text-align: center;\"><span style=\"color: #008000;\">Kryssningar.se<\/span><\/h2>\n<h2 style=\"text-align: center;\"><span style=\"color: #008000;\">Handelsbanken<\/span><\/h2>\n<h2 style=\"text-align: center;\"><span style=\"color: #008000;\">Norrt\u00e4lje Energi&nbsp;<\/span><\/h2>\n<h2 style=\"text-align: center;\"><span style=\"color: #008000;\">Racketladan<\/span><\/h2>\n<h2 style=\"text-align: center;\"><span style=\"color: #008000;\">Tullportsgatan 1<\/span><\/h2>\n<h2 style=\"text-align: center;\"><span style=\"color: #008000;\">Vickningen<\/span><\/h2>\n<h2 style=\"text-align: center;\"><span style=\"color: #008000;\">\u00c5hman M\u00e4kleri<\/span><\/h2>\n<p>&nbsp;<\/p>\n<p>&nbsp;<\/p>\n<p>&nbsp;<\/p>\n<p>&nbsp;<\/p>\n<p>&nbsp;<\/p>\n<p>&nbsp;<\/p>\n<p>&nbsp;[\/vc_column_text][\/vc_column][\/vc_row]<\/p>\n<\/div>","protected":false},"excerpt":{"rendered":"<p>[vc_row][vc_column][vc_column_text css=&#8221;&#8221;] Sponsor F\u00e4rsna 4H-g\u00e5rd 2026 Ge en meningsfull julg\u00e5va fr\u00e5n f\u00f6retaget \u2013 st\u00f6d F\u00e4rsna 4H-g\u00e5rd och bli sponsor f\u00f6r 2026 Ditt f\u00f6retag kan g\u00f6ra skillnad \u2014 f\u00f6r ungdomarna, djuren och framtiden. En f\u00f6retagsg\u00e5va till F\u00e4rsna 4H-g\u00e5rd \u00e4r en julklapp med ett st\u00e4llningstagande f\u00f6r barn, djur, natur och framtidstro. Er g\u00e5va hj\u00e4lper oss att ta&nbsp; <a href=\"https:\/\/www.4h.se\/farsna\/stod-oss\/\">&hellip; Read more <i class=\"glyphicon glyphicon-arrow-right\"><\/i><\/a><\/p>\n","protected":false},"author":1,"featured_media":0,"parent":0,"menu_order":0,"comment_status":"closed","ping_status":"closed","template":"","meta":{"footnotes":""},"class_list":["post-285","page","type-page","status-publish","hentry"],"yoast_head":"<!-- This site is optimized with the Yoast SEO plugin v27.4 - https:\/\/yoast.com\/product\/yoast-seo-wordpress\/ -->\n<title>St\u00f6d oss - F\u00e4rsna 4H-g\u00e5rd<\/title>\n<meta name=\"robots\" content=\"index, follow, max-snippet:-1, max-image-preview:large, max-video-preview:-1\" \/>\n<link rel=\"canonical\" href=\"https:\/\/www.4h.se\/farsna\/stod-oss\/\" \/>\n<meta property=\"og:locale\" content=\"sv_SE\" \/>\n<meta property=\"og:type\" content=\"article\" \/>\n<meta property=\"og:title\" content=\"St\u00f6d oss - F\u00e4rsna 4H-g\u00e5rd\" \/>\n<meta property=\"og:description\" content=\"[vc_row][vc_column][vc_column_text css=&#8221;&#8221;] Sponsor F\u00e4rsna 4H-g\u00e5rd 2026 Ge en meningsfull julg\u00e5va fr\u00e5n f\u00f6retaget \u2013 st\u00f6d F\u00e4rsna 4H-g\u00e5rd och bli sponsor f\u00f6r 2026 Ditt f\u00f6retag kan g\u00f6ra skillnad \u2014 f\u00f6r ungdomarna, djuren och framtiden. En f\u00f6retagsg\u00e5va till F\u00e4rsna 4H-g\u00e5rd \u00e4r en julklapp med ett st\u00e4llningstagande f\u00f6r barn, djur, natur och framtidstro. Er g\u00e5va hj\u00e4lper oss att ta&nbsp; &hellip; Read more\" \/>\n<meta property=\"og:url\" content=\"https:\/\/www.4h.se\/farsna\/stod-oss\/\" \/>\n<meta property=\"og:site_name\" content=\"F\u00e4rsna 4H-g\u00e5rd\" \/>\n<meta property=\"article:modified_time\" content=\"2026-02-02T13:12:34+00:00\" \/>\n<meta property=\"og:image\" content=\"https:\/\/www.4h.se\/farsna\/wp-content\/uploads\/sites\/93\/2025\/10\/IMG_0587-1.jpg\" \/>\n\t<meta property=\"og:image:width\" content=\"1094\" \/>\n\t<meta property=\"og:image:height\" content=\"750\" \/>\n\t<meta property=\"og:image:type\" content=\"image\/jpeg\" \/>\n<meta name=\"twitter:card\" content=\"summary_large_image\" \/>\n<meta name=\"twitter:label1\" content=\"Ber\u00e4knad l\u00e4stid\" \/>\n\t<meta name=\"twitter:data1\" content=\"4 minuter\" \/>\n<script type=\"application\/ld+json\" class=\"yoast-schema-graph\">{\"@context\":\"https:\\\/\\\/schema.org\",\"@graph\":[{\"@type\":\"WebPage\",\"@id\":\"https:\\\/\\\/www.4h.se\\\/farsna\\\/stod-oss\\\/\",\"url\":\"https:\\\/\\\/www.4h.se\\\/farsna\\\/stod-oss\\\/\",\"name\":\"St\u00f6d oss - F\u00e4rsna 4H-g\u00e5rd\",\"isPartOf\":{\"@id\":\"https:\\\/\\\/www.4h.se\\\/farsna\\\/#website\"},\"primaryImageOfPage\":{\"@id\":\"https:\\\/\\\/www.4h.se\\\/farsna\\\/stod-oss\\\/#primaryimage\"},\"image\":{\"@id\":\"https:\\\/\\\/www.4h.se\\\/farsna\\\/stod-oss\\\/#primaryimage\"},\"thumbnailUrl\":\"https:\\\/\\\/www.4h.se\\\/farsna\\\/wp-content\\\/uploads\\\/sites\\\/93\\\/2025\\\/10\\\/IMG_0587-1-438x300.jpg\",\"datePublished\":\"2015-10-07T07:13:53+00:00\",\"dateModified\":\"2026-02-02T13:12:34+00:00\",\"breadcrumb\":{\"@id\":\"https:\\\/\\\/www.4h.se\\\/farsna\\\/stod-oss\\\/#breadcrumb\"},\"inLanguage\":\"sv-SE\",\"potentialAction\":[{\"@type\":\"ReadAction\",\"target\":[\"https:\\\/\\\/www.4h.se\\\/farsna\\\/stod-oss\\\/\"]}]},{\"@type\":\"ImageObject\",\"inLanguage\":\"sv-SE\",\"@id\":\"https:\\\/\\\/www.4h.se\\\/farsna\\\/stod-oss\\\/#primaryimage\",\"url\":\"https:\\\/\\\/www.4h.se\\\/farsna\\\/wp-content\\\/uploads\\\/sites\\\/93\\\/2025\\\/10\\\/IMG_0587-1.jpg\",\"contentUrl\":\"https:\\\/\\\/www.4h.se\\\/farsna\\\/wp-content\\\/uploads\\\/sites\\\/93\\\/2025\\\/10\\\/IMG_0587-1.jpg\",\"width\":1094,\"height\":750,\"caption\":\"Screenshot\"},{\"@type\":\"BreadcrumbList\",\"@id\":\"https:\\\/\\\/www.4h.se\\\/farsna\\\/stod-oss\\\/#breadcrumb\",\"itemListElement\":[{\"@type\":\"ListItem\",\"position\":1,\"name\":\"Hem\",\"item\":\"https:\\\/\\\/www.4h.se\\\/farsna\\\/\"},{\"@type\":\"ListItem\",\"position\":2,\"name\":\"St\u00f6d oss\"}]},{\"@type\":\"WebSite\",\"@id\":\"https:\\\/\\\/www.4h.se\\\/farsna\\\/#website\",\"url\":\"https:\\\/\\\/www.4h.se\\\/farsna\\\/\",\"name\":\"F\u00e4rsna 4H-g\u00e5rd\",\"description\":\"Huvud, Hj\u00e4rta, H\u00e4lsa, Hand\",\"potentialAction\":[{\"@type\":\"SearchAction\",\"target\":{\"@type\":\"EntryPoint\",\"urlTemplate\":\"https:\\\/\\\/www.4h.se\\\/farsna\\\/?s={search_term_string}\"},\"query-input\":{\"@type\":\"PropertyValueSpecification\",\"valueRequired\":true,\"valueName\":\"search_term_string\"}}],\"inLanguage\":\"sv-SE\"}]}<\/script>\n<!-- \/ Yoast SEO plugin. -->","yoast_head_json":{"title":"St\u00f6d oss - F\u00e4rsna 4H-g\u00e5rd","robots":{"index":"index","follow":"follow","max-snippet":"max-snippet:-1","max-image-preview":"max-image-preview:large","max-video-preview":"max-video-preview:-1"},"canonical":"https:\/\/www.4h.se\/farsna\/stod-oss\/","og_locale":"sv_SE","og_type":"article","og_title":"St\u00f6d oss - F\u00e4rsna 4H-g\u00e5rd","og_description":"[vc_row][vc_column][vc_column_text css=&#8221;&#8221;] Sponsor F\u00e4rsna 4H-g\u00e5rd 2026 Ge en meningsfull julg\u00e5va fr\u00e5n f\u00f6retaget \u2013 st\u00f6d F\u00e4rsna 4H-g\u00e5rd och bli sponsor f\u00f6r 2026 Ditt f\u00f6retag kan g\u00f6ra skillnad \u2014 f\u00f6r ungdomarna, djuren och framtiden. En f\u00f6retagsg\u00e5va till F\u00e4rsna 4H-g\u00e5rd \u00e4r en julklapp med ett st\u00e4llningstagande f\u00f6r barn, djur, natur och framtidstro. Er g\u00e5va hj\u00e4lper oss att ta&nbsp; &hellip; Read more","og_url":"https:\/\/www.4h.se\/farsna\/stod-oss\/","og_site_name":"F\u00e4rsna 4H-g\u00e5rd","article_modified_time":"2026-02-02T13:12:34+00:00","og_image":[{"width":1094,"height":750,"url":"https:\/\/www.4h.se\/farsna\/wp-content\/uploads\/sites\/93\/2025\/10\/IMG_0587-1.jpg","type":"image\/jpeg"}],"twitter_card":"summary_large_image","twitter_misc":{"Ber\u00e4knad l\u00e4stid":"4 minuter"},"schema":{"@context":"https:\/\/schema.org","@graph":[{"@type":"WebPage","@id":"https:\/\/www.4h.se\/farsna\/stod-oss\/","url":"https:\/\/www.4h.se\/farsna\/stod-oss\/","name":"St\u00f6d oss - F\u00e4rsna 4H-g\u00e5rd","isPartOf":{"@id":"https:\/\/www.4h.se\/farsna\/#website"},"primaryImageOfPage":{"@id":"https:\/\/www.4h.se\/farsna\/stod-oss\/#primaryimage"},"image":{"@id":"https:\/\/www.4h.se\/farsna\/stod-oss\/#primaryimage"},"thumbnailUrl":"https:\/\/www.4h.se\/farsna\/wp-content\/uploads\/sites\/93\/2025\/10\/IMG_0587-1-438x300.jpg","datePublished":"2015-10-07T07:13:53+00:00","dateModified":"2026-02-02T13:12:34+00:00","breadcrumb":{"@id":"https:\/\/www.4h.se\/farsna\/stod-oss\/#breadcrumb"},"inLanguage":"sv-SE","potentialAction":[{"@type":"ReadAction","target":["https:\/\/www.4h.se\/farsna\/stod-oss\/"]}]},{"@type":"ImageObject","inLanguage":"sv-SE","@id":"https:\/\/www.4h.se\/farsna\/stod-oss\/#primaryimage","url":"https:\/\/www.4h.se\/farsna\/wp-content\/uploads\/sites\/93\/2025\/10\/IMG_0587-1.jpg","contentUrl":"https:\/\/www.4h.se\/farsna\/wp-content\/uploads\/sites\/93\/2025\/10\/IMG_0587-1.jpg","width":1094,"height":750,"caption":"Screenshot"},{"@type":"BreadcrumbList","@id":"https:\/\/www.4h.se\/farsna\/stod-oss\/#breadcrumb","itemListElement":[{"@type":"ListItem","position":1,"name":"Hem","item":"https:\/\/www.4h.se\/farsna\/"},{"@type":"ListItem","position":2,"name":"St\u00f6d oss"}]},{"@type":"WebSite","@id":"https:\/\/www.4h.se\/farsna\/#website","url":"https:\/\/www.4h.se\/farsna\/","name":"F\u00e4rsna 4H-g\u00e5rd","description":"Huvud, Hj\u00e4rta, H\u00e4lsa, Hand","potentialAction":[{"@type":"SearchAction","target":{"@type":"EntryPoint","urlTemplate":"https:\/\/www.4h.se\/farsna\/?s={search_term_string}"},"query-input":{"@type":"PropertyValueSpecification","valueRequired":true,"valueName":"search_term_string"}}],"inLanguage":"sv-SE"}]}},"_links":{"self":[{"href":"https:\/\/www.4h.se\/farsna\/wp-json\/wp\/v2\/pages\/285","targetHints":{"allow":["GET"]}}],"collection":[{"href":"https:\/\/www.4h.se\/farsna\/wp-json\/wp\/v2\/pages"}],"about":[{"href":"https:\/\/www.4h.se\/farsna\/wp-json\/wp\/v2\/types\/page"}],"author":[{"embeddable":true,"href":"https:\/\/www.4h.se\/farsna\/wp-json\/wp\/v2\/users\/1"}],"replies":[{"embeddable":true,"href":"https:\/\/www.4h.se\/farsna\/wp-json\/wp\/v2\/comments?post=285"}],"version-history":[{"count":0,"href":"https:\/\/www.4h.se\/farsna\/wp-json\/wp\/v2\/pages\/285\/revisions"}],"wp:attachment":[{"href":"https:\/\/www.4h.se\/farsna\/wp-json\/wp\/v2\/media?parent=285"}],"curies":[{"name":"wp","href":"https:\/\/api.w.org\/{rel}","templated":true}]}}