



{"id":864,"date":"2022-11-09T14:31:46","date_gmt":"2022-11-09T13:31:46","guid":{"rendered":"https:\/\/www.4h.se\/ersboda\/?page_id=864"},"modified":"2022-11-16T14:50:57","modified_gmt":"2022-11-16T13:50:57","slug":"fartraff","status":"publish","type":"page","link":"https:\/\/www.4h.se\/ersboda\/fartraff\/","title":{"rendered":"F\u00e5rtr\u00e4ff"},"content":{"rendered":"<div class=\"wpb-content-wrapper\"><p>[vc_row css=&#8221;.vc_custom_1652344354460{margin-right: -40px !important;margin-left: -40px !important;background-color: #007c3e !important;}&#8221;][vc_column width=&#8221;1\/4&#8243;][vc_single_image image=&#8221;734&#8243; img_size=&#8221;full&#8221; style=&#8221;vc_box_shadow_3d&#8221;][\/vc_column][vc_column width=&#8221;1\/2&#8243;][vc_column_text css=&#8221;.vc_custom_1668606638896{background-color: #ffffff !important;border-radius: 10px !important;}&#8221;]<\/p>\n<h3>F\u00e5rtr\u00e4ff p\u00e5 4H!<\/h3>\n<h4><\/h4>\n<h4>Ta med ditt barn eller barnbarn och boka en f\u00e5rtr\u00e4ff! Perfekt aktivitet f\u00f6r dig som \u00e4r f\u00f6r\u00e4ldraledig och vill komma ut i naturen och den lantliga milj\u00f6n p\u00e5 Ersboda 4H-g\u00e5rd.<\/h4>\n<p>&nbsp;<\/p>\n<p>F\u00e5rtr\u00e4ffen \u00e4r p\u00e5 onsdagar klockan 13:00 (30 min) och inneh\u00e5ller borstning och mys med g\u00e5rdens trevliga f\u00e5r. Om v\u00e4dret till\u00e5ter tar vi ut f\u00e5ren p\u00e5 en liten promenad i skogen eller runt g\u00e5rden. Barn m\u00e5ste ha medf\u00f6ljande vuxen under f\u00e5rtr\u00e4ffen.<\/p>\n<p>&nbsp;<\/p>\n<p><strong>Kostnad:<\/strong> 100 kr\/s\u00e4llskap f\u00f6r icke medlem och 80 kr\/s\u00e4llskap f\u00f6r medlemmar.<\/p>\n<p><strong>Dag och tid<\/strong>: Onsdagar kl. 13:00<\/p>\n<h4><\/h4>\n<p>&nbsp;<\/p>\n<h4>P\u00e5 plats g\u00e5r det \u00e4ven att k\u00f6pa enklare fika samt grillkol med tillbeh\u00f6r f\u00f6r den som vill grilla.\u00a0F\u00f6rbokning kr\u00e4vs och g\u00f6rs i formul\u00e4ret till h\u00f6ger.<\/h4>\n<h4><\/h4>\n<p>Ersboda 4H ligger i R\u00f6nninge, Salem. Du tar dig hit med bil eller buss.[\/vc_column_text][\/vc_column][vc_column width=&#8221;1\/4&#8243;][vc_column_text css=&#8221;.vc_custom_1668605994764{background-color: #ffffff !important;}&#8221;]<div class=\"frm_forms  with_frm_style frm_style_formidable-style\" id=\"frm_form_25_container\" >\n<form enctype=\"multipart\/form-data\" method=\"post\" class=\"frm-show-form \" id=\"form_w7xbp\" >\n<div class=\"frm_form_fields \">\n<fieldset>\n<legend class=\"frm_hidden\">Anm\u00e4lan F\u00e5rtr\u00e4ff<\/legend>\r\n<h3 class=\"frm_form_title\">Anm\u00e4lan F\u00e5rtr\u00e4ff<\/h3>\r\n<div class=\"frm_fields_container\">\n<input type=\"hidden\" name=\"frm_action\" value=\"create\" \/>\n<input type=\"hidden\" name=\"form_id\" value=\"25\" \/>\n<input type=\"hidden\" name=\"frm_hide_fields_25\" id=\"frm_hide_fields_25\" value=\"\" \/>\n<input type=\"hidden\" name=\"form_key\" value=\"w7xbp\" \/>\n<input type=\"hidden\" name=\"item_meta[0]\" value=\"\" \/>\n<input type=\"hidden\" id=\"frm_submit_entry_25\" name=\"frm_submit_entry_25\" value=\"8081d80b99\" \/><input type=\"hidden\" name=\"_wp_http_referer\" value=\"\/ersboda\/wp-json\/wp\/v2\/pages\/864\" \/><div id=\"frm_field_187_container\" class=\"frm_form_field form-field  frm_required_field frm_top_container\">\r\n    <label for=\"field_d5nco\" class=\"frm_primary_label\">Val av dag\r\n        <span class=\"frm_required\">*<\/span>\r\n    <\/label>\r\n    \t\t<select name=\"item_meta[187]\" id=\"field_d5nco\"  data-frmval=\"Onsdag 23\/11\" data-reqmsg=\"Detta f\u00e4lt kan inte vara tomt.\" aria-required=\"true\" data-invmsg=\"Val av dag \u00e4r ogiltigt\" aria-invalid=\"false\"  >\n\t\t<option  value=\"Onsdag 23\/11\" selected='selected'>Onsdag 23\/11<\/option><option  value=\"Onsdag 30\/11\">Onsdag 30\/11<\/option><option  value=\"Onsdag 7\/12\">Onsdag 7\/12<\/option><option  value=\"Onsdag 14\/12\">Onsdag 14\/12<\/option>\t<\/select>\n\t\r\n    \r\n    \r\n<\/div>\n<div id=\"frm_field_189_container\" class=\"frm_form_field form-field  frm_required_field frm_top_container\">\r\n    <label for=\"field_s7pcu\" class=\"frm_primary_label\">Namn p\u00e5 v\u00e5rdnadshavare eller medf\u00f6ljande vuxen\r\n        <span class=\"frm_required\">*<\/span>\r\n    <\/label>\r\n    <input type=\"text\" id=\"field_s7pcu\" name=\"item_meta[189]\" value=\"\"  data-reqmsg=\"Detta f\u00e4lt kan inte vara tomt.\" aria-required=\"true\" data-invmsg=\"Namn p\u00e5 v\u00e5rdnadshavare eller medf\u00f6ljande vuxen \u00e4r ogiltigt\" aria-invalid=\"false\"  \/>\r\n    \r\n    \r\n<\/div>\n<div id=\"frm_field_191_container\" class=\"frm_form_field form-field  frm_required_field frm_top_container\">\r\n    <label for=\"field_pkg35\" class=\"frm_primary_label\">Mailadress till dig som bokar\r\n        <span class=\"frm_required\">*<\/span>\r\n    <\/label>\r\n    <input type=\"text\" id=\"field_pkg35\" name=\"item_meta[191]\" value=\"\"  data-reqmsg=\"Detta f\u00e4lt kan inte vara tomt.\" aria-required=\"true\" data-invmsg=\"Mailadress till dig som bokar \u00e4r ogiltigt\" aria-invalid=\"false\"   aria-describedby=\"frm_desc_field_pkg35\"\/>\r\n    <div id=\"frm_desc_field_pkg35\" class=\"frm_description\">Hit skickas bokningsbekr\u00e4ftelsen<\/div>\r\n    \r\n<\/div>\n<div id=\"frm_field_188_container\" class=\"frm_form_field form-field  frm_required_field frm_top_container\">\r\n    <label for=\"field_e8g2y\" class=\"frm_primary_label\">Antal barn och vuxna i s\u00e4llskapet\r\n        <span class=\"frm_required\">*<\/span>\r\n    <\/label>\r\n    <input type=\"text\" id=\"field_e8g2y\" name=\"item_meta[188]\" value=\"\"  data-reqmsg=\"Detta f\u00e4lt kan inte vara tomt.\" aria-required=\"true\" data-invmsg=\"Antal barn och vuxna i s\u00e4llskapet \u00e4r ogiltigt\" aria-invalid=\"false\"  \/>\r\n    \r\n    \r\n<\/div>\n<div id=\"frm_field_192_container\" class=\"frm_form_field form-field  frm_required_field frm_top_container vertical_radio\">\r\n    <label  class=\"frm_primary_label\">Jag \u00e4r medlem i Ersboda 4H-klubb\r\n        <span class=\"frm_required\">*<\/span>\r\n    <\/label>\r\n    <div class=\"frm_opt_container\">\t\t<div class=\"frm_radio\" id=\"frm_radio_192-0\">\t\t\t<label  for=\"field_8d5u9-0\">\n\t\t\t\t\t<input type=\"radio\" name=\"item_meta[192]\" id=\"field_8d5u9-0\" value=\"Ja \"\n\t\t data-reqmsg=\"Detta f\u00e4lt kan inte vara tomt.\" data-invmsg=\"Jag \u00e4r medlem i Ersboda 4H-klubb \u00e4r ogiltigt\"   \/> Ja <\/label><\/div>\n\t\t<div class=\"frm_radio\" id=\"frm_radio_192-1\">\t\t\t<label  for=\"field_8d5u9-1\">\n\t\t\t\t\t<input type=\"radio\" name=\"item_meta[192]\" id=\"field_8d5u9-1\" value=\"Nej \"\n\t\t data-reqmsg=\"Detta f\u00e4lt kan inte vara tomt.\" data-invmsg=\"Jag \u00e4r medlem i Ersboda 4H-klubb \u00e4r ogiltigt\"   \/> Nej <\/label><\/div>\n<\/div>\r\n    \r\n    \r\n<\/div>\n<div id=\"frm_field_190_container\" class=\"frm_form_field form-field  frm_required_field frm_top_container vertical_radio\">\r\n    <label  class=\"frm_primary_label\">Medgivande av lagring av personuppgifter\r\n        <span class=\"frm_required\">*<\/span>\r\n    <\/label>\r\n    <div class=\"frm_opt_container\">\t\t<div class=\"frm_radio\" id=\"frm_radio_190-0\">\t\t\t<label  for=\"field_z25vl-0\">\n\t\t\t\t\t<input type=\"radio\" name=\"item_meta[190]\" id=\"field_z25vl-0\" value=\"Ja \"\n\t\t data-reqmsg=\"Detta f\u00e4lt kan inte vara tomt.\" data-invmsg=\"Medgivande av lagring av personuppgifter \u00e4r ogiltigt\"   \/> Ja <\/label><\/div>\n<\/div>\r\n    <div id=\"frm_desc_field_z25vl\" class=\"frm_description\">Genom att anm\u00e4la i detta formul\u00e4r godk\u00e4nner jag att uppgifter lagras i max en m\u00e5nad efter bes\u00f6ket<\/div>\r\n    \r\n<\/div>\n<div id=\"frm_field_269_container\" class=\"frm_form_field form-field \">\n\t<div class=\"frm_submit\">\r\n\r\n<button class=\"frm_button_submit\" type=\"submit\"  >Skicka<\/button>\r\n\r\n<\/div>\n<\/div>\n\t<input type=\"hidden\" name=\"item_key\" value=\"\" \/>\n\t\t\t<div id=\"frm_field_295_container\">\n\t\t\t<label for=\"field_qcqq0\" >\n\t\t\t\tOm du \u00e4r m\u00e4nsklig, l\u00e4mna det h\u00e4r f\u00e4ltet tomt.\t\t\t<\/label>\n\t\t\t<input  id=\"field_qcqq0\" type=\"text\" class=\"frm_form_field form-field frm_verify\" name=\"item_meta[295]\" value=\"\"  \/>\n\t\t<\/div>\n\t\t<input name=\"frm_state\" type=\"hidden\" value=\"WX0J6AoD+yJMWGeKG7UX72aa9AT10Ef\/EGd6SuVokIc=\" \/><\/div>\n<\/fieldset>\n<\/div>\n\n<\/form>\n<\/div>\n[\/vc_column_text][\/vc_column][\/vc_row]<\/p>\n<\/div>","protected":false},"excerpt":{"rendered":"<p>[vc_row css=&#8221;.vc_custom_1652344354460{margin-right: -40px !important;margin-left: -40px !important;background-color: #007c3e !important;}&#8221;][vc_column width=&#8221;1\/4&#8243;][vc_single_image image=&#8221;734&#8243; img_size=&#8221;full&#8221; style=&#8221;vc_box_shadow_3d&#8221;][\/vc_column][vc_column width=&#8221;1\/2&#8243;][vc_column_text css=&#8221;.vc_custom_1668606638896{background-color: #ffffff !important;border-radius: 10px !important;}&#8221;] F\u00e5rtr\u00e4ff p\u00e5 4H! Ta med ditt barn eller barnbarn och boka en f\u00e5rtr\u00e4ff! Perfekt aktivitet f\u00f6r dig som \u00e4r f\u00f6r\u00e4ldraledig och vill komma ut i naturen och den lantliga milj\u00f6n p\u00e5 Ersboda 4H-g\u00e5rd. &nbsp; F\u00e5rtr\u00e4ffen \u00e4r p\u00e5&nbsp; <a href=\"https:\/\/www.4h.se\/ersboda\/fartraff\/\">&hellip; Read more <i class=\"glyphicon glyphicon-arrow-right\"><\/i><\/a><\/p>\n","protected":false},"author":168,"featured_media":0,"parent":0,"menu_order":0,"comment_status":"closed","ping_status":"closed","template":"","meta":{"_acf_changed":false,"footnotes":""},"class_list":["post-864","page","type-page","status-publish","hentry"],"acf":[],"yoast_head":"<!-- This site is optimized with the Yoast SEO plugin v27.5 - https:\/\/yoast.com\/product\/yoast-seo-wordpress\/ -->\n<title>F\u00e5rtr\u00e4ff - Ersboda 4H-g\u00e5rd<\/title>\n<meta name=\"robots\" content=\"index, follow, max-snippet:-1, max-image-preview:large, max-video-preview:-1\" \/>\n<link rel=\"canonical\" href=\"https:\/\/www.4h.se\/ersboda\/fartraff\/\" \/>\n<meta property=\"og:locale\" content=\"sv_SE\" \/>\n<meta property=\"og:type\" content=\"article\" \/>\n<meta property=\"og:title\" content=\"F\u00e5rtr\u00e4ff - Ersboda 4H-g\u00e5rd\" \/>\n<meta property=\"og:description\" content=\"[vc_row css=&#8221;.vc_custom_1652344354460{margin-right: -40px !important;margin-left: -40px !important;background-color: #007c3e !important;}&#8221;][vc_column width=&#8221;1\/4&#8243;][vc_single_image image=&#8221;734&#8243; img_size=&#8221;full&#8221; style=&#8221;vc_box_shadow_3d&#8221;][\/vc_column][vc_column width=&#8221;1\/2&#8243;][vc_column_text css=&#8221;.vc_custom_1668606638896{background-color: #ffffff !important;border-radius: 10px !important;}&#8221;] F\u00e5rtr\u00e4ff p\u00e5 4H! Ta med ditt barn eller barnbarn och boka en f\u00e5rtr\u00e4ff! Perfekt aktivitet f\u00f6r dig som \u00e4r f\u00f6r\u00e4ldraledig och vill komma ut i naturen och den lantliga milj\u00f6n p\u00e5 Ersboda 4H-g\u00e5rd. &nbsp; F\u00e5rtr\u00e4ffen \u00e4r p\u00e5&nbsp; &hellip; Read more\" \/>\n<meta property=\"og:url\" content=\"https:\/\/www.4h.se\/ersboda\/fartraff\/\" \/>\n<meta property=\"og:site_name\" content=\"Ersboda 4H-g\u00e5rd\" \/>\n<meta property=\"article:modified_time\" content=\"2022-11-16T13:50:57+00:00\" \/>\n<meta name=\"twitter:card\" content=\"summary_large_image\" \/>\n<meta name=\"twitter:label1\" content=\"Ber\u00e4knad l\u00e4stid\" \/>\n\t<meta name=\"twitter:data1\" content=\"1 minut\" \/>\n<script type=\"application\/ld+json\" class=\"yoast-schema-graph\">{\"@context\":\"https:\\\/\\\/schema.org\",\"@graph\":[{\"@type\":\"WebPage\",\"@id\":\"https:\\\/\\\/www.4h.se\\\/ersboda\\\/fartraff\\\/\",\"url\":\"https:\\\/\\\/www.4h.se\\\/ersboda\\\/fartraff\\\/\",\"name\":\"F\u00e5rtr\u00e4ff - Ersboda 4H-g\u00e5rd\",\"isPartOf\":{\"@id\":\"https:\\\/\\\/www.4h.se\\\/ersboda\\\/#website\"},\"datePublished\":\"2022-11-09T13:31:46+00:00\",\"dateModified\":\"2022-11-16T13:50:57+00:00\",\"breadcrumb\":{\"@id\":\"https:\\\/\\\/www.4h.se\\\/ersboda\\\/fartraff\\\/#breadcrumb\"},\"inLanguage\":\"sv-SE\",\"potentialAction\":[{\"@type\":\"ReadAction\",\"target\":[\"https:\\\/\\\/www.4h.se\\\/ersboda\\\/fartraff\\\/\"]}]},{\"@type\":\"BreadcrumbList\",\"@id\":\"https:\\\/\\\/www.4h.se\\\/ersboda\\\/fartraff\\\/#breadcrumb\",\"itemListElement\":[{\"@type\":\"ListItem\",\"position\":1,\"name\":\"Hem\",\"item\":\"https:\\\/\\\/www.4h.se\\\/ersboda\\\/\"},{\"@type\":\"ListItem\",\"position\":2,\"name\":\"F\u00e5rtr\u00e4ff\"}]},{\"@type\":\"WebSite\",\"@id\":\"https:\\\/\\\/www.4h.se\\\/ersboda\\\/#website\",\"url\":\"https:\\\/\\\/www.4h.se\\\/ersboda\\\/\",\"name\":\"Ersboda 4H-g\u00e5rd\",\"description\":\"\",\"potentialAction\":[{\"@type\":\"SearchAction\",\"target\":{\"@type\":\"EntryPoint\",\"urlTemplate\":\"https:\\\/\\\/www.4h.se\\\/ersboda\\\/?s={search_term_string}\"},\"query-input\":{\"@type\":\"PropertyValueSpecification\",\"valueRequired\":true,\"valueName\":\"search_term_string\"}}],\"inLanguage\":\"sv-SE\"}]}<\/script>\n<!-- \/ Yoast SEO plugin. -->","yoast_head_json":{"title":"F\u00e5rtr\u00e4ff - Ersboda 4H-g\u00e5rd","robots":{"index":"index","follow":"follow","max-snippet":"max-snippet:-1","max-image-preview":"max-image-preview:large","max-video-preview":"max-video-preview:-1"},"canonical":"https:\/\/www.4h.se\/ersboda\/fartraff\/","og_locale":"sv_SE","og_type":"article","og_title":"F\u00e5rtr\u00e4ff - Ersboda 4H-g\u00e5rd","og_description":"[vc_row css=&#8221;.vc_custom_1652344354460{margin-right: -40px !important;margin-left: -40px !important;background-color: #007c3e !important;}&#8221;][vc_column width=&#8221;1\/4&#8243;][vc_single_image image=&#8221;734&#8243; img_size=&#8221;full&#8221; style=&#8221;vc_box_shadow_3d&#8221;][\/vc_column][vc_column width=&#8221;1\/2&#8243;][vc_column_text css=&#8221;.vc_custom_1668606638896{background-color: #ffffff !important;border-radius: 10px !important;}&#8221;] F\u00e5rtr\u00e4ff p\u00e5 4H! Ta med ditt barn eller barnbarn och boka en f\u00e5rtr\u00e4ff! Perfekt aktivitet f\u00f6r dig som \u00e4r f\u00f6r\u00e4ldraledig och vill komma ut i naturen och den lantliga milj\u00f6n p\u00e5 Ersboda 4H-g\u00e5rd. &nbsp; F\u00e5rtr\u00e4ffen \u00e4r p\u00e5&nbsp; &hellip; Read more","og_url":"https:\/\/www.4h.se\/ersboda\/fartraff\/","og_site_name":"Ersboda 4H-g\u00e5rd","article_modified_time":"2022-11-16T13:50:57+00:00","twitter_card":"summary_large_image","twitter_misc":{"Ber\u00e4knad l\u00e4stid":"1 minut"},"schema":{"@context":"https:\/\/schema.org","@graph":[{"@type":"WebPage","@id":"https:\/\/www.4h.se\/ersboda\/fartraff\/","url":"https:\/\/www.4h.se\/ersboda\/fartraff\/","name":"F\u00e5rtr\u00e4ff - Ersboda 4H-g\u00e5rd","isPartOf":{"@id":"https:\/\/www.4h.se\/ersboda\/#website"},"datePublished":"2022-11-09T13:31:46+00:00","dateModified":"2022-11-16T13:50:57+00:00","breadcrumb":{"@id":"https:\/\/www.4h.se\/ersboda\/fartraff\/#breadcrumb"},"inLanguage":"sv-SE","potentialAction":[{"@type":"ReadAction","target":["https:\/\/www.4h.se\/ersboda\/fartraff\/"]}]},{"@type":"BreadcrumbList","@id":"https:\/\/www.4h.se\/ersboda\/fartraff\/#breadcrumb","itemListElement":[{"@type":"ListItem","position":1,"name":"Hem","item":"https:\/\/www.4h.se\/ersboda\/"},{"@type":"ListItem","position":2,"name":"F\u00e5rtr\u00e4ff"}]},{"@type":"WebSite","@id":"https:\/\/www.4h.se\/ersboda\/#website","url":"https:\/\/www.4h.se\/ersboda\/","name":"Ersboda 4H-g\u00e5rd","description":"","potentialAction":[{"@type":"SearchAction","target":{"@type":"EntryPoint","urlTemplate":"https:\/\/www.4h.se\/ersboda\/?s={search_term_string}"},"query-input":{"@type":"PropertyValueSpecification","valueRequired":true,"valueName":"search_term_string"}}],"inLanguage":"sv-SE"}]}},"_links":{"self":[{"href":"https:\/\/www.4h.se\/ersboda\/wp-json\/wp\/v2\/pages\/864","targetHints":{"allow":["GET"]}}],"collection":[{"href":"https:\/\/www.4h.se\/ersboda\/wp-json\/wp\/v2\/pages"}],"about":[{"href":"https:\/\/www.4h.se\/ersboda\/wp-json\/wp\/v2\/types\/page"}],"author":[{"embeddable":true,"href":"https:\/\/www.4h.se\/ersboda\/wp-json\/wp\/v2\/users\/168"}],"replies":[{"embeddable":true,"href":"https:\/\/www.4h.se\/ersboda\/wp-json\/wp\/v2\/comments?post=864"}],"version-history":[{"count":0,"href":"https:\/\/www.4h.se\/ersboda\/wp-json\/wp\/v2\/pages\/864\/revisions"}],"wp:attachment":[{"href":"https:\/\/www.4h.se\/ersboda\/wp-json\/wp\/v2\/media?parent=864"}],"curies":[{"name":"wp","href":"https:\/\/api.w.org\/{rel}","templated":true}]}}