



{"id":719,"date":"2021-10-19T11:10:14","date_gmt":"2021-10-19T09:10:14","guid":{"rendered":"https:\/\/www.4h.se\/ersboda\/?page_id=719"},"modified":"2025-12-15T18:53:20","modified_gmt":"2025-12-15T17:53:20","slug":"lovaktiviteter","status":"publish","type":"page","link":"https:\/\/www.4h.se\/ersboda\/lovaktiviteter\/","title":{"rendered":"Lovaktiviteter"},"content":{"rendered":"<div class=\"wpb-content-wrapper\"><p>[vc_row full_width=&#8221;stretch_row&#8221; css=&#8221;.vc_custom_1654169326591{margin-right: 0px !important;margin-left: 0px !important;background-color: #007c3e !important;}&#8221;][vc_column][vc_column_text css=&#8221;.vc_custom_1765821177038{padding-top: 20px !important;padding-bottom: 20px !important;padding-left: 20px !important;background-color: #ffffff !important;border-radius: 15px !important;}&#8221;]<\/p>\n<h1>Jullovsaktiviteter f\u00f6r barn mellan 8-16 \u00e5r, 2025 p\u00e5 Ersboda<\/h1>\n<p>&nbsp;<\/p>\n<h3><\/h3>\n<h4><strong>Gratis aktiviteter f\u00f6r dig mellan 8-16\u00e5r<\/strong><\/h4>\n<p>Vi vet att loven kan vara en utmaning f\u00f6r m\u00e5nga barn, och s\u00e4rskilt jullovet som ofta beskrivs som en \u201dmysig\u201d tid men inte k\u00e4nns s\u00e5 f\u00f6r alla.<\/p>\n<p>D\u00e4rf\u00f6r k\u00e4nns det extra v\u00e4rdefullt att tillsammans kunna skapa fler&nbsp;<b>gratis och v\u00e4lkomnande aktiviteter<\/b>&nbsp;som ger barn n\u00e5got roligt att se fram emot \u2013 och n\u00e5got att ber\u00e4tta om n\u00e4r lovet \u00e4r slut.<\/p>\n<p>&nbsp;<\/p>\n<h4><strong>27 och 28 december, Stall &amp; djursk\u00f6tsel<\/strong><\/h4>\n<p>\u00c4r du intresserad av och vill testa p\u00e5 v\u00e5r verksamhet? Kom och hj\u00e4lp oss att st\u00e4nga stallet p\u00e5 eftermiddagen p\u00e5 l\u00f6rdagen eller \u00f6ppna stallet p\u00e5 s\u00f6ndag morgon. Hj\u00e4lp oss att ta in f\u00e5r och getter inf\u00f6r kv\u00e4llen samt st\u00e4nga hos h\u00f6nsen och grisarna. Ni f\u00e5r ocks\u00e5 hj\u00e4lpa till med de sista stallfixet innan vi st\u00e4nger f\u00f6r kv\u00e4llen eller g\u00f6ra i ordning djurens luncher. Sj\u00e4lvklart finns \u00e4ven lite tid till att gosa med f\u00e5r, grisar, getter och kaniner.<\/p>\n<p><strong>V\u00e4lj mellan:<\/strong>&nbsp;<a href=\"https:\/\/www.antribe.com\/org\/4h\/ersboda-4h\/event\/prova-pa-4h-8-16-ar-ersboda-4h-julen-2025\" target=\"_blank\" rel=\"noopener\">Till anm\u00e4lan<\/a><\/p>\n<h4>L\u00f6rdag 27 december, st\u00e4ngning av stallet kl.15.00-16.30<\/h4>\n<h4>s\u00f6ndag 28 december, \u00f6ppna stallet kl.8.00-10.00<\/h4>\n<p>&nbsp;<\/p>\n<h4><strong>29 december pyssel<\/strong><\/h4>\n<p>Kom och ny\u00e5rspyssla hos oss p\u00e5 Ersboda!<\/p>\n<p>Vi g\u00f6r fina sm\u00e4llkarameller med ny\u00e5rsh\u00e4lsningar eller l\u00f6ften inf\u00f6r kommande \u00e5ret, vi skapar fina ny\u00e5rsdekorationer till ny\u00e5rsbordet.<\/p>\n<p><strong>Anm\u00e4lan 8-16 \u00e5r:<\/strong>&nbsp;<a href=\"https:\/\/www.antribe.com\/org\/4h\/ersboda-4h\/event\/prova-pa-4h-8-16-ar-ersboda-4h-nyar-2025-1\" target=\"_blank\" rel=\"noopener\">Till anm\u00e4lan<\/a><\/p>\n<h4><strong>30 december bakning<\/strong><\/h4>\n<p>Kom och baka n\u00e5got gott inf\u00f6r ny\u00e5r hos oss p\u00e5 Ersboda!<\/p>\n<p>Vi g\u00f6r fina cupcakes och ny\u00e5rsgodis till ny\u00e5rsafton<\/p>\n<p><strong>Anm\u00e4lan 8-16 \u00e5r:<\/strong>&nbsp;<a href=\"https:\/\/www.antribe.com\/org\/4h\/ersboda-4h\/event\/prova-pa-4h-8-16-ar-ersboda-4h-nyar-2025\" target=\"_blank\" rel=\"noopener\">Till anm\u00e4lan<\/a><\/p>\n<div class=\"x_elementToProof\">\n<p>&nbsp;<\/p>\n<p><strong>*Gratis aktivitet<\/strong> med begr\u00e4nsat antal platser och f\u00f6ranm\u00e4lan kr\u00e4vs.<\/p>\n<p><strong>Notera:&nbsp;<\/strong><br \/>\nOm ni bokat en plats men av n\u00e5gon anledning inte kan delta, v\u00e4nligen avboka platsen s\u00e5 att ett annat barn kan f\u00e5 chansen att komma ist\u00e4llet.<\/p>\n<\/div>\n<p>[\/vc_column_text][vc_row_inner][vc_column_inner width=&#8221;1\/2&#8243; css=&#8221;.vc_custom_1688384397940{margin-top: 20px !important;padding-top: 20px !important;padding-bottom: 20px !important;padding-left: 20px !important;}&#8221;][\/vc_column_inner][\/vc_row_inner][vc_row_inner][vc_column_inner width=&#8221;1\/3&#8243;][vc_single_image image=&#8221;885&#8243; img_size=&#8221;250&#215;250&#8243; alignment=&#8221;center&#8221; style=&#8221;vc_box_shadow_3d&#8221;][\/vc_column_inner][vc_column_inner width=&#8221;1\/3&#8243;][vc_single_image image=&#8221;800&#8243; img_size=&#8221;250&#215;250&#8243; alignment=&#8221;center&#8221; style=&#8221;vc_box_shadow_3d&#8221;][\/vc_column_inner][vc_column_inner width=&#8221;1\/3&#8243;][vc_single_image image=&#8221;877&#8243; img_size=&#8221;250&#215;250&#8243; alignment=&#8221;center&#8221; style=&#8221;vc_box_shadow_3d&#8221;][\/vc_column_inner][\/vc_row_inner][\/vc_column][\/vc_row]<\/p>\n<\/div>","protected":false},"excerpt":{"rendered":"<p>[vc_row full_width=&#8221;stretch_row&#8221; css=&#8221;.vc_custom_1654169326591{margin-right: 0px !important;margin-left: 0px !important;background-color: #007c3e !important;}&#8221;][vc_column][vc_column_text css=&#8221;.vc_custom_1765821177038{padding-top: 20px !important;padding-bottom: 20px !important;padding-left: 20px !important;background-color: #ffffff !important;border-radius: 15px !important;}&#8221;] Jullovsaktiviteter f\u00f6r barn mellan 8-16 \u00e5r, 2025 p\u00e5 Ersboda &nbsp; Gratis aktiviteter f\u00f6r dig mellan 8-16\u00e5r Vi vet att loven kan vara en utmaning f\u00f6r m\u00e5nga barn, och s\u00e4rskilt jullovet som ofta beskrivs som en&nbsp; <a href=\"https:\/\/www.4h.se\/ersboda\/lovaktiviteter\/\">&hellip; Read more <i class=\"glyphicon glyphicon-arrow-right\"><\/i><\/a><\/p>\n","protected":false},"author":168,"featured_media":0,"parent":0,"menu_order":0,"comment_status":"closed","ping_status":"closed","template":"","meta":{"footnotes":""},"class_list":["post-719","page","type-page","status-publish","hentry"],"yoast_head":"<!-- This site is optimized with the Yoast SEO plugin v27.4 - https:\/\/yoast.com\/product\/yoast-seo-wordpress\/ -->\n<title>Lovaktiviteter - Ersboda 4H-g\u00e5rd<\/title>\n<meta name=\"robots\" content=\"index, follow, max-snippet:-1, max-image-preview:large, max-video-preview:-1\" \/>\n<link rel=\"canonical\" href=\"https:\/\/www.4h.se\/ersboda\/lovaktiviteter\/\" \/>\n<meta property=\"og:locale\" content=\"sv_SE\" \/>\n<meta property=\"og:type\" content=\"article\" \/>\n<meta property=\"og:title\" content=\"Lovaktiviteter - Ersboda 4H-g\u00e5rd\" \/>\n<meta property=\"og:description\" content=\"[vc_row full_width=&#8221;stretch_row&#8221; css=&#8221;.vc_custom_1654169326591{margin-right: 0px !important;margin-left: 0px !important;background-color: #007c3e !important;}&#8221;][vc_column][vc_column_text css=&#8221;.vc_custom_1765821177038{padding-top: 20px !important;padding-bottom: 20px !important;padding-left: 20px !important;background-color: #ffffff !important;border-radius: 15px !important;}&#8221;] Jullovsaktiviteter f\u00f6r barn mellan 8-16 \u00e5r, 2025 p\u00e5 Ersboda &nbsp; Gratis aktiviteter f\u00f6r dig mellan 8-16\u00e5r Vi vet att loven kan vara en utmaning f\u00f6r m\u00e5nga barn, och s\u00e4rskilt jullovet som ofta beskrivs som en&nbsp; &hellip; Read more\" \/>\n<meta property=\"og:url\" content=\"https:\/\/www.4h.se\/ersboda\/lovaktiviteter\/\" \/>\n<meta property=\"og:site_name\" content=\"Ersboda 4H-g\u00e5rd\" \/>\n<meta property=\"article:modified_time\" content=\"2025-12-15T17:53:20+00:00\" \/>\n<meta name=\"twitter:card\" content=\"summary_large_image\" \/>\n<meta name=\"twitter:label1\" content=\"Ber\u00e4knad l\u00e4stid\" \/>\n\t<meta name=\"twitter:data1\" content=\"2 minuter\" \/>\n<script type=\"application\/ld+json\" class=\"yoast-schema-graph\">{\"@context\":\"https:\\\/\\\/schema.org\",\"@graph\":[{\"@type\":\"WebPage\",\"@id\":\"https:\\\/\\\/www.4h.se\\\/ersboda\\\/lovaktiviteter\\\/\",\"url\":\"https:\\\/\\\/www.4h.se\\\/ersboda\\\/lovaktiviteter\\\/\",\"name\":\"Lovaktiviteter - Ersboda 4H-g\u00e5rd\",\"isPartOf\":{\"@id\":\"https:\\\/\\\/www.4h.se\\\/ersboda\\\/#website\"},\"datePublished\":\"2021-10-19T09:10:14+00:00\",\"dateModified\":\"2025-12-15T17:53:20+00:00\",\"breadcrumb\":{\"@id\":\"https:\\\/\\\/www.4h.se\\\/ersboda\\\/lovaktiviteter\\\/#breadcrumb\"},\"inLanguage\":\"sv-SE\",\"potentialAction\":[{\"@type\":\"ReadAction\",\"target\":[\"https:\\\/\\\/www.4h.se\\\/ersboda\\\/lovaktiviteter\\\/\"]}]},{\"@type\":\"BreadcrumbList\",\"@id\":\"https:\\\/\\\/www.4h.se\\\/ersboda\\\/lovaktiviteter\\\/#breadcrumb\",\"itemListElement\":[{\"@type\":\"ListItem\",\"position\":1,\"name\":\"Hem\",\"item\":\"https:\\\/\\\/www.4h.se\\\/ersboda\\\/\"},{\"@type\":\"ListItem\",\"position\":2,\"name\":\"Lovaktiviteter\"}]},{\"@type\":\"WebSite\",\"@id\":\"https:\\\/\\\/www.4h.se\\\/ersboda\\\/#website\",\"url\":\"https:\\\/\\\/www.4h.se\\\/ersboda\\\/\",\"name\":\"Ersboda 4H-g\u00e5rd\",\"description\":\"\",\"potentialAction\":[{\"@type\":\"SearchAction\",\"target\":{\"@type\":\"EntryPoint\",\"urlTemplate\":\"https:\\\/\\\/www.4h.se\\\/ersboda\\\/?s={search_term_string}\"},\"query-input\":{\"@type\":\"PropertyValueSpecification\",\"valueRequired\":true,\"valueName\":\"search_term_string\"}}],\"inLanguage\":\"sv-SE\"}]}<\/script>\n<!-- \/ Yoast SEO plugin. -->","yoast_head_json":{"title":"Lovaktiviteter - Ersboda 4H-g\u00e5rd","robots":{"index":"index","follow":"follow","max-snippet":"max-snippet:-1","max-image-preview":"max-image-preview:large","max-video-preview":"max-video-preview:-1"},"canonical":"https:\/\/www.4h.se\/ersboda\/lovaktiviteter\/","og_locale":"sv_SE","og_type":"article","og_title":"Lovaktiviteter - Ersboda 4H-g\u00e5rd","og_description":"[vc_row full_width=&#8221;stretch_row&#8221; css=&#8221;.vc_custom_1654169326591{margin-right: 0px !important;margin-left: 0px !important;background-color: #007c3e !important;}&#8221;][vc_column][vc_column_text css=&#8221;.vc_custom_1765821177038{padding-top: 20px !important;padding-bottom: 20px !important;padding-left: 20px !important;background-color: #ffffff !important;border-radius: 15px !important;}&#8221;] Jullovsaktiviteter f\u00f6r barn mellan 8-16 \u00e5r, 2025 p\u00e5 Ersboda &nbsp; Gratis aktiviteter f\u00f6r dig mellan 8-16\u00e5r Vi vet att loven kan vara en utmaning f\u00f6r m\u00e5nga barn, och s\u00e4rskilt jullovet som ofta beskrivs som en&nbsp; &hellip; Read more","og_url":"https:\/\/www.4h.se\/ersboda\/lovaktiviteter\/","og_site_name":"Ersboda 4H-g\u00e5rd","article_modified_time":"2025-12-15T17:53:20+00:00","twitter_card":"summary_large_image","twitter_misc":{"Ber\u00e4knad l\u00e4stid":"2 minuter"},"schema":{"@context":"https:\/\/schema.org","@graph":[{"@type":"WebPage","@id":"https:\/\/www.4h.se\/ersboda\/lovaktiviteter\/","url":"https:\/\/www.4h.se\/ersboda\/lovaktiviteter\/","name":"Lovaktiviteter - Ersboda 4H-g\u00e5rd","isPartOf":{"@id":"https:\/\/www.4h.se\/ersboda\/#website"},"datePublished":"2021-10-19T09:10:14+00:00","dateModified":"2025-12-15T17:53:20+00:00","breadcrumb":{"@id":"https:\/\/www.4h.se\/ersboda\/lovaktiviteter\/#breadcrumb"},"inLanguage":"sv-SE","potentialAction":[{"@type":"ReadAction","target":["https:\/\/www.4h.se\/ersboda\/lovaktiviteter\/"]}]},{"@type":"BreadcrumbList","@id":"https:\/\/www.4h.se\/ersboda\/lovaktiviteter\/#breadcrumb","itemListElement":[{"@type":"ListItem","position":1,"name":"Hem","item":"https:\/\/www.4h.se\/ersboda\/"},{"@type":"ListItem","position":2,"name":"Lovaktiviteter"}]},{"@type":"WebSite","@id":"https:\/\/www.4h.se\/ersboda\/#website","url":"https:\/\/www.4h.se\/ersboda\/","name":"Ersboda 4H-g\u00e5rd","description":"","potentialAction":[{"@type":"SearchAction","target":{"@type":"EntryPoint","urlTemplate":"https:\/\/www.4h.se\/ersboda\/?s={search_term_string}"},"query-input":{"@type":"PropertyValueSpecification","valueRequired":true,"valueName":"search_term_string"}}],"inLanguage":"sv-SE"}]}},"_links":{"self":[{"href":"https:\/\/www.4h.se\/ersboda\/wp-json\/wp\/v2\/pages\/719","targetHints":{"allow":["GET"]}}],"collection":[{"href":"https:\/\/www.4h.se\/ersboda\/wp-json\/wp\/v2\/pages"}],"about":[{"href":"https:\/\/www.4h.se\/ersboda\/wp-json\/wp\/v2\/types\/page"}],"author":[{"embeddable":true,"href":"https:\/\/www.4h.se\/ersboda\/wp-json\/wp\/v2\/users\/168"}],"replies":[{"embeddable":true,"href":"https:\/\/www.4h.se\/ersboda\/wp-json\/wp\/v2\/comments?post=719"}],"version-history":[{"count":0,"href":"https:\/\/www.4h.se\/ersboda\/wp-json\/wp\/v2\/pages\/719\/revisions"}],"wp:attachment":[{"href":"https:\/\/www.4h.se\/ersboda\/wp-json\/wp\/v2\/media?parent=719"}],"curies":[{"name":"wp","href":"https:\/\/api.w.org\/{rel}","templated":true}]}}