



{"id":598,"date":"2020-03-26T06:13:11","date_gmt":"2020-03-26T05:13:11","guid":{"rendered":"https:\/\/www.4h.se\/ersboda\/?page_id=598"},"modified":"2023-07-03T13:42:53","modified_gmt":"2023-07-03T11:42:53","slug":"lokal","status":"publish","type":"page","link":"https:\/\/www.4h.se\/ersboda\/lokal\/","title":{"rendered":"Hyra lokal\/konferens"},"content":{"rendered":"<div class=\"wpb-content-wrapper\"><p>[vc_row full_width=&#8221;stretch_row&#8221; css=&#8221;.vc_custom_1688360456206{background-color: #008b45 !important;}&#8221;][vc_column width=&#8221;1\/2&#8243; css=&#8221;.vc_custom_1688384560443{margin-top: 20px !important;padding-top: 20px !important;padding-right: 20px !important;padding-bottom: 20px !important;padding-left: 20px !important;}&#8221;][vc_column_text css=&#8221;.vc_custom_1688360514926{margin-top: 20px !important;padding-top: 20px !important;padding-right: 20px !important;padding-bottom: 20px !important;padding-left: 20px !important;background-color: #ffffff !important;border-radius: 15px !important;}&#8221;]<\/p>\n<h3>Vill du hyra v\u00e5r fina lokal f\u00f6r kalas eller m\u00f6te? L\u00e4s mer h\u00e4r!<\/h3>\n<p>&nbsp;<\/p>\n<p>Vi hyr ut v\u00e5r kalaslokal alla helger samt storhelger. H\u00e4r kan du ha kalas, sl\u00e4kttr\u00e4ff, \u00e5rsm\u00f6te, f\u00f6reningtr\u00e4ffar, spelkv\u00e4llar och mer! Bokning sker via formul\u00e4ret h\u00e4r bredvid.<\/p>\n<p>&nbsp;<\/p>\n<p><strong>Lokalhyra \u00e4r 900 kr f\u00f6r 3 timmar.<\/strong><\/p>\n<p><strong>V\u00e4lj mellan tider: 9.30-12.30, 13.30-16.30 samt 17-20.<\/strong><\/p>\n<p>&nbsp;<\/p>\n<p>Nyckelupph\u00e4mtning sker under fredagen\u00a0och l\u00e4mning sker efterf\u00f6ljande vardag p\u00e5 g\u00e5rden.<\/p>\n<p>&nbsp;<\/p>\n<p><strong>Om lokalen:<\/strong><\/p>\n<p>I lokalen finns bord och sittplats f\u00f6r ca 15 personer. Kyl samt enkelt k\u00f6k finns.<\/p>\n<p>Ni st\u00e4dar sj\u00e4lva efter kalaset, information om st\u00e4dning f\u00e5s vid bokning.<\/p>\n<p>&nbsp;<\/p>\n<p><em>Var v\u00e4nlig observera att 4H \u00e4r en alkoholfri barn och ungdomsf\u00f6rening, inga alkoholhaltiga drycker f\u00e5r f\u00f6rekomma p\u00e5 omr\u00e5det eller i v\u00e5ra lokaler.<\/em>[\/vc_column_text][\/vc_column][vc_column width=&#8221;1\/2&#8243; css=&#8221;.vc_custom_1688384570300{margin-top: 20px !important;padding-top: 20px !important;padding-right: 20px !important;padding-bottom: 20px !important;padding-left: 20px !important;}&#8221;][vc_column_text css=&#8221;.vc_custom_1688360553616{margin-top: 20px !important;margin-left: 20px !important;padding-top: 20px !important;padding-right: 20px !important;padding-bottom: 20px !important;padding-left: 20px !important;background-color: #ffffff !important;border-radius: 15px !important;}&#8221;]<div class=\"frm_forms  with_frm_style frm_style_formidable-style\" id=\"frm_form_16_container\" >\n<form enctype=\"multipart\/form-data\" method=\"post\" class=\"frm-show-form \" id=\"form_u0l6b\" >\n<div class=\"frm_form_fields \">\n<fieldset>\n<legend class=\"frm_hidden\">Bokning av lokal<\/legend>\r\n\r\n<div class=\"frm_fields_container\">\n<input type=\"hidden\" name=\"frm_action\" value=\"create\" \/>\n<input type=\"hidden\" name=\"form_id\" value=\"16\" \/>\n<input type=\"hidden\" name=\"frm_hide_fields_16\" id=\"frm_hide_fields_16\" value=\"\" \/>\n<input type=\"hidden\" name=\"form_key\" value=\"u0l6b\" \/>\n<input type=\"hidden\" name=\"item_meta[0]\" value=\"\" \/>\n<input type=\"hidden\" id=\"frm_submit_entry_16\" name=\"frm_submit_entry_16\" value=\"3298b75b45\" \/><input type=\"hidden\" name=\"_wp_http_referer\" value=\"\/ersboda\/wp-json\/wp\/v2\/pages\/598\" \/><div id=\"frm_field_121_container\" class=\"frm_form_field form-field  frm_required_field frm_top_container\">\r\n    <label for=\"field_55a13\" class=\"frm_primary_label\">Namn p\u00e5 dig som bokar\r\n        <span class=\"frm_required\">*<\/span>\r\n    <\/label>\r\n    <input type=\"text\" id=\"field_55a13\" name=\"item_meta[121]\" value=\"\"  data-reqmsg=\"Detta f\u00e4lt kan inte vara tomt.\" aria-required=\"true\" data-invmsg=\"Namn p\u00e5 dig som bokar \u00e4r ogiltigt\" aria-invalid=\"false\"  \/>\r\n    \r\n    \r\n<\/div>\n<div id=\"frm_field_122_container\" class=\"frm_form_field form-field  frm_required_field frm_top_container\">\r\n    <label for=\"field_9eh3j\" class=\"frm_primary_label\">E-postadress till dig som bokar\r\n        <span class=\"frm_required\">*<\/span>\r\n    <\/label>\r\n    <input type=\"email\" id=\"field_9eh3j\" name=\"item_meta[122]\" value=\"\"  data-reqmsg=\"Detta f\u00e4lt kan inte vara tomt.\" aria-required=\"true\" data-invmsg=\"E-postadress till dig som bokar \u00e4r ogiltigt\" aria-invalid=\"false\"  \/>\r\n    \r\n    \r\n<\/div>\n<div id=\"frm_field_128_container\" class=\"frm_form_field form-field  frm_required_field frm_top_container\">\n    <label for=\"field_ks138\" class=\"frm_primary_label\">Telefonnummer till dig som bokar\n        <span class=\"frm_required\">*<\/span>\n    <\/label>\n    <input type=\"text\" id=\"field_ks138\" name=\"item_meta[128]\" value=\"\"  data-reqmsg=\"Telefonnummer till dig som bokar kan inte vara tom.\" aria-required=\"true\" data-invmsg=\"Telefonnummer till dig som bokar \u00e4r ogiltigt\" aria-invalid=\"false\"  \/>\n    \n    \n<\/div>\n<div id=\"frm_field_123_container\" class=\"frm_form_field form-field  frm_required_field frm_top_container\">\r\n    <label for=\"field_y7afr\" class=\"frm_primary_label\">\u00d6nskem\u00e5l p\u00e5 datum\r\n        <span class=\"frm_required\">*<\/span>\r\n    <\/label>\r\n    <textarea name=\"item_meta[123]\" id=\"field_y7afr\" rows=\"5\"  data-reqmsg=\"Detta f\u00e4lt kan inte vara tomt.\" aria-required=\"true\" data-invmsg=\"\u00d6nskem\u00e5l p\u00e5 datum \u00e4r ogiltigt\" aria-invalid=\"false\"   aria-describedby=\"frm_desc_field_y7afr\"><\/textarea>\r\n    <div id=\"frm_desc_field_y7afr\" class=\"frm_description\">Skriv g\u00e4rna med flera alternativ s\u00e5 \u00e5terkommer vi om n\u00e4r vi har ledigt.<\/div>\r\n    \r\n<\/div>\n<div id=\"frm_field_124_container\" class=\"frm_form_field form-field  frm_required_field frm_top_container\">\r\n    <label for=\"field_es6yj\" class=\"frm_primary_label\">Uppskattat antal delagare\r\n        <span class=\"frm_required\">*<\/span>\r\n    <\/label>\r\n    <input type=\"text\" id=\"field_es6yj\" name=\"item_meta[124]\" value=\"\"  data-reqmsg=\"Detta f\u00e4lt kan inte vara tomt.\" aria-required=\"true\" data-invmsg=\"Uppskattat antal delagare \u00e4r ogiltigt\" aria-invalid=\"false\"  \/>\r\n    \r\n    \r\n<\/div>\n<div id=\"frm_field_125_container\" class=\"frm_form_field form-field  frm_required_field frm_top_container\">\r\n    <label for=\"field_jyd8k\" class=\"frm_primary_label\">Anledning till bokningen\r\n        <span class=\"frm_required\">*<\/span>\r\n    <\/label>\r\n    <input type=\"text\" id=\"field_jyd8k\" name=\"item_meta[125]\" value=\"\"  data-reqmsg=\"Detta f\u00e4lt kan inte vara tomt.\" aria-required=\"true\" data-invmsg=\"Anledning till bokningen \u00e4r ogiltigt\" aria-invalid=\"false\"   aria-describedby=\"frm_desc_field_jyd8k\"\/>\r\n    <div id=\"frm_desc_field_jyd8k\" class=\"frm_description\">Ex. f\u00f6delsedagskalas, studentfirande, sl\u00e4kttr\u00e4ff, f\u00f6reningsm\u00f6te mm.<\/div>\r\n    \r\n<\/div>\n<div id=\"frm_field_127_container\" class=\"frm_form_field form-field  frm_required_field frm_top_container vertical_radio\">\r\n    <label  class=\"frm_primary_label\">Medgivande lagring av personuppgifter\r\n        <span class=\"frm_required\">*<\/span>\r\n    <\/label>\r\n    <div class=\"frm_opt_container\">\t\t<div class=\"frm_checkbox\" id=\"frm_checkbox_127-0\">\t\t\t<label  for=\"field_ww3oj-0\">\n\t\t\t<input type=\"checkbox\" name=\"item_meta[127][]\" id=\"field_ww3oj-0\" value=\"Godk\u00e4nner\"  data-reqmsg=\"Detta f\u00e4lt kan inte vara tomt.\" data-invmsg=\"Medgivande lagring av personuppgifter \u00e4r ogiltigt\"   aria-required=\"true\"  \/> Godk\u00e4nner<\/label><\/div>\n<\/div>\r\n    <div id=\"frm_desc_field_ww3oj\" class=\"frm_description\">Genom att anm\u00e4la oss i detta formul\u00e4r s\u00e5 ger jag mitt medgivande till att mina personuppgifter lagras till max en m\u00e5nad efter genomf\u00f6rd lokalhyra.<\/div>\r\n    \r\n<\/div>\n\t<input type=\"hidden\" name=\"item_key\" value=\"\" \/>\n\t\t\t<div id=\"frm_field_295_container\">\n\t\t\t<label for=\"field_ph3p2\" >\n\t\t\t\tOm du \u00e4r m\u00e4nsklig, l\u00e4mna det h\u00e4r f\u00e4ltet tomt.\t\t\t<\/label>\n\t\t\t<input  id=\"field_ph3p2\" type=\"text\" class=\"frm_form_field form-field frm_verify\" name=\"item_meta[295]\" value=\"\"  \/>\n\t\t<\/div>\n\t\t<input name=\"frm_state\" type=\"hidden\" value=\"riMn9ehlcImqlMQYT0GRBX9FwVuRgfuUay+u+32QoOE=\" \/><div class=\"frm_submit\">\r\n\r\n<button class=\"frm_button_submit\" type=\"submit\"  >Skicka<\/button>\r\n\r\n<\/div><\/div>\n<\/fieldset>\n<\/div>\n\n<\/form>\n<\/div>\n[\/vc_column_text][\/vc_column][\/vc_row]<\/p>\n<\/div>","protected":false},"excerpt":{"rendered":"<p>[vc_row full_width=&#8221;stretch_row&#8221; css=&#8221;.vc_custom_1688360456206{background-color: #008b45 !important;}&#8221;][vc_column width=&#8221;1\/2&#8243; css=&#8221;.vc_custom_1688384560443{margin-top: 20px !important;padding-top: 20px !important;padding-right: 20px !important;padding-bottom: 20px !important;padding-left: 20px !important;}&#8221;][vc_column_text css=&#8221;.vc_custom_1688360514926{margin-top: 20px !important;padding-top: 20px !important;padding-right: 20px !important;padding-bottom: 20px !important;padding-left: 20px !important;background-color: #ffffff !important;border-radius: 15px !important;}&#8221;] Vill du hyra v\u00e5r fina lokal f\u00f6r kalas eller m\u00f6te? L\u00e4s mer h\u00e4r! &nbsp; Vi hyr ut v\u00e5r kalaslokal alla helger samt storhelger.&nbsp; <a href=\"https:\/\/www.4h.se\/ersboda\/lokal\/\">&hellip; Read more <i class=\"glyphicon glyphicon-arrow-right\"><\/i><\/a><\/p>\n","protected":false},"author":168,"featured_media":0,"parent":0,"menu_order":0,"comment_status":"closed","ping_status":"closed","template":"","meta":{"footnotes":""},"class_list":["post-598","page","type-page","status-publish","hentry"],"yoast_head":"<!-- This site is optimized with the Yoast SEO plugin v27.4 - https:\/\/yoast.com\/product\/yoast-seo-wordpress\/ -->\n<title>Hyra lokal\/konferens - Ersboda 4H-g\u00e5rd<\/title>\n<meta name=\"robots\" content=\"index, follow, max-snippet:-1, max-image-preview:large, max-video-preview:-1\" \/>\n<link rel=\"canonical\" href=\"https:\/\/www.4h.se\/ersboda\/lokal\/\" \/>\n<meta property=\"og:locale\" content=\"sv_SE\" \/>\n<meta property=\"og:type\" content=\"article\" \/>\n<meta property=\"og:title\" content=\"Hyra lokal\/konferens - Ersboda 4H-g\u00e5rd\" \/>\n<meta property=\"og:description\" content=\"[vc_row full_width=&#8221;stretch_row&#8221; css=&#8221;.vc_custom_1688360456206{background-color: #008b45 !important;}&#8221;][vc_column width=&#8221;1\/2&#8243; css=&#8221;.vc_custom_1688384560443{margin-top: 20px !important;padding-top: 20px !important;padding-right: 20px !important;padding-bottom: 20px !important;padding-left: 20px !important;}&#8221;][vc_column_text css=&#8221;.vc_custom_1688360514926{margin-top: 20px !important;padding-top: 20px !important;padding-right: 20px !important;padding-bottom: 20px !important;padding-left: 20px !important;background-color: #ffffff !important;border-radius: 15px !important;}&#8221;] Vill du hyra v\u00e5r fina lokal f\u00f6r kalas eller m\u00f6te? L\u00e4s mer h\u00e4r! &nbsp; Vi hyr ut v\u00e5r kalaslokal alla helger samt storhelger.&nbsp; &hellip; Read more\" \/>\n<meta property=\"og:url\" content=\"https:\/\/www.4h.se\/ersboda\/lokal\/\" \/>\n<meta property=\"og:site_name\" content=\"Ersboda 4H-g\u00e5rd\" \/>\n<meta property=\"article:modified_time\" content=\"2023-07-03T11:42:53+00:00\" \/>\n<meta name=\"twitter:card\" content=\"summary_large_image\" \/>\n<meta name=\"twitter:label1\" content=\"Ber\u00e4knad l\u00e4stid\" \/>\n\t<meta name=\"twitter:data1\" content=\"1 minut\" \/>\n<script type=\"application\/ld+json\" class=\"yoast-schema-graph\">{\"@context\":\"https:\\\/\\\/schema.org\",\"@graph\":[{\"@type\":\"WebPage\",\"@id\":\"https:\\\/\\\/www.4h.se\\\/ersboda\\\/lokal\\\/\",\"url\":\"https:\\\/\\\/www.4h.se\\\/ersboda\\\/lokal\\\/\",\"name\":\"Hyra lokal\\\/konferens - Ersboda 4H-g\u00e5rd\",\"isPartOf\":{\"@id\":\"https:\\\/\\\/www.4h.se\\\/ersboda\\\/#website\"},\"datePublished\":\"2020-03-26T05:13:11+00:00\",\"dateModified\":\"2023-07-03T11:42:53+00:00\",\"breadcrumb\":{\"@id\":\"https:\\\/\\\/www.4h.se\\\/ersboda\\\/lokal\\\/#breadcrumb\"},\"inLanguage\":\"sv-SE\",\"potentialAction\":[{\"@type\":\"ReadAction\",\"target\":[\"https:\\\/\\\/www.4h.se\\\/ersboda\\\/lokal\\\/\"]}]},{\"@type\":\"BreadcrumbList\",\"@id\":\"https:\\\/\\\/www.4h.se\\\/ersboda\\\/lokal\\\/#breadcrumb\",\"itemListElement\":[{\"@type\":\"ListItem\",\"position\":1,\"name\":\"Hem\",\"item\":\"https:\\\/\\\/www.4h.se\\\/ersboda\\\/\"},{\"@type\":\"ListItem\",\"position\":2,\"name\":\"Hyra lokal\\\/konferens\"}]},{\"@type\":\"WebSite\",\"@id\":\"https:\\\/\\\/www.4h.se\\\/ersboda\\\/#website\",\"url\":\"https:\\\/\\\/www.4h.se\\\/ersboda\\\/\",\"name\":\"Ersboda 4H-g\u00e5rd\",\"description\":\"\",\"potentialAction\":[{\"@type\":\"SearchAction\",\"target\":{\"@type\":\"EntryPoint\",\"urlTemplate\":\"https:\\\/\\\/www.4h.se\\\/ersboda\\\/?s={search_term_string}\"},\"query-input\":{\"@type\":\"PropertyValueSpecification\",\"valueRequired\":true,\"valueName\":\"search_term_string\"}}],\"inLanguage\":\"sv-SE\"}]}<\/script>\n<!-- \/ Yoast SEO plugin. -->","yoast_head_json":{"title":"Hyra lokal\/konferens - Ersboda 4H-g\u00e5rd","robots":{"index":"index","follow":"follow","max-snippet":"max-snippet:-1","max-image-preview":"max-image-preview:large","max-video-preview":"max-video-preview:-1"},"canonical":"https:\/\/www.4h.se\/ersboda\/lokal\/","og_locale":"sv_SE","og_type":"article","og_title":"Hyra lokal\/konferens - Ersboda 4H-g\u00e5rd","og_description":"[vc_row full_width=&#8221;stretch_row&#8221; css=&#8221;.vc_custom_1688360456206{background-color: #008b45 !important;}&#8221;][vc_column width=&#8221;1\/2&#8243; css=&#8221;.vc_custom_1688384560443{margin-top: 20px !important;padding-top: 20px !important;padding-right: 20px !important;padding-bottom: 20px !important;padding-left: 20px !important;}&#8221;][vc_column_text css=&#8221;.vc_custom_1688360514926{margin-top: 20px !important;padding-top: 20px !important;padding-right: 20px !important;padding-bottom: 20px !important;padding-left: 20px !important;background-color: #ffffff !important;border-radius: 15px !important;}&#8221;] Vill du hyra v\u00e5r fina lokal f\u00f6r kalas eller m\u00f6te? L\u00e4s mer h\u00e4r! &nbsp; Vi hyr ut v\u00e5r kalaslokal alla helger samt storhelger.&nbsp; &hellip; Read more","og_url":"https:\/\/www.4h.se\/ersboda\/lokal\/","og_site_name":"Ersboda 4H-g\u00e5rd","article_modified_time":"2023-07-03T11:42:53+00:00","twitter_card":"summary_large_image","twitter_misc":{"Ber\u00e4knad l\u00e4stid":"1 minut"},"schema":{"@context":"https:\/\/schema.org","@graph":[{"@type":"WebPage","@id":"https:\/\/www.4h.se\/ersboda\/lokal\/","url":"https:\/\/www.4h.se\/ersboda\/lokal\/","name":"Hyra lokal\/konferens - Ersboda 4H-g\u00e5rd","isPartOf":{"@id":"https:\/\/www.4h.se\/ersboda\/#website"},"datePublished":"2020-03-26T05:13:11+00:00","dateModified":"2023-07-03T11:42:53+00:00","breadcrumb":{"@id":"https:\/\/www.4h.se\/ersboda\/lokal\/#breadcrumb"},"inLanguage":"sv-SE","potentialAction":[{"@type":"ReadAction","target":["https:\/\/www.4h.se\/ersboda\/lokal\/"]}]},{"@type":"BreadcrumbList","@id":"https:\/\/www.4h.se\/ersboda\/lokal\/#breadcrumb","itemListElement":[{"@type":"ListItem","position":1,"name":"Hem","item":"https:\/\/www.4h.se\/ersboda\/"},{"@type":"ListItem","position":2,"name":"Hyra lokal\/konferens"}]},{"@type":"WebSite","@id":"https:\/\/www.4h.se\/ersboda\/#website","url":"https:\/\/www.4h.se\/ersboda\/","name":"Ersboda 4H-g\u00e5rd","description":"","potentialAction":[{"@type":"SearchAction","target":{"@type":"EntryPoint","urlTemplate":"https:\/\/www.4h.se\/ersboda\/?s={search_term_string}"},"query-input":{"@type":"PropertyValueSpecification","valueRequired":true,"valueName":"search_term_string"}}],"inLanguage":"sv-SE"}]}},"_links":{"self":[{"href":"https:\/\/www.4h.se\/ersboda\/wp-json\/wp\/v2\/pages\/598","targetHints":{"allow":["GET"]}}],"collection":[{"href":"https:\/\/www.4h.se\/ersboda\/wp-json\/wp\/v2\/pages"}],"about":[{"href":"https:\/\/www.4h.se\/ersboda\/wp-json\/wp\/v2\/types\/page"}],"author":[{"embeddable":true,"href":"https:\/\/www.4h.se\/ersboda\/wp-json\/wp\/v2\/users\/168"}],"replies":[{"embeddable":true,"href":"https:\/\/www.4h.se\/ersboda\/wp-json\/wp\/v2\/comments?post=598"}],"version-history":[{"count":0,"href":"https:\/\/www.4h.se\/ersboda\/wp-json\/wp\/v2\/pages\/598\/revisions"}],"wp:attachment":[{"href":"https:\/\/www.4h.se\/ersboda\/wp-json\/wp\/v2\/media?parent=598"}],"curies":[{"name":"wp","href":"https:\/\/api.w.org\/{rel}","templated":true}]}}