



{"id":1359,"date":"2024-02-07T07:32:52","date_gmt":"2024-02-07T06:32:52","guid":{"rendered":"https:\/\/www.4h.se\/eolshall\/?page_id=1359"},"modified":"2025-12-30T10:30:20","modified_gmt":"2025-12-30T09:30:20","slug":"ledartraffar-och-utbildning","status":"publish","type":"page","link":"https:\/\/www.4h.se\/eolshall\/ledartraffar-och-utbildning\/","title":{"rendered":"Ledartr\u00e4ffar och utbildning"},"content":{"rendered":"<div class=\"wpb-content-wrapper\"><p>[vc_row][vc_column width=&#8221;1\/2&#8243;][vc_column_text css=&#8221;&#8221;]<\/p>\n<h1>Aktiviteter f\u00f6r att samla po\u00e4ng<\/h1>\n<p>Po\u00e4ngen kan ni anv\u00e4nda till olika aktiviteter, fika, 4H-kl\u00e4der, ridlektioner m.m. Ni skriver in era po\u00e4ng i p\u00e4rmen &#8221;Ledarpo\u00e4ng&#8221; och l\u00e5ter sedan personalen som var med signera.<\/p>\n<p>&nbsp;<\/p>\n<h4>Var ledare p\u00e5 terminens alla kurser<\/h4>\n<p>Ta en titt p\u00e5 <a href=\"https:\/\/www.4h.se\/eolshall\/kursoversikt\">kurs\u00f6versikten<\/a> och fundera \u00f6ver vilken kurs du vill vara ledare p\u00e5 n\u00e4sta termin. <a href=\"mailto:eolshall@4h.se\">Mejla g\u00e5rden<\/a> med dina val.<\/p>\n<p>&nbsp;<\/p>\n<h4>l\u00e4gerledare<\/h4>\n<p>P\u00e5 skolloven i Stockholm har vi n\u00e4stan alltid Dagl\u00e4ger, s\u00e5 h\u00f6r av er till <a href=\"mailto:eolshall@4h.se\">eolshall@4h.se<\/a> om ni vill vara med som ledare under l\u00e4ger. Ni \u00e4r h\u00e4r kl 9-16. En timme lunchrast ing\u00e5r.<\/p>\n<p>&nbsp;<\/p>\n<h4>Evenemang<\/h4>\n<p>Vi mejlar alltid ut inf\u00f6r v\u00e5ra evenemang och fr\u00e5gar vilka som har m\u00f6jlighet att vara med. 4H-dagen och Halloween brukar ledarna ordna till stor del p\u00e5 egen hand. Det brukar vara trevligt s\u00e5 kom g\u00e4rna och var med!<\/p>\n<p>&nbsp;<\/p>\n<h4>leda halvtimmesridning<\/h4>\n<p>Du som har tagit h\u00e4stk\u00f6rkort och som vill \u00f6va p\u00e5 att leda h\u00e4st f\u00f6r po\u00e4ng kan skriva upp dig p\u00e5 att leda halvtimmesridning.<\/p>\n<p>Passet \u00e4r vanligtvis s\u00f6ndagar ca kl 13:30-15:15, inklusive att ta in och g\u00f6ra i ordning h\u00e4sten samt plocka undan efter ridningen som p\u00e5g\u00e5r kl 14-15.<\/p>\n<p>Skriv upp dig p\u00e5 listan i hallen eller mejla <a href=\"mailto:eolshall@4h.se\">eolshall@4h.se<\/a><\/p>\n<hr>\n<h1>aktiviteter p\u00e5 g\u00e5rden<\/h1>\n<h4>ledarfredag<\/h4>\n<p>Vi ses, umg\u00e5s och l\u00e4r k\u00e4nna varandra tillsammans p\u00e5 fredag eftermiddagar, ca kl 17 till senast kl 19. Bara att dyka upp!<\/p>\n<p>H\u00f6r av er till <a href=\"mailto:eolshall@4h.se\">eolshall@4h.se<\/a> om ni vill ordna n\u00e5got s\u00e4rskilt s\u00e5som t\u00e5rtbakart\u00e4vling eller tacokv\u00e4ll, s\u00e5 k\u00f6per g\u00e5rden in vad ni beh\u00f6ver.<\/p>\n<hr>\n<h1>aktiviteter f\u00f6r po\u00e4ng<\/h1>\n<p>Ibland dyker det upp aktiviteter h\u00e4r som ni kan delta i n\u00e4r ni samlat mycket po\u00e4ng.<\/p>\n<p>Ni f\u00e5r g\u00e4rna \u00f6nska aktiviteter, tidigare \u00e5r har vi t.ex. ridit turridning och \u00e5kt till Gr\u00f6na lund.<\/p>\n<hr>\n<h1>kurser f\u00f6r ledare p\u00e5 g\u00e5rden<\/h1>\n<h4 style=\"font-weight: 400;\">Ponnyklubben f\u00f6r ledare och helgsk\u00f6tare <a href=\"https:\/\/www.antribe.com\/org\/4h\/eolshalls-4h\/event\/ponnyklubben-fran-12-ar-eolshalls-4h-gard\">anm\u00e4l h\u00e4r<\/a><\/h4>\n<p>Vill ni bli redo f\u00f6r h\u00e4stk\u00f6rkortet och f\u00e5 h\u00e4nga mer med g\u00e5rdens h\u00e4star ska ni g\u00e5 denna gratis kurs f\u00f6r ledare och helgsk\u00f6tare.<\/p>\n<p>Vi visar v\u00e5ra rutiner kring h\u00e4starna och informerar om s\u00e4ker h\u00e4sthantering.<\/p>\n<p>Vi kommer g\u00e5 igenom rykt och visa hur man tar p\u00e5 grimma, sadel och tr\u00e4ns.<\/p>\n<p>&nbsp;<\/p>\n<h4 style=\"font-weight: 400;\">Kanink\u00f6rkortskurs <a href=\"https:\/\/www.antribe.com\/org\/4h\/eolshalls-4h\/event\/kaninskotarkurs-fredag-v4-vt26-1\">anm\u00e4l h\u00e4r<\/a><\/h4>\n<p>F\u00f6r att hantera kaninerna mer sj\u00e4lvst\u00e4ndigt beh\u00f6ver du ta ett kanink\u00f6rkort. Vi g\u00e5r igenom viktiga saker att t\u00e4nka p\u00e5 n\u00e4r vi \u00e4r tillsammans med kaninerna, hur vi tar p\u00e5 sele, klipper klor och mycket mer.<\/p>\n<hr>\n<h1>styrelsen<\/h1>\n<p>Som ledare har du m\u00f6jlighet att bli invald i Styrelsen och Ledarstyrelsen vid varje nytt \u00e5r. Styrelserna m\u00f6ts, fikar och fattar beslut om g\u00e5rden. Du f\u00e5r m\u00f6jlighet att p\u00e5verka vad som ska h\u00e4nda. Det \u00e4r mycket l\u00e4rorikt och trevligt. F\u00f6r mer information och intresseanm\u00e4lan mejla <a href=\"mailto:eolshall@4h.se\">eolshall@4h.se<\/a><\/p>\n<hr>\n<h1>s\u00f6dra sidan<\/h1>\n<p>G\u00e5 med i planeringsgruppen f\u00f6r S\u00f6dra sidans 4H-g\u00e5rdar!<\/p>\n<p>S\u00f6dra sidan \u00e4r ett samarbetsprojekt mellan Eolsh\u00e4lls, Ersboda och H\u00e5gelby 4H, d\u00e4r vi hittar p\u00e5 roliga saker tillsammans.<\/p>\n<p>Vill du vara med? Prata med ledarna Selma och Emma h\u00e4r p\u00e5 g\u00e5rden, eller mejla <a href=\"mailto:erika.markgren@4h.se\">erika.markgren@4h.se<\/a><\/p>\n<hr>\n<h1>stockholms l\u00e4ns 4h<\/h1>\n<h3 class=\"x_elementToProof\">Ledarutbildning&nbsp;<span class=\"mark6vcb7vqf2\" data-markjs=\"true\" data-ogac=\"\" data-ogab=\"\" data-ogsc=\"\" data-ogsb=\"\">steg<\/span>&nbsp;<span class=\"mark10w7j4tay\" data-markjs=\"true\" data-ogac=\"\" data-ogab=\"\" data-ogsc=\"\" data-ogsb=\"\">1&nbsp;<\/span><\/h3>\n<h4>14 februari <a href=\"https:\/\/www.antribe.com\/org\/4h\/4h-i-stockholm\/event\/ledarutbildning-steg-1-5-2\">anm\u00e4l h\u00e4r<\/a><\/h4>\n<div>Ledarskapskurs fr\u00e5n&nbsp;<span class=\"mark10w7j4tay\" data-markjs=\"true\" data-ogac=\"\" data-ogab=\"\" data-ogsc=\"\" data-ogsb=\"\">1<\/span>2 \u00e5r. Under denna kurs l\u00e4r ni er bland annat mer om ledarskap, 4Hs historia och vad de globala m\u00e5len \u00e4r. Ni g\u00e5r fr\u00e5n Miniledare till Hj\u00e4lpledare.<\/div>\n<p>&nbsp;<\/p>\n<h3>Ledarutbildning&nbsp;<span class=\"mark6vcb7vqf2\" data-markjs=\"true\" data-ogac=\"\" data-ogab=\"\" data-ogsc=\"\" data-ogsb=\"\">steg<\/span> 2<\/h3>\n<div>Ledarskapskurs fr\u00e5n&nbsp;<span class=\"mark10w7j4tay\" data-markjs=\"true\" data-ogac=\"\" data-ogab=\"\" data-ogsc=\"\" data-ogsb=\"\">1<\/span>4 \u00e5r, p\u00e5byggnad av&nbsp;<span class=\"mark6vcb7vqf2\" data-markjs=\"true\" data-ogac=\"\" data-ogab=\"\" data-ogsc=\"\" data-ogsb=\"\">steg<\/span>&nbsp;<span class=\"mark10w7j4tay\" data-markjs=\"true\" data-ogac=\"\" data-ogab=\"\" data-ogsc=\"\" data-ogsb=\"\">1<\/span>-kursen, d\u00e4r ni g\u00e5r fr\u00e5n Hj\u00e4lpledare till Juniorledare. Ni l\u00e4r er bland annat om vad en 4H-ledare \u00e4r och om konflikthantering. Mejla <a href=\"mailto:eolshall@4h.se\">eolshall@4h.se<\/a> vid intresse<\/div>\n<div aria-hidden=\"true\"><\/div>\n<h3>Ledarutbildning&nbsp;<span class=\"mark6vcb7vqf2\" data-markjs=\"true\" data-ogac=\"\" data-ogab=\"\" data-ogsc=\"\" data-ogsb=\"\">steg<\/span> 3<\/h3>\n<div>Ledarskapskurs fr\u00e5n&nbsp;<span class=\"mark10w7j4tay\" data-markjs=\"true\" data-ogac=\"\" data-ogab=\"\" data-ogsc=\"\" data-ogsb=\"\">1<\/span>6 \u00e5r, p\u00e5byggnad av&nbsp;<span class=\"mark6vcb7vqf2\" data-markjs=\"true\" data-ogac=\"\" data-ogab=\"\" data-ogsc=\"\" data-ogsb=\"\">steg<\/span> 2-kursen, d\u00e4r ni g\u00e5r fr\u00e5n Juniorledare till Seniorledare. Ni l\u00e4r er mer om f\u00f6reningskunskap och f\u00e5r jobba med ert personliga ledarskap. Mejla <a href=\"mailto:eolshall@4h.se\">eolshall@4h.se<\/a> vid intresse<\/div>\n<div><\/div>\n<h3>kursledare utbildning<\/h3>\n<p>\u00c4r du seniorledare och vill vara med och utbilda framtidens ledare? Anm\u00e4l dig till v\u00e5r kursledarutbildning&nbsp;och bli certifierad kursledare f\u00f6r&nbsp;Ledarutbildning. Mejla <a href=\"mailto:eolshall@4h.se\">eolshall@4h.se<\/a> vid intresse.<\/p>\n<div><\/div>\n<h3><a href=\"https:\/\/www.4h.se\/stockholm\/lager-och-konferenser\/\">h\u00e4r<\/a> kan du hitta alla aktiviteter &amp; utbildningar fr\u00e5n stockholms l\u00e4n<\/h3>\n<p><a href=\"https:\/\/www.4h.se\/stockholm\/lager-och-konferenser\/\">L\u00e4ger och konferenser &#8211; Stockholms l\u00e4ns 4H-distrikt<\/a><\/p>\n<hr>\n<h1>sveriges 4h<\/h1>\n<h3><a href=\"https:\/\/www.4h.se\/kalendarium\/\">h\u00e4r<\/a> kan du hitta alla aktiviteter &amp; utbildningar fr\u00e5n sveriges 4h<\/h3>\n<p><a href=\"https:\/\/www.4h.se\/kalendarium\/\">Kalendarium &#8211; Sveriges 4H<\/a>[\/vc_column_text][\/vc_column][vc_column width=&#8221;1\/2&#8243;][vc_column_text css=&#8221;&#8221;]&nbsp;<\/p>\n<p>.[\/vc_column_text][vc_single_image image=&#8221;1481&#8243; img_size=&#8221;full&#8221; onclick=&#8221;img_link_large&#8221; img_link_target=&#8221;_blank&#8221; css=&#8221;&#8221;][\/vc_column][\/vc_row]<\/p>\n<\/div>","protected":false},"excerpt":{"rendered":"<p>[vc_row][vc_column width=&#8221;1\/2&#8243;][vc_column_text css=&#8221;&#8221;] Aktiviteter f\u00f6r att samla po\u00e4ng Po\u00e4ngen kan ni anv\u00e4nda till olika aktiviteter, fika, 4H-kl\u00e4der, ridlektioner m.m. Ni skriver in era po\u00e4ng i p\u00e4rmen &#8221;Ledarpo\u00e4ng&#8221; och l\u00e5ter sedan personalen som var med signera. &nbsp; Var ledare p\u00e5 terminens alla kurser Ta en titt p\u00e5 kurs\u00f6versikten och fundera \u00f6ver vilken kurs du vill vara&nbsp; <a href=\"https:\/\/www.4h.se\/eolshall\/ledartraffar-och-utbildning\/\">&hellip; Read more <i class=\"glyphicon glyphicon-arrow-right\"><\/i><\/a><\/p>\n","protected":false},"author":162,"featured_media":0,"parent":0,"menu_order":89,"comment_status":"closed","ping_status":"closed","template":"","meta":{"_acf_changed":false,"footnotes":""},"class_list":["post-1359","page","type-page","status-publish","hentry"],"acf":[],"yoast_head":"<!-- This site is optimized with the Yoast SEO plugin v27.5 - https:\/\/yoast.com\/product\/yoast-seo-wordpress\/ -->\n<title>Ledartr\u00e4ffar och utbildning - Eolsh\u00e4lls 4H-g\u00e5rd<\/title>\n<meta name=\"robots\" content=\"index, follow, max-snippet:-1, max-image-preview:large, max-video-preview:-1\" \/>\n<link rel=\"canonical\" href=\"https:\/\/www.4h.se\/eolshall\/ledartraffar-och-utbildning\/\" \/>\n<meta property=\"og:locale\" content=\"sv_SE\" \/>\n<meta property=\"og:type\" content=\"article\" \/>\n<meta property=\"og:title\" content=\"Ledartr\u00e4ffar och utbildning - Eolsh\u00e4lls 4H-g\u00e5rd\" \/>\n<meta property=\"og:description\" content=\"[vc_row][vc_column width=&#8221;1\/2&#8243;][vc_column_text css=&#8221;&#8221;] Aktiviteter f\u00f6r att samla po\u00e4ng Po\u00e4ngen kan ni anv\u00e4nda till olika aktiviteter, fika, 4H-kl\u00e4der, ridlektioner m.m. Ni skriver in era po\u00e4ng i p\u00e4rmen &#8221;Ledarpo\u00e4ng&#8221; och l\u00e5ter sedan personalen som var med signera. &nbsp; Var ledare p\u00e5 terminens alla kurser Ta en titt p\u00e5 kurs\u00f6versikten och fundera \u00f6ver vilken kurs du vill vara&nbsp; &hellip; Read more\" \/>\n<meta property=\"og:url\" content=\"https:\/\/www.4h.se\/eolshall\/ledartraffar-och-utbildning\/\" \/>\n<meta property=\"og:site_name\" content=\"Eolsh\u00e4lls 4H-g\u00e5rd\" \/>\n<meta property=\"article:modified_time\" content=\"2025-12-30T09:30:20+00:00\" \/>\n<meta name=\"twitter:card\" content=\"summary_large_image\" \/>\n<script type=\"application\/ld+json\" class=\"yoast-schema-graph\">{\"@context\":\"https:\\\/\\\/schema.org\",\"@graph\":[{\"@type\":\"WebPage\",\"@id\":\"https:\\\/\\\/www.4h.se\\\/eolshall\\\/ledartraffar-och-utbildning\\\/\",\"url\":\"https:\\\/\\\/www.4h.se\\\/eolshall\\\/ledartraffar-och-utbildning\\\/\",\"name\":\"Ledartr\u00e4ffar och utbildning - Eolsh\u00e4lls 4H-g\u00e5rd\",\"isPartOf\":{\"@id\":\"https:\\\/\\\/www.4h.se\\\/eolshall\\\/#website\"},\"datePublished\":\"2024-02-07T06:32:52+00:00\",\"dateModified\":\"2025-12-30T09:30:20+00:00\",\"breadcrumb\":{\"@id\":\"https:\\\/\\\/www.4h.se\\\/eolshall\\\/ledartraffar-och-utbildning\\\/#breadcrumb\"},\"inLanguage\":\"sv-SE\",\"potentialAction\":[{\"@type\":\"ReadAction\",\"target\":[\"https:\\\/\\\/www.4h.se\\\/eolshall\\\/ledartraffar-och-utbildning\\\/\"]}]},{\"@type\":\"BreadcrumbList\",\"@id\":\"https:\\\/\\\/www.4h.se\\\/eolshall\\\/ledartraffar-och-utbildning\\\/#breadcrumb\",\"itemListElement\":[{\"@type\":\"ListItem\",\"position\":1,\"name\":\"Hem\",\"item\":\"https:\\\/\\\/www.4h.se\\\/eolshall\\\/\"},{\"@type\":\"ListItem\",\"position\":2,\"name\":\"Ledartr\u00e4ffar och utbildning\"}]},{\"@type\":\"WebSite\",\"@id\":\"https:\\\/\\\/www.4h.se\\\/eolshall\\\/#website\",\"url\":\"https:\\\/\\\/www.4h.se\\\/eolshall\\\/\",\"name\":\"Eolsh\u00e4lls 4H-g\u00e5rd\",\"description\":\"\",\"potentialAction\":[{\"@type\":\"SearchAction\",\"target\":{\"@type\":\"EntryPoint\",\"urlTemplate\":\"https:\\\/\\\/www.4h.se\\\/eolshall\\\/?s={search_term_string}\"},\"query-input\":{\"@type\":\"PropertyValueSpecification\",\"valueRequired\":true,\"valueName\":\"search_term_string\"}}],\"inLanguage\":\"sv-SE\"}]}<\/script>\n<!-- \/ Yoast SEO plugin. -->","yoast_head_json":{"title":"Ledartr\u00e4ffar och utbildning - Eolsh\u00e4lls 4H-g\u00e5rd","robots":{"index":"index","follow":"follow","max-snippet":"max-snippet:-1","max-image-preview":"max-image-preview:large","max-video-preview":"max-video-preview:-1"},"canonical":"https:\/\/www.4h.se\/eolshall\/ledartraffar-och-utbildning\/","og_locale":"sv_SE","og_type":"article","og_title":"Ledartr\u00e4ffar och utbildning - Eolsh\u00e4lls 4H-g\u00e5rd","og_description":"[vc_row][vc_column width=&#8221;1\/2&#8243;][vc_column_text css=&#8221;&#8221;] Aktiviteter f\u00f6r att samla po\u00e4ng Po\u00e4ngen kan ni anv\u00e4nda till olika aktiviteter, fika, 4H-kl\u00e4der, ridlektioner m.m. Ni skriver in era po\u00e4ng i p\u00e4rmen &#8221;Ledarpo\u00e4ng&#8221; och l\u00e5ter sedan personalen som var med signera. &nbsp; Var ledare p\u00e5 terminens alla kurser Ta en titt p\u00e5 kurs\u00f6versikten och fundera \u00f6ver vilken kurs du vill vara&nbsp; &hellip; Read more","og_url":"https:\/\/www.4h.se\/eolshall\/ledartraffar-och-utbildning\/","og_site_name":"Eolsh\u00e4lls 4H-g\u00e5rd","article_modified_time":"2025-12-30T09:30:20+00:00","twitter_card":"summary_large_image","schema":{"@context":"https:\/\/schema.org","@graph":[{"@type":"WebPage","@id":"https:\/\/www.4h.se\/eolshall\/ledartraffar-och-utbildning\/","url":"https:\/\/www.4h.se\/eolshall\/ledartraffar-och-utbildning\/","name":"Ledartr\u00e4ffar och utbildning - Eolsh\u00e4lls 4H-g\u00e5rd","isPartOf":{"@id":"https:\/\/www.4h.se\/eolshall\/#website"},"datePublished":"2024-02-07T06:32:52+00:00","dateModified":"2025-12-30T09:30:20+00:00","breadcrumb":{"@id":"https:\/\/www.4h.se\/eolshall\/ledartraffar-och-utbildning\/#breadcrumb"},"inLanguage":"sv-SE","potentialAction":[{"@type":"ReadAction","target":["https:\/\/www.4h.se\/eolshall\/ledartraffar-och-utbildning\/"]}]},{"@type":"BreadcrumbList","@id":"https:\/\/www.4h.se\/eolshall\/ledartraffar-och-utbildning\/#breadcrumb","itemListElement":[{"@type":"ListItem","position":1,"name":"Hem","item":"https:\/\/www.4h.se\/eolshall\/"},{"@type":"ListItem","position":2,"name":"Ledartr\u00e4ffar och utbildning"}]},{"@type":"WebSite","@id":"https:\/\/www.4h.se\/eolshall\/#website","url":"https:\/\/www.4h.se\/eolshall\/","name":"Eolsh\u00e4lls 4H-g\u00e5rd","description":"","potentialAction":[{"@type":"SearchAction","target":{"@type":"EntryPoint","urlTemplate":"https:\/\/www.4h.se\/eolshall\/?s={search_term_string}"},"query-input":{"@type":"PropertyValueSpecification","valueRequired":true,"valueName":"search_term_string"}}],"inLanguage":"sv-SE"}]}},"_links":{"self":[{"href":"https:\/\/www.4h.se\/eolshall\/wp-json\/wp\/v2\/pages\/1359","targetHints":{"allow":["GET"]}}],"collection":[{"href":"https:\/\/www.4h.se\/eolshall\/wp-json\/wp\/v2\/pages"}],"about":[{"href":"https:\/\/www.4h.se\/eolshall\/wp-json\/wp\/v2\/types\/page"}],"author":[{"embeddable":true,"href":"https:\/\/www.4h.se\/eolshall\/wp-json\/wp\/v2\/users\/162"}],"replies":[{"embeddable":true,"href":"https:\/\/www.4h.se\/eolshall\/wp-json\/wp\/v2\/comments?post=1359"}],"version-history":[{"count":0,"href":"https:\/\/www.4h.se\/eolshall\/wp-json\/wp\/v2\/pages\/1359\/revisions"}],"wp:attachment":[{"href":"https:\/\/www.4h.se\/eolshall\/wp-json\/wp\/v2\/media?parent=1359"}],"curies":[{"name":"wp","href":"https:\/\/api.w.org\/{rel}","templated":true}]}}